
SET transaction_timeout = 0;



--
-- Name: activity_log; Type: TABLE; Schema: public; Owner: proatam
--

CREATE TABLE public.activity_log (
    id bigint NOT NULL,
    log_name character varying(255),
    description text NOT NULL,
    subject_type character varying(255),
    subject_id bigint,
    causer_type character varying(255),
    causer_id bigint,
    properties json,
    created_at timestamp(0) without time zone,
    updated_at timestamp(0) without time zone,
    event character varying(255),
    batch_uuid uuid
);


ALTER TABLE public.activity_log OWNER TO proatam;

--
-- Name: activity_log_id_seq; Type: SEQUENCE; Schema: public; Owner: proatam
--

CREATE SEQUENCE public.activity_log_id_seq
    START WITH 1
    INCREMENT BY 1
    NO MINVALUE
    NO MAXVALUE
    CACHE 1;


ALTER SEQUENCE public.activity_log_id_seq OWNER TO proatam;

--
-- Name: activity_log_id_seq; Type: SEQUENCE OWNED BY; Schema: public; Owner: proatam
--

ALTER SEQUENCE public.activity_log_id_seq OWNED BY public.activity_log.id;


--
-- Name: anos_ejercicio; Type: TABLE; Schema: public; Owner: proatam
--

CREATE TABLE public.anos_ejercicio (
    id bigint NOT NULL,
    anio smallint NOT NULL,
    descripcion character varying(255),
    activo boolean DEFAULT true NOT NULL,
    es_actual boolean DEFAULT false NOT NULL,
    created_at timestamp(0) without time zone,
    updated_at timestamp(0) without time zone
);


ALTER TABLE public.anos_ejercicio OWNER TO proatam;

--
-- Name: anos_ejercicio_id_seq; Type: SEQUENCE; Schema: public; Owner: proatam
--

CREATE SEQUENCE public.anos_ejercicio_id_seq
    START WITH 1
    INCREMENT BY 1
    NO MINVALUE
    NO MAXVALUE
    CACHE 1;


ALTER SEQUENCE public.anos_ejercicio_id_seq OWNER TO proatam;

--
-- Name: anos_ejercicio_id_seq; Type: SEQUENCE OWNED BY; Schema: public; Owner: proatam
--

ALTER SEQUENCE public.anos_ejercicio_id_seq OWNED BY public.anos_ejercicio.id;

--
-- Name: catalogo_tipos_obra; Type: TABLE; Schema: public; Owner: proatam
--

CREATE TABLE public.catalogo_tipos_obra (
    id bigint NOT NULL,
    nombre character varying(255) NOT NULL,
    conteo_usos integer DEFAULT 1 NOT NULL,
    created_at timestamp(0) without time zone,
    updated_at timestamp(0) without time zone
);


ALTER TABLE public.catalogo_tipos_obra OWNER TO proatam;

--
-- Name: catalogo_tipos_obra_id_seq; Type: SEQUENCE; Schema: public; Owner: proatam
--

CREATE SEQUENCE public.catalogo_tipos_obra_id_seq
    START WITH 1
    INCREMENT BY 1
    NO MINVALUE
    NO MAXVALUE
    CACHE 1;


ALTER SEQUENCE public.catalogo_tipos_obra_id_seq OWNER TO proatam;

--
-- Name: catalogo_tipos_obra_id_seq; Type: SEQUENCE OWNED BY; Schema: public; Owner: proatam
--

ALTER SEQUENCE public.catalogo_tipos_obra_id_seq OWNED BY public.catalogo_tipos_obra.id;


--
-- Name: cedula_renglones; Type: TABLE; Schema: public; Owner: proatam
--

CREATE TABLE public.cedula_renglones (
    id bigint NOT NULL,
    cedula_id bigint NOT NULL,
    numero_renglon integer NOT NULL,
    concepto_evaluado character varying(255) NOT NULL,
    referencia_documental character varying(255),
    monto_auditado numeric(15,2) DEFAULT '0'::numeric NOT NULL,
    monto_observado numeric(15,2) DEFAULT '0'::numeric NOT NULL,
    resultado character varying(255) DEFAULT 'cumple'::character varying NOT NULL,
    descripcion_observacion text,
    created_at timestamp(0) without time zone,
    updated_at timestamp(0) without time zone,
    fundamento_legal text,
    recomendaciones text,
    documento_expediente_id bigint
);


ALTER TABLE public.cedula_renglones OWNER TO proatam;

--
-- Name: cedula_renglones_id_seq; Type: SEQUENCE; Schema: public; Owner: proatam
--

CREATE SEQUENCE public.cedula_renglones_id_seq
    START WITH 1
    INCREMENT BY 1
    NO MINVALUE
    NO MAXVALUE
    CACHE 1;


ALTER SEQUENCE public.cedula_renglones_id_seq OWNER TO proatam;

--
-- Name: cedula_renglones_id_seq; Type: SEQUENCE OWNED BY; Schema: public; Owner: proatam
--

ALTER SEQUENCE public.cedula_renglones_id_seq OWNED BY public.cedula_renglones.id;


--
-- Name: cedulas; Type: TABLE; Schema: public; Owner: proatam
--

CREATE TABLE public.cedulas (
    id bigint NOT NULL,
    muestra_id bigint NOT NULL,
    tipo_cedula character varying(255) NOT NULL,
    folio_cedula character varying(50) NOT NULL,
    estado character varying(255) DEFAULT 'borrador'::character varying NOT NULL,
    monto_total_auditado numeric(15,2) DEFAULT '0'::numeric NOT NULL,
    monto_total_observado numeric(15,2) DEFAULT '0'::numeric NOT NULL,
    porcentaje_observado smallint DEFAULT '0'::smallint NOT NULL,
    conclusiones_generales text,
    auditor_id bigint,
    fecha_cierre timestamp(0) without time zone,
    created_at timestamp(0) without time zone,
    updated_at timestamp(0) without time zone,
    archivos_excel json,
    informe_estado character varying(255) DEFAULT 'pendiente'::character varying NOT NULL,
    informe_docx_path character varying(255),
    informe_error_detalle text,
    archivo_adjunto_path character varying(255),
    archivo_adjunto_nombre character varying(255),
    CONSTRAINT cedulas_estado_check CHECK (((estado)::text = ANY ((ARRAY['borrador'::character varying, 'en_revision'::character varying, 'aprobada'::character varying, 'con_observaciones'::character varying])::text[]))),
    CONSTRAINT cedulas_informe_estado_check CHECK (((informe_estado)::text = ANY ((ARRAY['pendiente'::character varying, 'generando'::character varying, 'listo'::character varying, 'error'::character varying])::text[]))),
    CONSTRAINT cedulas_tipo_cedula_check CHECK (((tipo_cedula)::text = ANY ((ARRAY['MO'::character varying, 'CD'::character varying])::text[])))
);


ALTER TABLE public.cedulas OWNER TO proatam;

--
-- Name: cedulas_id_seq; Type: SEQUENCE; Schema: public; Owner: proatam
--

CREATE SEQUENCE public.cedulas_id_seq
    START WITH 1
    INCREMENT BY 1
    NO MINVALUE
    NO MAXVALUE
    CACHE 1;


ALTER SEQUENCE public.cedulas_id_seq OWNER TO proatam;

--
-- Name: cedulas_id_seq; Type: SEQUENCE OWNED BY; Schema: public; Owner: proatam
--

ALTER SEQUENCE public.cedulas_id_seq OWNED BY public.cedulas.id;


--
-- Name: documento_expediente_archivos; Type: TABLE; Schema: public; Owner: proatam
--

CREATE TABLE public.documento_expediente_archivos (
    id bigint NOT NULL,
    documento_expediente_id bigint NOT NULL,
    archivo_path character varying(255) NOT NULL,
    archivo_nombre_original character varying(255) NOT NULL,
    archivo_size_bytes bigint,
    archivo_zip_path character varying(255),
    created_at timestamp(0) without time zone,
    updated_at timestamp(0) without time zone
);


ALTER TABLE public.documento_expediente_archivos OWNER TO proatam;

--
-- Name: documento_expediente_archivos_id_seq; Type: SEQUENCE; Schema: public; Owner: proatam
--

CREATE SEQUENCE public.documento_expediente_archivos_id_seq
    START WITH 1
    INCREMENT BY 1
    NO MINVALUE
    NO MAXVALUE
    CACHE 1;


ALTER SEQUENCE public.documento_expediente_archivos_id_seq OWNER TO proatam;

--
-- Name: documento_expediente_archivos_id_seq; Type: SEQUENCE OWNED BY; Schema: public; Owner: proatam
--

ALTER SEQUENCE public.documento_expediente_archivos_id_seq OWNED BY public.documento_expediente_archivos.id;


--
-- Name: documentos_expediente; Type: TABLE; Schema: public; Owner: proatam
--

CREATE TABLE public.documentos_expediente (
    id bigint NOT NULL,
    expediente_id bigint NOT NULL,
    codigo_documento character varying(50) NOT NULL,
    nombre_documento character varying(255) NOT NULL,
    categoria character varying(255) DEFAULT 'general'::character varying NOT NULL,
    es_obligatorio boolean DEFAULT true NOT NULL,
    estado character varying(255) DEFAULT 'pendiente'::character varying NOT NULL,
    observaciones_auditor text,
    validado_at timestamp(0) without time zone,
    validado_por_user_id bigint,
    created_at timestamp(0) without time zone,
    updated_at timestamp(0) without time zone,
    requisito_plantilla_id bigint,
    cumplimiento character varying(255) DEFAULT 'pendiente'::character varying NOT NULL,
    observacion text,
    confirmado_at timestamp(0) without time zone,
    confirmado_por_user_id bigint,
    es_manual boolean DEFAULT false NOT NULL,
    CONSTRAINT documentos_expediente_cumplimiento_check CHECK (((cumplimiento)::text = ANY ((ARRAY['pendiente'::character varying, 'cumple'::character varying, 'no_cumple'::character varying, 'no_aplica'::character varying])::text[]))),
    CONSTRAINT documentos_expediente_estado_check CHECK (((estado)::text = ANY ((ARRAY['pendiente'::character varying, 'recibido'::character varying, 'observado'::character varying, 'aprobado'::character varying])::text[])))
);


ALTER TABLE public.documentos_expediente OWNER TO proatam;

--
-- Name: documentos_expediente_id_seq; Type: SEQUENCE; Schema: public; Owner: proatam
--

CREATE SEQUENCE public.documentos_expediente_id_seq
    START WITH 1
    INCREMENT BY 1
    NO MINVALUE
    NO MAXVALUE
    CACHE 1;


ALTER SEQUENCE public.documentos_expediente_id_seq OWNER TO proatam;

--
-- Name: documentos_expediente_id_seq; Type: SEQUENCE OWNED BY; Schema: public; Owner: proatam
--

ALTER SEQUENCE public.documentos_expediente_id_seq OWNED BY public.documentos_expediente.id;


--
-- Name: expedientes; Type: TABLE; Schema: public; Owner: proatam
--

CREATE TABLE public.expedientes (
    id bigint NOT NULL,
    muestra_id bigint NOT NULL,
    estado character varying(255) DEFAULT 'pendiente'::character varying NOT NULL,
    fecha_recepcion timestamp(0) without time zone,
    recibido_por character varying(255),
    observaciones text,
    porcentaje_completitud smallint DEFAULT '0'::smallint NOT NULL,
    created_by bigint,
    created_at timestamp(0) without time zone,
    updated_at timestamp(0) without time zone,
    plantilla_id bigint,
    CONSTRAINT expedientes_estado_check CHECK (((estado)::text = ANY ((ARRAY['pendiente'::character varying, 'incompleto'::character varying, 'completo'::character varying, 'en_revision'::character varying, 'aprobado'::character varying])::text[])))
);


ALTER TABLE public.expedientes OWNER TO proatam;

--
-- Name: expedientes_id_seq; Type: SEQUENCE; Schema: public; Owner: proatam
--

CREATE SEQUENCE public.expedientes_id_seq
    START WITH 1
    INCREMENT BY 1
    NO MINVALUE
    NO MAXVALUE
    CACHE 1;


ALTER SEQUENCE public.expedientes_id_seq OWNER TO proatam;

--
-- Name: expedientes_id_seq; Type: SEQUENCE OWNED BY; Schema: public; Owner: proatam
--

ALTER SEQUENCE public.expedientes_id_seq OWNED BY public.expedientes.id;


--
-- Name: failed_jobs; Type: TABLE; Schema: public; Owner: proatam
--

CREATE TABLE public.failed_jobs (
    id bigint NOT NULL,
    uuid character varying(255) NOT NULL,
    connection text NOT NULL,
    queue text NOT NULL,
    payload text NOT NULL,
    exception text NOT NULL,
    failed_at timestamp(0) without time zone DEFAULT CURRENT_TIMESTAMP NOT NULL
);


ALTER TABLE public.failed_jobs OWNER TO proatam;

--
-- Name: failed_jobs_id_seq; Type: SEQUENCE; Schema: public; Owner: proatam
--

CREATE SEQUENCE public.failed_jobs_id_seq
    START WITH 1
    INCREMENT BY 1
    NO MINVALUE
    NO MAXVALUE
    CACHE 1;


ALTER SEQUENCE public.failed_jobs_id_seq OWNER TO proatam;

--
-- Name: failed_jobs_id_seq; Type: SEQUENCE OWNED BY; Schema: public; Owner: proatam
--

ALTER SEQUENCE public.failed_jobs_id_seq OWNED BY public.failed_jobs.id;


--
-- Name: importaciones; Type: TABLE; Schema: public; Owner: proatam
--

CREATE TABLE public.importaciones (
    id bigint NOT NULL,
    tipo character varying(255) NOT NULL,
    archivo_nombre character varying(255) NOT NULL,
    plantilla_importacion_id bigint,
    municipio_id bigint,
    ano_ejercicio_id bigint,
    total_filas integer DEFAULT 0 NOT NULL,
    filas_importadas integer DEFAULT 0 NOT NULL,
    filas_con_error integer DEFAULT 0 NOT NULL,
    estado character varying(255) DEFAULT 'procesando'::character varying NOT NULL,
    log_errores json,
    importado_por_id bigint,
    created_at timestamp(0) without time zone,
    updated_at timestamp(0) without time zone,
    CONSTRAINT importaciones_estado_check CHECK (((estado)::text = ANY ((ARRAY['procesando'::character varying, 'completado'::character varying, 'completado_con_errores'::character varying, 'error'::character varying])::text[]))),
    CONSTRAINT importaciones_tipo_check CHECK (((tipo)::text = ANY ((ARRAY['muestras'::character varying, 'cedulas_ayuntamiento'::character varying, 'cedulas_gobierno'::character varying])::text[])))
);


ALTER TABLE public.importaciones OWNER TO proatam;

--
-- Name: importaciones_id_seq; Type: SEQUENCE; Schema: public; Owner: proatam
--

CREATE SEQUENCE public.importaciones_id_seq
    START WITH 1
    INCREMENT BY 1
    NO MINVALUE
    NO MAXVALUE
    CACHE 1;


ALTER SEQUENCE public.importaciones_id_seq OWNER TO proatam;

--
-- Name: importaciones_id_seq; Type: SEQUENCE OWNED BY; Schema: public; Owner: proatam
--

ALTER SEQUENCE public.importaciones_id_seq OWNED BY public.importaciones.id;


--
-- Name: job_batches; Type: TABLE; Schema: public; Owner: proatam
--

CREATE TABLE public.job_batches (
    id character varying(255) NOT NULL,
    name character varying(255) NOT NULL,
    total_jobs integer NOT NULL,
    pending_jobs integer NOT NULL,
    failed_jobs integer NOT NULL,
    failed_job_ids text NOT NULL,
    options text,
    cancelled_at integer,
    created_at integer NOT NULL,
    finished_at integer
);


ALTER TABLE public.job_batches OWNER TO proatam;

--
-- Name: jobs; Type: TABLE; Schema: public; Owner: proatam
--

CREATE TABLE public.jobs (
    id bigint NOT NULL,
    queue character varying(255) NOT NULL,
    payload text NOT NULL,
    attempts smallint NOT NULL,
    reserved_at integer,
    available_at integer NOT NULL,
    created_at integer NOT NULL
);


ALTER TABLE public.jobs OWNER TO proatam;

--
-- Name: jobs_id_seq; Type: SEQUENCE; Schema: public; Owner: proatam
--

CREATE SEQUENCE public.jobs_id_seq
    START WITH 1
    INCREMENT BY 1
    NO MINVALUE
    NO MAXVALUE
    CACHE 1;


ALTER SEQUENCE public.jobs_id_seq OWNER TO proatam;

--
-- Name: jobs_id_seq; Type: SEQUENCE OWNED BY; Schema: public; Owner: proatam
--

ALTER SEQUENCE public.jobs_id_seq OWNED BY public.jobs.id;


--
-- Name: migrations; Type: TABLE; Schema: public; Owner: proatam
--

CREATE TABLE public.migrations (
    id integer NOT NULL,
    migration character varying(255) NOT NULL,
    batch integer NOT NULL
);


ALTER TABLE public.migrations OWNER TO proatam;

--
-- Name: migrations_id_seq; Type: SEQUENCE; Schema: public; Owner: proatam
--

CREATE SEQUENCE public.migrations_id_seq
    AS integer
    START WITH 1
    INCREMENT BY 1
    NO MINVALUE
    NO MAXVALUE
    CACHE 1;


ALTER SEQUENCE public.migrations_id_seq OWNER TO proatam;

--
-- Name: migrations_id_seq; Type: SEQUENCE OWNED BY; Schema: public; Owner: proatam
--

ALTER SEQUENCE public.migrations_id_seq OWNED BY public.migrations.id;


--
-- Name: muestra_archivos; Type: TABLE; Schema: public; Owner: proatam
--

CREATE TABLE public.muestra_archivos (
    id bigint NOT NULL,
    muestra_id bigint NOT NULL,
    subido_por bigint,
    nombre_original character varying(255) NOT NULL,
    path character varying(255) NOT NULL,
    tipo_mime character varying(255),
    tamanio bigint DEFAULT '0'::bigint NOT NULL,
    created_at timestamp(0) without time zone,
    updated_at timestamp(0) without time zone
);


ALTER TABLE public.muestra_archivos OWNER TO proatam;

--
-- Name: muestra_archivos_id_seq; Type: SEQUENCE; Schema: public; Owner: proatam
--

CREATE SEQUENCE public.muestra_archivos_id_seq
    START WITH 1
    INCREMENT BY 1
    NO MINVALUE
    NO MAXVALUE
    CACHE 1;


ALTER SEQUENCE public.muestra_archivos_id_seq OWNER TO proatam;

--
-- Name: muestra_archivos_id_seq; Type: SEQUENCE OWNED BY; Schema: public; Owner: proatam
--

ALTER SEQUENCE public.muestra_archivos_id_seq OWNED BY public.muestra_archivos.id;


--
-- Name: muestras; Type: TABLE; Schema: public; Owner: proatam
--

CREATE TABLE public.muestras (
    id bigint NOT NULL,
    municipio_id bigint NOT NULL,
    ano_ejercicio_id bigint NOT NULL,
    folio character varying(255),
    nombre_obra character varying(255) NOT NULL,
    tipo_entidad character varying(255) NOT NULL,
    tipo_obra character varying(255),
    etapa_actual character varying(255) DEFAULT 'muestra_registrada'::character varying NOT NULL,
    porcentaje_avance smallint DEFAULT '0'::smallint NOT NULL,
    zona_informe_override character varying(255),
    responsable_id bigint,
    ultima_modificacion_user_id bigint,
    ultima_modificacion_at timestamp(0) without time zone,
    notas text,
    created_by bigint,
    created_at timestamp(0) without time zone,
    updated_at timestamp(0) without time zone,
    numero_contrato character varying(255),
    ubicacion character varying(255),
    contratista character varying(255),
    modalidad_adjudicacion character varying(255),
    inversion_autorizada numeric(15,2),
    inversion_ejercida numeric(15,2),
    avance_fisico numeric(5,2) DEFAULT '0'::numeric NOT NULL,
    avance_financiero numeric(5,2) DEFAULT '0'::numeric NOT NULL,
    situacion_obra character varying(255),
    fecha_inicio character varying(255),
    fecha_termino character varying(255),
    coordenadas_inicio character varying(255),
    coordenadas_fin character varying(255),
    zona character varying(255),
    CONSTRAINT muestras_etapa_actual_check CHECK (((etapa_actual)::text = ANY ((ARRAY['muestra_registrada'::character varying, 'revision_fisica'::character varying, 'expediente_recibido'::character varying, 'cedulas_vaciadas'::character varying, 'informe_expediente'::character varying, 'informe_final'::character varying])::text[]))),
    CONSTRAINT muestras_tipo_entidad_check CHECK (((tipo_entidad)::text = ANY ((ARRAY['ayuntamiento'::character varying, 'gobierno'::character varying])::text[]))),
    CONSTRAINT muestras_zona_check CHECK (((zona)::text = ANY ((ARRAY['norte'::character varying, 'centro'::character varying, 'sur'::character varying])::text[]))),
    CONSTRAINT muestras_zona_informe_override_check CHECK (((zona_informe_override)::text = ANY ((ARRAY['norte'::character varying, 'sur'::character varying, 'centro'::character varying, 'mixta'::character varying])::text[])))
);


ALTER TABLE public.muestras OWNER TO proatam;

--
-- Name: muestras_id_seq; Type: SEQUENCE; Schema: public; Owner: proatam
--

CREATE SEQUENCE public.muestras_id_seq
    START WITH 1
    INCREMENT BY 1
    NO MINVALUE
    NO MAXVALUE
    CACHE 1;


ALTER SEQUENCE public.muestras_id_seq OWNER TO proatam;

--
-- Name: muestras_id_seq; Type: SEQUENCE OWNED BY; Schema: public; Owner: proatam
--

ALTER SEQUENCE public.muestras_id_seq OWNED BY public.muestras.id;


--
-- Name: municipios; Type: TABLE; Schema: public; Owner: proatam
--

CREATE TABLE public.municipios (
    id bigint NOT NULL,
    nombre character varying(255) NOT NULL,
    clave character varying(20),
    zona_primaria character varying(255) NOT NULL,
    zona_secundaria character varying(255),
    es_zona_mixta boolean DEFAULT false NOT NULL,
    activo boolean DEFAULT true NOT NULL,
    created_at timestamp(0) without time zone,
    updated_at timestamp(0) without time zone,
    estado character varying(255) DEFAULT 'Tamaulipas'::character varying NOT NULL,
    CONSTRAINT municipios_zona_primaria_check CHECK (((zona_primaria)::text = ANY ((ARRAY['norte'::character varying, 'sur'::character varying, 'centro'::character varying])::text[]))),
    CONSTRAINT municipios_zona_secundaria_check CHECK (((zona_secundaria)::text = ANY ((ARRAY['norte'::character varying, 'sur'::character varying, 'centro'::character varying])::text[])))
);


ALTER TABLE public.municipios OWNER TO proatam;

--
-- Name: municipios_id_seq; Type: SEQUENCE; Schema: public; Owner: proatam
--

CREATE SEQUENCE public.municipios_id_seq
    START WITH 1
    INCREMENT BY 1
    NO MINVALUE
    NO MAXVALUE
    CACHE 1;


ALTER SEQUENCE public.municipios_id_seq OWNER TO proatam;

--
-- Name: municipios_id_seq; Type: SEQUENCE OWNED BY; Schema: public; Owner: proatam
--

ALTER SEQUENCE public.municipios_id_seq OWNED BY public.municipios.id;

--
-- Name: passkeys_id_seq; Type: SEQUENCE; Schema: public; Owner: proatam
--

CREATE SEQUENCE public.passkeys_id_seq
    START WITH 1
    INCREMENT BY 1
    NO MINVALUE
    NO MAXVALUE
    CACHE 1;


ALTER SEQUENCE public.passkeys_id_seq OWNER TO proatam;

--
-- Name: passkeys_id_seq; Type: SEQUENCE OWNED BY; Schema: public; Owner: proatam
--

ALTER SEQUENCE public.passkeys_id_seq OWNED BY public.passkeys.id;

--
-- Name: personal_access_tokens_id_seq; Type: SEQUENCE; Schema: public; Owner: proatam
--

CREATE SEQUENCE public.personal_access_tokens_id_seq
    START WITH 1
    INCREMENT BY 1
    NO MINVALUE
    NO MAXVALUE
    CACHE 1;


ALTER SEQUENCE public.personal_access_tokens_id_seq OWNER TO proatam;

--
-- Name: personal_access_tokens_id_seq; Type: SEQUENCE OWNED BY; Schema: public; Owner: proatam
--

ALTER SEQUENCE public.personal_access_tokens_id_seq OWNED BY public.personal_access_tokens.id;


--
-- Name: plantillas_expediente; Type: TABLE; Schema: public; Owner: proatam
--

CREATE TABLE public.plantillas_expediente (
    id bigint NOT NULL,
    municipio_id bigint,
    ano_ejercicio_id bigint,
    nombre character varying(255) NOT NULL,
    descripcion text,
    clonado_de_id bigint,
    created_by bigint,
    created_at timestamp(0) without time zone,
    updated_at timestamp(0) without time zone
);


ALTER TABLE public.plantillas_expediente OWNER TO proatam;

--
-- Name: plantillas_expediente_id_seq; Type: SEQUENCE; Schema: public; Owner: proatam
--

CREATE SEQUENCE public.plantillas_expediente_id_seq
    START WITH 1
    INCREMENT BY 1
    NO MINVALUE
    NO MAXVALUE
    CACHE 1;


ALTER SEQUENCE public.plantillas_expediente_id_seq OWNER TO proatam;

--
-- Name: plantillas_expediente_id_seq; Type: SEQUENCE OWNED BY; Schema: public; Owner: proatam
--

ALTER SEQUENCE public.plantillas_expediente_id_seq OWNED BY public.plantillas_expediente.id;


--
-- Name: plantillas_importacion; Type: TABLE; Schema: public; Owner: proatam
--

CREATE TABLE public.plantillas_importacion (
    id bigint NOT NULL,
    nombre character varying(255) NOT NULL,
    tipo character varying(255) NOT NULL,
    municipio_id bigint,
    ano_ejercicio_id bigint,
    mapeo_columnas json NOT NULL,
    descripcion text,
    created_by bigint,
    created_at timestamp(0) without time zone,
    updated_at timestamp(0) without time zone,
    CONSTRAINT plantillas_importacion_tipo_check CHECK (((tipo)::text = ANY ((ARRAY['muestras'::character varying, 'cedulas_ayuntamiento'::character varying, 'cedulas_gobierno'::character varying])::text[])))
);


ALTER TABLE public.plantillas_importacion OWNER TO proatam;

--
-- Name: plantillas_importacion_id_seq; Type: SEQUENCE; Schema: public; Owner: proatam
--

CREATE SEQUENCE public.plantillas_importacion_id_seq
    START WITH 1
    INCREMENT BY 1
    NO MINVALUE
    NO MAXVALUE
    CACHE 1;


ALTER SEQUENCE public.plantillas_importacion_id_seq OWNER TO proatam;

--
-- Name: plantillas_importacion_id_seq; Type: SEQUENCE OWNED BY; Schema: public; Owner: proatam
--

ALTER SEQUENCE public.plantillas_importacion_id_seq OWNED BY public.plantillas_importacion.id;


--
-- Name: requisitos_plantilla; Type: TABLE; Schema: public; Owner: proatam
--

CREATE TABLE public.requisitos_plantilla (
    id bigint NOT NULL,
    plantilla_id bigint NOT NULL,
    codigo character varying(50) NOT NULL,
    nombre character varying(255) NOT NULL,
    descripcion text,
    es_obligatorio boolean DEFAULT true NOT NULL,
    orden smallint DEFAULT '0'::smallint NOT NULL,
    created_at timestamp(0) without time zone,
    updated_at timestamp(0) without time zone
);


ALTER TABLE public.requisitos_plantilla OWNER TO proatam;

--
-- Name: requisitos_plantilla_id_seq; Type: SEQUENCE; Schema: public; Owner: proatam
--

CREATE SEQUENCE public.requisitos_plantilla_id_seq
    START WITH 1
    INCREMENT BY 1
    NO MINVALUE
    NO MAXVALUE
    CACHE 1;


ALTER SEQUENCE public.requisitos_plantilla_id_seq OWNER TO proatam;

--
-- Name: requisitos_plantilla_id_seq; Type: SEQUENCE OWNED BY; Schema: public; Owner: proatam
--

ALTER SEQUENCE public.requisitos_plantilla_id_seq OWNED BY public.requisitos_plantilla.id;


--
-- Name: revisiones_fisicas; Type: TABLE; Schema: public; Owner: proatam
--

CREATE TABLE public.revisiones_fisicas (
    id bigint NOT NULL,
    muestra_id bigint NOT NULL,
    fecha_inspeccion date NOT NULL,
    inspector_nombre character varying(255) NOT NULL,
    estado_obra character varying(255) NOT NULL,
    porcentaje_avance_fisico_real smallint DEFAULT '0'::smallint NOT NULL,
    porcentaje_avance_financiero smallint DEFAULT '0'::smallint NOT NULL,
    dictamen_inspector text,
    fotografias_paths json,
    auditor_id bigint,
    created_at timestamp(0) without time zone,
    updated_at timestamp(0) without time zone,
    tipo_plantilla_sin_fotos character varying(255),
    descripcion_sin_fotos text,
    nombre_plantilla_personalizada character varying(255),
    CONSTRAINT revisiones_fisicas_estado_obra_check CHECK (((estado_obra)::text = ANY ((ARRAY['sin_iniciar'::character varying, 'en_proceso'::character varying, 'suspendida'::character varying, 'terminada'::character varying, 'operando'::character varying, 'abandonada'::character varying])::text[])))
);


ALTER TABLE public.revisiones_fisicas OWNER TO proatam;

--
-- Name: COLUMN revisiones_fisicas.tipo_plantilla_sin_fotos; Type: COMMENT; Schema: public; Owner: proatam
--

COMMENT ON COLUMN public.revisiones_fisicas.tipo_plantilla_sin_fotos IS 'gabinete, sin_evidencia, declaracion_no_evidencia, otra';


--
-- Name: revisiones_fisicas_id_seq; Type: SEQUENCE; Schema: public; Owner: proatam
--

CREATE SEQUENCE public.revisiones_fisicas_id_seq
    START WITH 1
    INCREMENT BY 1
    NO MINVALUE
    NO MAXVALUE
    CACHE 1;


ALTER SEQUENCE public.revisiones_fisicas_id_seq OWNER TO proatam;

--
-- Name: revisiones_fisicas_id_seq; Type: SEQUENCE OWNED BY; Schema: public; Owner: proatam
--

ALTER SEQUENCE public.revisiones_fisicas_id_seq OWNED BY public.revisiones_fisicas.id;


--
-- Name: sessions; Type: TABLE; Schema: public; Owner: proatam
--

CREATE TABLE public.sessions (
    id character varying(255) NOT NULL,
    user_id bigint,
    ip_address character varying(45),
    user_agent text,
    payload text NOT NULL,
    last_activity integer NOT NULL
);


ALTER TABLE public.sessions OWNER TO proatam;

--
-- Name: users_id_seq; Type: SEQUENCE; Schema: public; Owner: proatam
--

CREATE SEQUENCE public.users_id_seq
    START WITH 1
    INCREMENT BY 1
    NO MINVALUE
    NO MAXVALUE
    CACHE 1;


ALTER SEQUENCE public.users_id_seq OWNER TO proatam;

--
-- Name: users_id_seq; Type: SEQUENCE OWNED BY; Schema: public; Owner: proatam
--

ALTER SEQUENCE public.users_id_seq OWNED BY public.users.id;


--
-- Name: activity_log id; Type: DEFAULT; Schema: public; Owner: proatam
--

ALTER TABLE ONLY public.activity_log ALTER COLUMN id SET DEFAULT nextval('public.activity_log_id_seq'::regclass);


--
-- Name: anos_ejercicio id; Type: DEFAULT; Schema: public; Owner: proatam
--

ALTER TABLE ONLY public.anos_ejercicio ALTER COLUMN id SET DEFAULT nextval('public.anos_ejercicio_id_seq'::regclass);


--
-- Name: catalogo_tipos_obra id; Type: DEFAULT; Schema: public; Owner: proatam
--

ALTER TABLE ONLY public.catalogo_tipos_obra ALTER COLUMN id SET DEFAULT nextval('public.catalogo_tipos_obra_id_seq'::regclass);


--
-- Name: cedula_renglones id; Type: DEFAULT; Schema: public; Owner: proatam
--

ALTER TABLE ONLY public.cedula_renglones ALTER COLUMN id SET DEFAULT nextval('public.cedula_renglones_id_seq'::regclass);


--
-- Name: cedulas id; Type: DEFAULT; Schema: public; Owner: proatam
--

ALTER TABLE ONLY public.cedulas ALTER COLUMN id SET DEFAULT nextval('public.cedulas_id_seq'::regclass);


--
-- Name: documento_expediente_archivos id; Type: DEFAULT; Schema: public; Owner: proatam
--

ALTER TABLE ONLY public.documento_expediente_archivos ALTER COLUMN id SET DEFAULT nextval('public.documento_expediente_archivos_id_seq'::regclass);


--
-- Name: documentos_expediente id; Type: DEFAULT; Schema: public; Owner: proatam
--

ALTER TABLE ONLY public.documentos_expediente ALTER COLUMN id SET DEFAULT nextval('public.documentos_expediente_id_seq'::regclass);


--
-- Name: expedientes id; Type: DEFAULT; Schema: public; Owner: proatam
--

ALTER TABLE ONLY public.expedientes ALTER COLUMN id SET DEFAULT nextval('public.expedientes_id_seq'::regclass);


--
-- Name: failed_jobs id; Type: DEFAULT; Schema: public; Owner: proatam
--

ALTER TABLE ONLY public.failed_jobs ALTER COLUMN id SET DEFAULT nextval('public.failed_jobs_id_seq'::regclass);


--
-- Name: importaciones id; Type: DEFAULT; Schema: public; Owner: proatam
--

ALTER TABLE ONLY public.importaciones ALTER COLUMN id SET DEFAULT nextval('public.importaciones_id_seq'::regclass);


--
-- Name: jobs id; Type: DEFAULT; Schema: public; Owner: proatam
--

ALTER TABLE ONLY public.jobs ALTER COLUMN id SET DEFAULT nextval('public.jobs_id_seq'::regclass);


--
-- Name: migrations id; Type: DEFAULT; Schema: public; Owner: proatam
--

ALTER TABLE ONLY public.migrations ALTER COLUMN id SET DEFAULT nextval('public.migrations_id_seq'::regclass);


--
-- Name: muestra_archivos id; Type: DEFAULT; Schema: public; Owner: proatam
--

ALTER TABLE ONLY public.muestra_archivos ALTER COLUMN id SET DEFAULT nextval('public.muestra_archivos_id_seq'::regclass);


--
-- Name: muestras id; Type: DEFAULT; Schema: public; Owner: proatam
--

ALTER TABLE ONLY public.muestras ALTER COLUMN id SET DEFAULT nextval('public.muestras_id_seq'::regclass);


--
-- Name: municipios id; Type: DEFAULT; Schema: public; Owner: proatam
--

ALTER TABLE ONLY public.municipios ALTER COLUMN id SET DEFAULT nextval('public.municipios_id_seq'::regclass);


--
-- Name: plantillas_expediente id; Type: DEFAULT; Schema: public; Owner: proatam
--

ALTER TABLE ONLY public.plantillas_expediente ALTER COLUMN id SET DEFAULT nextval('public.plantillas_expediente_id_seq'::regclass);


--
-- Name: plantillas_importacion id; Type: DEFAULT; Schema: public; Owner: proatam
--

ALTER TABLE ONLY public.plantillas_importacion ALTER COLUMN id SET DEFAULT nextval('public.plantillas_importacion_id_seq'::regclass);


--
-- Name: requisitos_plantilla id; Type: DEFAULT; Schema: public; Owner: proatam
--

ALTER TABLE ONLY public.requisitos_plantilla ALTER COLUMN id SET DEFAULT nextval('public.requisitos_plantilla_id_seq'::regclass);


--
-- Name: revisiones_fisicas id; Type: DEFAULT; Schema: public; Owner: proatam
--

ALTER TABLE ONLY public.revisiones_fisicas ALTER COLUMN id SET DEFAULT nextval('public.revisiones_fisicas_id_seq'::regclass);


--
-- Data for Name: activity_log; Type: TABLE DATA; Schema: public; Owner: proatam
--

COPY public.activity_log (id, log_name, description, subject_type, subject_id, causer_type, causer_id, properties, created_at, updated_at, event, batch_uuid) FROM stdin;
1	default	Muestra creada	App\\Models\\Muestra	1	App\\Models\\User	1	{"etapa":"informe_final"}	2026-07-28 18:00:09	2026-07-28 18:00:09	\N	\N
2	default	Muestra creada	App\\Models\\Muestra	2	App\\Models\\User	1	{"etapa":"informe_final"}	2026-07-28 18:00:09	2026-07-28 18:00:09	\N	\N
3	default	Muestra creada	App\\Models\\Muestra	3	App\\Models\\User	1	{"etapa":"muestra_registrada"}	2026-07-28 19:52:21	2026-07-28 19:52:21	\N	\N
4	default	Muestra creada	App\\Models\\Muestra	4	App\\Models\\User	1	{"etapa":"muestra_registrada"}	2026-07-28 19:52:35	2026-07-28 19:52:35	\N	\N
5	default	Muestra creada	App\\Models\\Muestra	5	App\\Models\\User	1	{"etapa":"muestra_registrada"}	2026-07-28 19:55:30	2026-07-28 19:55:30	\N	\N
6	default	Muestra creada	App\\Models\\Muestra	6	App\\Models\\User	1	{"etapa":"muestra_registrada"}	2026-07-28 19:55:30	2026-07-28 19:55:30	\N	\N
7	default	Muestra creada	App\\Models\\Muestra	7	App\\Models\\User	1	{"etapa":"muestra_registrada"}	2026-07-28 19:58:05	2026-07-28 19:58:05	\N	\N
8	default	Muestra creada	App\\Models\\Muestra	8	App\\Models\\User	1	{"etapa":"muestra_registrada"}	2026-07-28 19:58:05	2026-07-28 19:58:05	\N	\N
9	default	Muestra creada	App\\Models\\Muestra	9	App\\Models\\User	1	{"etapa":"muestra_registrada"}	2026-07-28 20:02:44	2026-07-28 20:02:44	\N	\N
10	default	Muestra creada	App\\Models\\Muestra	10	App\\Models\\User	1	{"etapa":"muestra_registrada"}	2026-07-28 20:02:44	2026-07-28 20:02:44	\N	\N
11	default	Muestra creada	App\\Models\\Muestra	11	App\\Models\\User	1	{"etapa":"muestra_registrada"}	2026-07-28 20:07:34	2026-07-28 20:07:34	\N	\N
12	default	Muestra creada	App\\Models\\Muestra	12	App\\Models\\User	1	{"etapa":"muestra_registrada"}	2026-07-28 20:07:34	2026-07-28 20:07:34	\N	\N
13	default	Muestra creada	App\\Models\\Muestra	13	App\\Models\\User	1	{"etapa":"muestra_registrada"}	2026-07-28 20:10:12	2026-07-28 20:10:12	\N	\N
14	default	Muestra creada	App\\Models\\Muestra	14	App\\Models\\User	1	{"etapa":"muestra_registrada"}	2026-07-28 20:10:12	2026-07-28 20:10:12	\N	\N
15	default	Muestra creada	App\\Models\\Muestra	15	App\\Models\\User	1	{"etapa":"muestra_registrada"}	2026-07-28 20:20:05	2026-07-28 20:20:05	\N	\N
16	default	Muestra creada	App\\Models\\Muestra	16	App\\Models\\User	1	{"etapa":"muestra_registrada"}	2026-07-28 20:20:05	2026-07-28 20:20:05	\N	\N
17	default	Muestra creada	App\\Models\\Muestra	17	App\\Models\\User	1	{"etapa":"muestra_registrada"}	2026-07-28 20:52:09	2026-07-28 20:52:09	\N	\N
18	default	Muestra creada	App\\Models\\Muestra	18	App\\Models\\User	1	{"etapa":"muestra_registrada"}	2026-07-28 20:52:09	2026-07-28 20:52:09	\N	\N
19	default	Muestra creada	App\\Models\\Muestra	19	App\\Models\\User	1	{"etapa":"muestra_registrada"}	2026-07-28 20:53:16	2026-07-28 20:53:16	\N	\N
20	default	Muestra creada	App\\Models\\Muestra	20	App\\Models\\User	1	{"etapa":"muestra_registrada"}	2026-07-28 20:53:16	2026-07-28 20:53:16	\N	\N
21	default	Muestra creada	App\\Models\\Muestra	21	App\\Models\\User	1	{"etapa":"muestra_registrada"}	2026-07-28 20:56:38	2026-07-28 20:56:38	\N	\N
22	default	Muestra creada	App\\Models\\Muestra	22	App\\Models\\User	1	{"etapa":"muestra_registrada"}	2026-07-28 20:56:38	2026-07-28 20:56:38	\N	\N
23	default	Muestra creada	App\\Models\\Muestra	23	App\\Models\\User	1	{"etapa":"muestra_registrada"}	2026-07-28 21:13:34	2026-07-28 21:13:34	\N	\N
24	default	Muestra creada	App\\Models\\Muestra	24	App\\Models\\User	1	{"etapa":"muestra_registrada"}	2026-07-28 21:13:34	2026-07-28 21:13:34	\N	\N
25	default	Muestra actualizada	App\\Models\\Muestra	23	App\\Models\\User	1	{"cambios":{"ultima_modificacion_user_id":1,"ultima_modificacion_at":"2026-07-28 21:25:31","updated_at":"2026-07-28 21:25:31","fecha_inicio":"2026-07-28"}}	2026-07-28 21:25:31	2026-07-28 21:25:31	\N	\N
26	default	Muestra actualizada	App\\Models\\Muestra	23	App\\Models\\User	1	{"cambios":{"ultima_modificacion_at":"2026-07-28 21:25:55","updated_at":"2026-07-28 21:25:55","fecha_inicio":null}}	2026-07-28 21:25:55	2026-07-28 21:25:55	\N	\N
27	default	Muestra actualizada	App\\Models\\Muestra	24	App\\Models\\User	1	{"cambios":{"etapa_actual":"informe_final","porcentaje_avance":100,"ultima_modificacion_user_id":1,"ultima_modificacion_at":"2026-07-30 17:36:07","updated_at":"2026-07-30 17:36:07"}}	2026-07-30 17:36:07	2026-07-30 17:36:07	\N	\N
28	default	Muestra creada	App\\Models\\Muestra	25	App\\Models\\User	1	{"etapa":"muestra_registrada"}	2026-07-31 17:47:01	2026-07-31 17:47:01	\N	\N
29	default	Muestra creada	App\\Models\\Muestra	26	App\\Models\\User	1	{"etapa":"muestra_registrada"}	2026-07-31 17:47:01	2026-07-31 17:47:01	\N	\N
30	default	Muestra actualizada	App\\Models\\Muestra	25	App\\Models\\User	1	{"cambios":{"etapa_actual":"revision_fisica","porcentaje_avance":50,"ultima_modificacion_user_id":1,"ultima_modificacion_at":"2026-07-31 17:48:58","updated_at":"2026-07-31 17:48:58"}}	2026-07-31 17:48:58	2026-07-31 17:48:58	\N	\N
31	default	Muestra creada	App\\Models\\Muestra	27	App\\Models\\User	1	{"etapa":"muestra_registrada"}	2026-07-31 19:00:58	2026-07-31 19:00:58	\N	\N
32	default	Muestra creada	App\\Models\\Muestra	28	App\\Models\\User	1	{"etapa":"muestra_registrada"}	2026-07-31 19:00:58	2026-07-31 19:00:58	\N	\N
33	default	Muestra actualizada	App\\Models\\Muestra	27	App\\Models\\User	1	{"cambios":{"etapa_actual":"revision_fisica","porcentaje_avance":50,"ultima_modificacion_user_id":1,"ultima_modificacion_at":"2026-07-31 19:02:20","updated_at":"2026-07-31 19:02:20"}}	2026-07-31 19:02:20	2026-07-31 19:02:20	\N	\N
34	default	Muestra actualizada	App\\Models\\Muestra	28	App\\Models\\User	1	{"cambios":{"etapa_actual":"revision_fisica","porcentaje_avance":50,"ultima_modificacion_user_id":1,"ultima_modificacion_at":"2026-07-31 19:06:41","updated_at":"2026-07-31 19:06:41"}}	2026-07-31 19:06:41	2026-07-31 19:06:41	\N	\N
35	default	Muestra creada	App\\Models\\Muestra	29	App\\Models\\User	1	{"etapa":"muestra_registrada"}	2026-07-31 19:20:12	2026-07-31 19:20:12	\N	\N
36	default	Muestra creada	App\\Models\\Muestra	30	App\\Models\\User	1	{"etapa":"muestra_registrada"}	2026-07-31 19:20:12	2026-07-31 19:20:12	\N	\N
37	default	Muestra actualizada	App\\Models\\Muestra	30	App\\Models\\User	1	{"cambios":{"etapa_actual":"revision_fisica","porcentaje_avance":50,"ultima_modificacion_user_id":1,"ultima_modificacion_at":"2026-07-31 19:20:43","updated_at":"2026-07-31 19:20:43"}}	2026-07-31 19:20:43	2026-07-31 19:20:43	\N	\N
38	default	Muestra creada	App\\Models\\Muestra	31	App\\Models\\User	1	{"etapa":"muestra_registrada"}	2026-07-31 19:53:55	2026-07-31 19:53:55	\N	\N
39	default	Muestra creada	App\\Models\\Muestra	32	App\\Models\\User	1	{"etapa":"muestra_registrada"}	2026-07-31 19:53:55	2026-07-31 19:53:55	\N	\N
40	default	Muestra actualizada	App\\Models\\Muestra	31	App\\Models\\User	1	{"cambios":{"etapa_actual":"revision_fisica","porcentaje_avance":50,"ultima_modificacion_user_id":1,"ultima_modificacion_at":"2026-07-31 19:54:21","updated_at":"2026-07-31 19:54:21"}}	2026-07-31 19:54:21	2026-07-31 19:54:21	\N	\N
41	default	Muestra creada	App\\Models\\Muestra	33	App\\Models\\User	1	{"etapa":"muestra_registrada"}	2026-07-31 20:01:58	2026-07-31 20:01:58	\N	\N
42	default	Muestra creada	App\\Models\\Muestra	34	App\\Models\\User	1	{"etapa":"muestra_registrada"}	2026-07-31 20:01:58	2026-07-31 20:01:58	\N	\N
43	default	Muestra actualizada	App\\Models\\Muestra	33	App\\Models\\User	1	{"cambios":{"etapa_actual":"revision_fisica","porcentaje_avance":50,"ultima_modificacion_user_id":1,"ultima_modificacion_at":"2026-07-31 20:07:05","updated_at":"2026-07-31 20:07:05"}}	2026-07-31 20:07:05	2026-07-31 20:07:05	\N	\N
44	default	Muestra creada	App\\Models\\Muestra	35	App\\Models\\User	1	{"etapa":"muestra_registrada"}	2026-08-03 20:07:24	2026-08-03 20:07:24	\N	\N
45	default	Muestra creada	App\\Models\\Muestra	36	App\\Models\\User	1	{"etapa":"muestra_registrada"}	2026-08-03 20:07:24	2026-08-03 20:07:24	\N	\N
46	default	Muestra creada	App\\Models\\Muestra	37	App\\Models\\User	1	{"etapa":"muestra_registrada"}	2026-08-03 20:26:22	2026-08-03 20:26:22	\N	\N
47	default	Muestra creada	App\\Models\\Muestra	38	App\\Models\\User	1	{"etapa":"muestra_registrada"}	2026-08-03 20:26:22	2026-08-03 20:26:22	\N	\N
48	default	Muestra actualizada	App\\Models\\Muestra	37	App\\Models\\User	1	{"cambios":{"etapa_actual":"expediente_recibido","porcentaje_avance":33,"ultima_modificacion_user_id":1,"ultima_modificacion_at":"2026-08-03 20:29:56","updated_at":"2026-08-03 20:29:56"}}	2026-08-03 20:29:56	2026-08-03 20:29:56	\N	\N
49	default	Muestra actualizada	App\\Models\\Muestra	37	App\\Models\\User	1	{"cambios":{"etapa_actual":"revision_fisica","porcentaje_avance":50,"ultima_modificacion_at":"2026-08-03 20:38:23","updated_at":"2026-08-03 20:38:23"}}	2026-08-03 20:38:23	2026-08-03 20:38:23	\N	\N
50	default	Muestra actualizada	App\\Models\\Muestra	37	App\\Models\\User	1	{"cambios":{"etapa_actual":"informe_final","porcentaje_avance":100,"ultima_modificacion_at":"2026-08-03 20:40:26","updated_at":"2026-08-03 20:40:26"}}	2026-08-03 20:40:26	2026-08-03 20:40:26	\N	\N
51	default	Muestra actualizada	App\\Models\\Muestra	36	App\\Models\\User	1	{"cambios":{"etapa_actual":"revision_fisica","porcentaje_avance":50,"ultima_modificacion_user_id":1,"ultima_modificacion_at":"2026-08-04 21:35:20","updated_at":"2026-08-04 21:35:20"}}	2026-08-04 21:35:20	2026-08-04 21:35:20	\N	\N
52	default	Muestra creada	App\\Models\\Muestra	39	App\\Models\\User	8	{"etapa":"muestra_registrada"}	2026-08-06 19:04:06	2026-08-06 19:04:06	\N	\N
\.


--
-- Data for Name: anos_ejercicio; Type: TABLE DATA; Schema: public; Owner: proatam
--

COPY public.anos_ejercicio (id, anio, descripcion, activo, es_actual, created_at, updated_at) FROM stdin;
1	2023	Ejercicio fiscal 2023	t	f	2026-07-28 15:24:15	2026-07-28 15:24:15
2	2024	Ejercicio fiscal 2024	t	f	2026-07-28 15:24:15	2026-07-28 15:24:15
3	2025	Ejercicio fiscal 2025	t	t	2026-07-28 15:24:15	2026-07-28 15:24:15
\.


--
-- Data for Name: catalogo_tipos_obra; Type: TABLE DATA; Schema: public; Owner: proatam
--

COPY public.catalogo_tipos_obra (id, nombre, conteo_usos, created_at, updated_at) FROM stdin;
\.


--
-- Data for Name: cedula_renglones; Type: TABLE DATA; Schema: public; Owner: proatam
--

COPY public.cedula_renglones (id, cedula_id, numero_renglon, concepto_evaluado, referencia_documental, monto_auditado, monto_observado, resultado, descripcion_observacion, created_at, updated_at, fundamento_legal, recomendaciones, documento_expediente_id) FROM stdin;
\.


--
-- Data for Name: cedulas; Type: TABLE DATA; Schema: public; Owner: proatam
--

COPY public.cedulas (id, muestra_id, tipo_cedula, folio_cedula, estado, monto_total_auditado, monto_total_observado, porcentaje_observado, conclusiones_generales, auditor_id, fecha_cierre, created_at, updated_at, archivos_excel, informe_estado, informe_docx_path, informe_error_detalle, archivo_adjunto_path, archivo_adjunto_nombre) FROM stdin;
9	37	CD	CD-MUESTRA-37	borrador	0.00	0.00	0	\N	\N	\N	2026-08-03 20:39:09	2026-08-03 20:40:19	\N	pendiente	\N	\N	cedulas/adjuntos/9/n2VRVjj5VMuducwdMHBM8jcLRGQvvAe7HwMXXTLv.xlsx	6.- CEDULAS  30, 33, 46, 47, 48 y 49 ✅.xlsx
10	35	MO	MO-MUESTRA-35	borrador	0.00	0.00	0	\N	\N	\N	2026-08-04 20:43:01	2026-08-04 20:43:01	\N	pendiente	\N	\N	\N	\N
\.


--
-- Data for Name: documento_expediente_archivos; Type: TABLE DATA; Schema: public; Owner: proatam
--

COPY public.documento_expediente_archivos (id, documento_expediente_id, archivo_path, archivo_nombre_original, archivo_size_bytes, archivo_zip_path, created_at, updated_at) FROM stdin;
1	321	expedientes/10/321/PAdrón de Contratistas CONSERCA.pdf	PAdrón de Contratistas CONSERCA.pdf	39807	C-DGOP-DOP-026-24-20260722T152425Z-1-001.zip	2026-08-04 19:07:02	2026-08-04 19:07:02
2	322	expedientes/10/322/Of de Terminacion C-026-24.pdf	Of de Terminacion C-026-24.pdf	235141	C-DGOP-DOP-026-24-20260722T152425Z-1-001.zip	2026-08-04 19:07:02	2026-08-04 19:07:02
3	323	expedientes/10/323/CAT DE CONCEPTOS I3C-017.pdf	CAT DE CONCEPTOS I3C-017.pdf	94264	C-DGOP-DOP-026-24-20260722T152425Z-1-001.zip	2026-08-04 19:07:02	2026-08-04 19:07:02
4	324	expedientes/10/324/InvI3C-017-24 Edifs Pavs y Proys.pdf	InvI3C-017-24 Edifs Pavs y Proys.pdf	582631	C-DGOP-DOP-026-24-20260722T152425Z-1-001.zip	2026-08-04 19:07:02	2026-08-04 19:07:02
5	325	expedientes/10/325/Dictamen Imp Amb I3C-017-24.pdf	Dictamen Imp Amb I3C-017-24.pdf	285043	C-DGOP-DOP-026-24-20260722T152425Z-1-001.zip	2026-08-04 19:07:02	2026-08-04 19:07:02
6	326	expedientes/10/326/Art. 49 LOPSRMpET.pdf	Art. 49 LOPSRMpET.pdf	21292	C-DGOP-DOP-026-24-20260722T152425Z-1-001.zip	2026-08-04 19:07:02	2026-08-04 19:07:02
7	327	expedientes/10/327/Of Desig Supervisor al C-026-24.pdf	Of Desig Supervisor al C-026-24.pdf	273250	C-DGOP-DOP-026-24-20260722T152425Z-1-001.zip	2026-08-04 19:07:02	2026-08-04 19:07:02
8	328	expedientes/10/328/o) Rep Fotográfico C-026-24.pdf	o) Rep Fotográfico C-026-24.pdf	199816	C-DGOP-DOP-026-24-20260722T152425Z-1-001.zip	2026-08-04 19:07:02	2026-08-04 19:07:02
9	329	expedientes/10/329/Finiq de Obra C-026-24.pdf	Finiq de Obra C-026-24.pdf	746181	C-DGOP-DOP-026-24-20260722T152425Z-1-001.zip	2026-08-04 19:07:02	2026-08-04 19:07:02
10	330	expedientes/10/330/Presup. Base I3C-017-24.pdf	Presup. Base I3C-017-24.pdf	477038	C-DGOP-DOP-026-24-20260722T152425Z-1-001.zip	2026-08-04 19:07:02	2026-08-04 19:07:02
11	332	expedientes/10/332/AE-02 I3C-017-24 EPP ERROS.pdf	AE-02 I3C-017-24 EPP ERROS.pdf	1578374	C-DGOP-DOP-026-24-20260722T152425Z-1-001.zip	2026-08-04 19:07:02	2026-08-04 19:07:02
12	333	expedientes/10/333/A. Recep de Obra C-026-24.pdf	A. Recep de Obra C-026-24.pdf	2287912	C-DGOP-DOP-026-24-20260722T152425Z-1-001.zip	2026-08-04 19:07:02	2026-08-04 19:07:02
13	334	expedientes/10/334/Acta Ext de Derechos C-026-24.pdf	Acta Ext de Derechos C-026-24.pdf	1363569	C-DGOP-DOP-026-24-20260722T152425Z-1-001.zip	2026-08-04 19:07:02	2026-08-04 19:07:02
14	335	expedientes/10/335/F. Vicios Ocultos C-026-24.pdf	F. Vicios Ocultos C-026-24.pdf	4508443	C-DGOP-DOP-026-24-20260722T152425Z-1-001.zip	2026-08-04 19:07:02	2026-08-04 19:07:02
15	336	expedientes/10/336/AE-03 I3C-017-24.pdf	AE-03 I3C-017-24.pdf	4832188	C-DGOP-DOP-026-24-20260722T152425Z-1-001.zip	2026-08-04 19:07:02	2026-08-04 19:07:02
16	337	expedientes/10/337/C-DGOP-DOP-026-24.pdf	C-DGOP-DOP-026-24.pdf	11428628	C-DGOP-DOP-026-24-20260722T152425Z-1-001.zip	2026-08-04 19:07:02	2026-08-04 19:07:02
17	338	expedientes/10/338/C-026-24 Est. ÚNICA.pdf	C-026-24 Est. ÚNICA.pdf	34165323	C-DGOP-DOP-026-24-20260722T152425Z-1-001.zip	2026-08-04 19:07:02	2026-08-04 19:07:02
356	403	expedientes/13/403/6a74db752d1fb_A. Recep de Obra C-026-24.pdf	A. Recep de Obra C-026-24.pdf	2287912	C-DGOP-DOP-026-24/t) Acta Recep de Obra/A. Recep de Obra C-026-24.pdf	2026-08-06 19:07:33	2026-08-06 19:07:33
145	368	expedientes/12/368/6a73a7894ab75_PAdrón de Contratistas CONSERCA.pdf	PAdrón de Contratistas CONSERCA.pdf	39807	C-DGOP-DOP-026-24/G) Reg Vigente al Padrón de Contratistas/PAdrón de Contratistas CONSERCA.pdf	2026-08-05 21:13:45	2026-08-05 21:13:45
146	369	expedientes/12/369/6a73a7895c07f_Of de Terminacion C-026-24.pdf	Of de Terminacion C-026-24.pdf	235141	C-DGOP-DOP-026-24/m) Ofs de Inicio, Diponibilidad y Término/Of de Terminacion C-026-24.pdf	2026-08-05 21:13:45	2026-08-05 21:13:45
147	369	expedientes/12/369/6a73a7895f558_Of INICIO de los Trabjs C-026-24.pdf	Of INICIO de los Trabjs C-026-24.pdf	239447	C-DGOP-DOP-026-24/m) Ofs de Inicio, Diponibilidad y Término/Of INICIO de los Trabjs C-026-24.pdf	2026-08-05 21:13:45	2026-08-05 21:13:45
148	369	expedientes/12/369/6a73a78960df9_Of Disp del Inmueble C-026-24.pdf	Of Disp del Inmueble C-026-24.pdf	233852	C-DGOP-DOP-026-24/m) Ofs de Inicio, Diponibilidad y Término/Of Disp del Inmueble C-026-24.pdf	2026-08-05 21:13:45	2026-08-05 21:13:45
149	370	expedientes/12/370/6a73a78964eb8_CAT DE CONCEPTOS I3C-017.pdf	CAT DE CONCEPTOS I3C-017.pdf	94264	C-DGOP-DOP-026-24/a) Proyecto Ejecutivo/CAT DE CONCEPTOS I3C-017.pdf	2026-08-05 21:13:45	2026-08-05 21:13:45
150	370	expedientes/12/370/6a73a78965716_Macro y Micro EscPrim Melchor Ocampo.pdf	Macro y Micro EscPrim Melchor Ocampo.pdf	298399	C-DGOP-DOP-026-24/a) Proyecto Ejecutivo/Macro y Micro EscPrim Melchor Ocampo.pdf	2026-08-05 21:13:45	2026-08-05 21:13:45
151	370	expedientes/12/370/6a73a78966a7f_Mantto Pintura Esc. Prim.Melchor Ocampo-CONJUNTO-2025.pdf	Mantto Pintura Esc. Prim.Melchor Ocampo-CONJUNTO-2025.pdf	743577	C-DGOP-DOP-026-24/a) Proyecto Ejecutivo/Mantto Pintura Esc. Prim.Melchor Ocampo-CONJUNTO-2025.pdf	2026-08-05 21:13:45	2026-08-05 21:13:45
152	370	expedientes/12/370/6a73a78968c89_Mantto Pintura Esc. Prim.Melchor OcampoCORTES-ALZADOS-2025.pdf	Mantto Pintura Esc. Prim.Melchor OcampoCORTES-ALZADOS-2025.pdf	613211	C-DGOP-DOP-026-24/a) Proyecto Ejecutivo/Mantto Pintura Esc. Prim.Melchor OcampoCORTES-ALZADOS-2025.pdf	2026-08-05 21:13:45	2026-08-05 21:13:45
153	371	expedientes/12/371/6a73a7896aa71_InvI3C-017-24 Edifs Pavs y Proys.pdf	InvI3C-017-24 Edifs Pavs y Proys.pdf	582631	C-DGOP-DOP-026-24/e) Invitación a Cuando Menos 3/e1 Invitaciones/InvI3C-017-24 Edifs Pavs y Proys.pdf	2026-08-05 21:13:45	2026-08-05 21:13:45
154	371	expedientes/12/371/6a73a7896d07f_InvI3C-017-24 Conserca.pdf	InvI3C-017-24 Conserca.pdf	602549	C-DGOP-DOP-026-24/e) Invitación a Cuando Menos 3/e1 Invitaciones/InvI3C-017-24 Conserca.pdf	2026-08-05 21:13:45	2026-08-05 21:13:45
155	371	expedientes/12/371/6a73a7896f7c5_ANEXO AE-10.pdf	ANEXO AE-10.pdf	729949	C-DGOP-DOP-026-24/e) Invitación a Cuando Menos 3/Participantes I3c-017-24/1. I3C-017-24 EPP ERROS/PROPUESTA ECONOMICA/ANEXO AE-10.pdf	2026-08-05 21:13:45	2026-08-05 21:13:45
156	371	expedientes/12/371/6a73a78973682_ANEXO AE-11.pdf	ANEXO AE-11.pdf	696665	C-DGOP-DOP-026-24/e) Invitación a Cuando Menos 3/Participantes I3c-017-24/1. I3C-017-24 EPP ERROS/PROPUESTA ECONOMICA/ANEXO AE-11.pdf	2026-08-05 21:13:45	2026-08-05 21:13:45
157	371	expedientes/12/371/6a73a78975533_InvI3C-017-24 Urbis FG .pdf	InvI3C-017-24 Urbis FG .pdf	606987	C-DGOP-DOP-026-24/e) Invitación a Cuando Menos 3/e1 Invitaciones/InvI3C-017-24 Urbis FG .pdf	2026-08-05 21:13:45	2026-08-05 21:13:45
158	371	expedientes/12/371/6a73a78978bdd_ANEXO AE-08.pdf	ANEXO AE-08.pdf	887300	C-DGOP-DOP-026-24/e) Invitación a Cuando Menos 3/Participantes I3c-017-24/2. I3C-017-24 URBIS/PROPUESTA ECONOMICA/ANEXO AE-08.pdf	2026-08-05 21:13:45	2026-08-05 21:13:45
159	371	expedientes/12/371/6a73a7897b00f_ANEXO AT-01 INSTRUCCIONES A LOS LICITANTES estatal IR 13C OK.pdf	ANEXO AT-01 INSTRUCCIONES A LOS LICITANTES estatal IR 13C OK.pdf	305738	C-DGOP-DOP-026-24/e) Invitación a Cuando Menos 3/e2 Bases I3C-017 ESTATAL/TECNICA/ANEXO AT-01 INSTRUCCIONES A LOS LICITANTES estatal IR 13C OK.pdf	2026-08-05 21:13:45	2026-08-05 21:13:45
160	371	expedientes/12/371/6a73a7897c360_e6 Acta Fallo I3C-017-24.pdf	e6 Acta Fallo I3C-017-24.pdf	1268885	C-DGOP-DOP-026-24/e) Invitación a Cuando Menos 3/e6 Acta Fallo I3C-017-24.pdf	2026-08-05 21:13:45	2026-08-05 21:13:45
161	371	expedientes/12/371/6a73a7897e1c3_ANEXO AE-09.pdf	ANEXO AE-09.pdf	532697	C-DGOP-DOP-026-24/e) Invitación a Cuando Menos 3/Participantes I3c-017-24/2. I3C-017-24 URBIS/PROPUESTA ECONOMICA/ANEXO AE-09.pdf	2026-08-05 21:13:45	2026-08-05 21:13:45
162	371	expedientes/12/371/6a73a7897ed45_AT-08 I3C-017-24.pdf	AT-08 I3C-017-24.pdf	1037000	C-DGOP-DOP-026-24/e) Invitación a Cuando Menos 3/e3 Propuesta Ganadora I3C-017-24/1 Prop Tecnica i3C-017-24/AT-08 I3C-017-24.pdf	2026-08-05 21:13:45	2026-08-05 21:13:45
163	371	expedientes/12/371/6a73a7897fa93_ANEXO AE-09.pdf	ANEXO AE-09.pdf	932644	C-DGOP-DOP-026-24/e) Invitación a Cuando Menos 3/Participantes I3c-017-24/1. I3C-017-24 EPP ERROS/PROPUESTA ECONOMICA/ANEXO AE-09.pdf	2026-08-05 21:13:45	2026-08-05 21:13:45
164	371	expedientes/12/371/6a73a789820b4_ANEXO.pdf	ANEXO.pdf	734226	C-DGOP-DOP-026-24/e) Invitación a Cuando Menos 3/Participantes I3c-017-24/1. I3C-017-24 EPP ERROS/DOC. DISTINTA/ANEXO.pdf	2026-08-05 21:13:45	2026-08-05 21:13:45
165	371	expedientes/12/371/6a73a7898464b_ANEXO AE-07.pdf	ANEXO AE-07.pdf	1419761	C-DGOP-DOP-026-24/e) Invitación a Cuando Menos 3/Participantes I3c-017-24/1. I3C-017-24 EPP ERROS/PROPUESTA ECONOMICA/ANEXO AE-07.pdf	2026-08-05 21:13:45	2026-08-05 21:13:45
166	371	expedientes/12/371/6a73a78985d17_AT-10 I3C-017-24.pdf	AT-10 I3C-017-24.pdf	976268	C-DGOP-DOP-026-24/e) Invitación a Cuando Menos 3/e3 Propuesta Ganadora I3C-017-24/1 Prop Tecnica i3C-017-24/AT-10 I3C-017-24.pdf	2026-08-05 21:13:45	2026-08-05 21:13:45
167	371	expedientes/12/371/6a73a7898707f_ANEXO AT-10.pdf	ANEXO AT-10.pdf	1394870	C-DGOP-DOP-026-24/e) Invitación a Cuando Menos 3/Participantes I3c-017-24/2. I3C-017-24 URBIS/PROPUESTA TECNICA/ANEXO AT-10.pdf	2026-08-05 21:13:45	2026-08-05 21:13:45
168	371	expedientes/12/371/6a73a7898caa3_ANEXO AT-03.pdf	ANEXO AT-03.pdf	971862	C-DGOP-DOP-026-24/e) Invitación a Cuando Menos 3/Participantes I3c-017-24/1. I3C-017-24 EPP ERROS/PROPUESTA TECNICA/ANEXO AT-03.pdf	2026-08-05 21:13:45	2026-08-05 21:13:45
169	371	expedientes/12/371/6a73a78990d39_ANEXO AE-04.pdf	ANEXO AE-04.pdf	1158380	C-DGOP-DOP-026-24/e) Invitación a Cuando Menos 3/Participantes I3c-017-24/1. I3C-017-24 EPP ERROS/PROPUESTA ECONOMICA/ANEXO AE-04.pdf	2026-08-05 21:13:45	2026-08-05 21:13:45
170	371	expedientes/12/371/6a73a78995f8c_ANEXO AE-04.pdf	ANEXO AE-04.pdf	1091022	C-DGOP-DOP-026-24/e) Invitación a Cuando Menos 3/Participantes I3c-017-24/2. I3C-017-24 URBIS/PROPUESTA ECONOMICA/ANEXO AE-04.pdf	2026-08-05 21:13:45	2026-08-05 21:13:45
171	371	expedientes/12/371/6a73a78998eb1_AT-09 I3C-017-24.pdf	AT-09 I3C-017-24.pdf	1331049	C-DGOP-DOP-026-24/e) Invitación a Cuando Menos 3/e3 Propuesta Ganadora I3C-017-24/1 Prop Tecnica i3C-017-24/AT-09 I3C-017-24.pdf	2026-08-05 21:13:45	2026-08-05 21:13:45
172	371	expedientes/12/371/6a73a7899b011_ae_01 I3C017-24.pdf	ae_01 I3C017-24.pdf	1303883	C-DGOP-DOP-026-24/e) Invitación a Cuando Menos 3/e3 Propuesta Ganadora I3C-017-24/2 Prop Economica I3C-017-24/ae_01 I3C017-24.pdf	2026-08-05 21:13:45	2026-08-05 21:13:45
173	371	expedientes/12/371/6a73a7899e419_AE-12 I3C-017-24 EPP ERROS.pdf	AE-12 I3C-017-24 EPP ERROS.pdf	966360	C-DGOP-DOP-026-24/e) Invitación a Cuando Menos 3/Participantes I3c-017-24/1. I3C-017-24 EPP ERROS/PROPUESTA ECONOMICA/AE-12 I3C-017-24 EPP ERROS.pdf	2026-08-05 21:13:45	2026-08-05 21:13:45
174	371	expedientes/12/371/6a73a789a1674_AT-11 I3C-017-24 EPP ERROS.pdf	AT-11 I3C-017-24 EPP ERROS.pdf	942844	C-DGOP-DOP-026-24/e) Invitación a Cuando Menos 3/Participantes I3c-017-24/1. I3C-017-24 EPP ERROS/PROPUESTA TECNICA/AT-11 I3C-017-24 EPP ERROS.pdf	2026-08-05 21:13:45	2026-08-05 21:13:45
175	371	expedientes/12/371/6a73a789a38b7_AE-10 I3C-017-24.pdf	AE-10 I3C-017-24.pdf	745245	C-DGOP-DOP-026-24/e) Invitación a Cuando Menos 3/e3 Propuesta Ganadora I3C-017-24/2 Prop Economica I3C-017-24/AE-10 I3C-017-24.pdf	2026-08-05 21:13:45	2026-08-05 21:13:45
176	371	expedientes/12/371/6a73a789a737e_ANEXO AT-08.pdf	ANEXO AT-08.pdf	708424	C-DGOP-DOP-026-24/e) Invitación a Cuando Menos 3/Participantes I3c-017-24/2. I3C-017-24 URBIS/PROPUESTA TECNICA/ANEXO AT-08.pdf	2026-08-05 21:13:45	2026-08-05 21:13:45
177	371	expedientes/12/371/6a73a789aab5c_ANEXO AE-07.pdf	ANEXO AE-07.pdf	1347620	C-DGOP-DOP-026-24/e) Invitación a Cuando Menos 3/Participantes I3c-017-24/2. I3C-017-24 URBIS/PROPUESTA ECONOMICA/ANEXO AE-07.pdf	2026-08-05 21:13:45	2026-08-05 21:13:45
178	371	expedientes/12/371/6a73a789aec94_AE-12 I3C-017-24 URBIS.pdf	AE-12 I3C-017-24 URBIS.pdf	1010408	C-DGOP-DOP-026-24/e) Invitación a Cuando Menos 3/Participantes I3c-017-24/2. I3C-017-24 URBIS/PROPUESTA ECONOMICA/AE-12 I3C-017-24 URBIS.pdf	2026-08-05 21:13:45	2026-08-05 21:13:45
179	371	expedientes/12/371/6a73a789b0d50_ae-12 I3C017-24.pdf	ae-12 I3C017-24.pdf	954360	C-DGOP-DOP-026-24/e) Invitación a Cuando Menos 3/e3 Propuesta Ganadora I3C-017-24/2 Prop Economica I3C-017-24/ae-12 I3C017-24.pdf	2026-08-05 21:13:45	2026-08-05 21:13:45
180	371	expedientes/12/371/6a73a789b51e2_ANEXO AT-08.pdf	ANEXO AT-08.pdf	981040	C-DGOP-DOP-026-24/e) Invitación a Cuando Menos 3/Participantes I3c-017-24/1. I3C-017-24 EPP ERROS/PROPUESTA TECNICA/ANEXO AT-08.pdf	2026-08-05 21:13:45	2026-08-05 21:13:45
181	371	expedientes/12/371/6a73a789ba5db_AE-08 I3C-017-24.pdf	AE-08 I3C-017-24.pdf	1017888	C-DGOP-DOP-026-24/e) Invitación a Cuando Menos 3/e3 Propuesta Ganadora I3C-017-24/2 Prop Economica I3C-017-24/AE-08 I3C-017-24.pdf	2026-08-05 21:13:45	2026-08-05 21:13:45
182	371	expedientes/12/371/6a73a789bdf04_ANEXO AE-05.pdf	ANEXO AE-05.pdf	1539380	C-DGOP-DOP-026-24/e) Invitación a Cuando Menos 3/Participantes I3c-017-24/2. I3C-017-24 URBIS/PROPUESTA ECONOMICA/ANEXO AE-05.pdf	2026-08-05 21:13:45	2026-08-05 21:13:45
183	371	expedientes/12/371/6a73a789c1f47_ANEXO AT-01 A.pdf	ANEXO AT-01 A.pdf	791188	C-DGOP-DOP-026-24/e) Invitación a Cuando Menos 3/Participantes I3c-017-24/2. I3C-017-24 URBIS/PROPUESTA TECNICA/ANEXO AT-01 A.pdf	2026-08-05 21:13:45	2026-08-05 21:13:45
184	371	expedientes/12/371/6a73a789c515c_AE-01 I3C-017-24 URBIS.pdf	AE-01 I3C-017-24 URBIS.pdf	1068647	C-DGOP-DOP-026-24/e) Invitación a Cuando Menos 3/Participantes I3c-017-24/2. I3C-017-24 URBIS/PROPUESTA ECONOMICA/AE-01 I3C-017-24 URBIS.pdf	2026-08-05 21:13:45	2026-08-05 21:13:45
185	371	expedientes/12/371/6a73a789c8837_AE-04 I3C-017-24.pdf	AE-04 I3C-017-24.pdf	1209674	C-DGOP-DOP-026-24/e) Invitación a Cuando Menos 3/e3 Propuesta Ganadora I3C-017-24/2 Prop Economica I3C-017-24/AE-04 I3C-017-24.pdf	2026-08-05 21:13:45	2026-08-05 21:13:45
186	371	expedientes/12/371/6a73a789ca4e2_ANEXO AT-09.pdf	ANEXO AT-09.pdf	974116	C-DGOP-DOP-026-24/e) Invitación a Cuando Menos 3/Participantes I3c-017-24/1. I3C-017-24 EPP ERROS/PROPUESTA TECNICA/ANEXO AT-09.pdf	2026-08-05 21:13:45	2026-08-05 21:13:45
187	371	expedientes/12/371/6a73a789ceadd_ANEXO AE-06.pdf	ANEXO AE-06.pdf	1935320	C-DGOP-DOP-026-24/e) Invitación a Cuando Menos 3/Participantes I3c-017-24/2. I3C-017-24 URBIS/PROPUESTA ECONOMICA/ANEXO AE-06.pdf	2026-08-05 21:13:45	2026-08-05 21:13:45
188	371	expedientes/12/371/6a73a789d525f_AE-06 I3C-017-24.pdf	AE-06 I3C-017-24.pdf	2322629	C-DGOP-DOP-026-24/e) Invitación a Cuando Menos 3/e3 Propuesta Ganadora I3C-017-24/2 Prop Economica I3C-017-24/AE-06 I3C-017-24.pdf	2026-08-05 21:13:45	2026-08-05 21:13:45
189	371	expedientes/12/371/6a73a789dcf2b_AE-07 I3C-017-24.pdf	AE-07 I3C-017-24.pdf	1459683	C-DGOP-DOP-026-24/e) Invitación a Cuando Menos 3/e3 Propuesta Ganadora I3C-017-24/2 Prop Economica I3C-017-24/AE-07 I3C-017-24.pdf	2026-08-05 21:13:45	2026-08-05 21:13:45
190	371	expedientes/12/371/6a73a789e11a2_ANEXO AE-06.pdf	ANEXO AE-06.pdf	2271089	C-DGOP-DOP-026-24/e) Invitación a Cuando Menos 3/Participantes I3c-017-24/1. I3C-017-24 EPP ERROS/PROPUESTA ECONOMICA/ANEXO AE-06.pdf	2026-08-05 21:13:45	2026-08-05 21:13:45
191	371	expedientes/12/371/6a73a789e641a_at-11 I3C017-24.pdf	at-11 I3C017-24.pdf	909144	C-DGOP-DOP-026-24/e) Invitación a Cuando Menos 3/e3 Propuesta Ganadora I3C-017-24/1 Prop Tecnica i3C-017-24/at-11 I3C017-24.pdf	2026-08-05 21:13:45	2026-08-05 21:13:45
192	371	expedientes/12/371/6a73a789ea293_ANEXO AT-06.pdf	ANEXO AT-06.pdf	1901926	C-DGOP-DOP-026-24/e) Invitación a Cuando Menos 3/Participantes I3c-017-24/2. I3C-017-24 URBIS/PROPUESTA TECNICA/ANEXO AT-06.pdf	2026-08-05 21:13:45	2026-08-05 21:13:45
193	371	expedientes/12/371/6a73a789ee97b_ANEXO AT-10.pdf	ANEXO AT-10.pdf	964974	C-DGOP-DOP-026-24/e) Invitación a Cuando Menos 3/Participantes I3c-017-24/1. I3C-017-24 EPP ERROS/PROPUESTA TECNICA/ANEXO AT-10.pdf	2026-08-05 21:13:45	2026-08-05 21:13:45
194	371	expedientes/12/371/6a73a789f0584_ANEXO AE-11.pdf	ANEXO AE-11.pdf	624557	C-DGOP-DOP-026-24/e) Invitación a Cuando Menos 3/Participantes I3c-017-24/2. I3C-017-24 URBIS/PROPUESTA ECONOMICA/ANEXO AE-11.pdf	2026-08-05 21:13:45	2026-08-05 21:13:45
195	371	expedientes/12/371/6a73a789f15ad_e4 Acta de Apertura I3C-017-24.pdf	e4 Acta de Apertura I3C-017-24.pdf	3110548	C-DGOP-DOP-026-24/e) Invitación a Cuando Menos 3/e4 Acta de Apertura I3C-017-24.pdf	2026-08-05 21:13:46	2026-08-05 21:13:46
196	371	expedientes/12/371/6a73a78a01eef_AT-11 I3C-017-24 URBIS.pdf	AT-11 I3C-017-24 URBIS.pdf	975016	C-DGOP-DOP-026-24/e) Invitación a Cuando Menos 3/Participantes I3c-017-24/2. I3C-017-24 URBIS/PROPUESTA TECNICA/AT-11 I3C-017-24 URBIS.pdf	2026-08-05 21:13:46	2026-08-05 21:13:46
197	371	expedientes/12/371/6a73a78a04860_ae_02 I3C017-24.pdf	ae_02 I3C017-24.pdf	1636676	C-DGOP-DOP-026-24/e) Invitación a Cuando Menos 3/e3 Propuesta Ganadora I3C-017-24/2 Prop Economica I3C-017-24/ae_02 I3C017-24.pdf	2026-08-05 21:13:46	2026-08-05 21:13:46
198	371	expedientes/12/371/6a73a78a0867e_AE-01 I3C-017-24 EPP ERROS.pdf	AE-01 I3C-017-24 EPP ERROS.pdf	2369450	C-DGOP-DOP-026-24/e) Invitación a Cuando Menos 3/Participantes I3c-017-24/1. I3C-017-24 EPP ERROS/PROPUESTA ECONOMICA/AE-01 I3C-017-24 EPP ERROS.pdf	2026-08-05 21:13:46	2026-08-05 21:13:46
199	371	expedientes/12/371/6a73a78a0c9e9_ANEXO AE-05.pdf	ANEXO AE-05.pdf	2679395	C-DGOP-DOP-026-24/e) Invitación a Cuando Menos 3/Participantes I3c-017-24/1. I3C-017-24 EPP ERROS/PROPUESTA ECONOMICA/ANEXO AE-05.pdf	2026-08-05 21:13:46	2026-08-05 21:13:46
200	371	expedientes/12/371/6a73a78a13c36_AE-11 I3C-017-24.pdf	AE-11 I3C-017-24.pdf	719551	C-DGOP-DOP-026-24/e) Invitación a Cuando Menos 3/e3 Propuesta Ganadora I3C-017-24/2 Prop Economica I3C-017-24/AE-11 I3C-017-24.pdf	2026-08-05 21:13:46	2026-08-05 21:13:46
201	371	expedientes/12/371/6a73a78a15c28_ANEXO AT-07.pdf	ANEXO AT-07.pdf	4035734	C-DGOP-DOP-026-24/e) Invitación a Cuando Menos 3/Participantes I3c-017-24/2. I3C-017-24 URBIS/PROPUESTA TECNICA/ANEXO AT-07.pdf	2026-08-05 21:13:46	2026-08-05 21:13:46
202	371	expedientes/12/371/6a73a78a2148b_AE-02 I3C-017-24 EPP ERROS.pdf	AE-02 I3C-017-24 EPP ERROS.pdf	1578374	C-DGOP-DOP-026-24/e) Invitación a Cuando Menos 3/Participantes I3c-017-24/1. I3C-017-24 EPP ERROS/PROPUESTA ECONOMICA/AE-02 I3C-017-24 EPP ERROS.pdf	2026-08-05 21:13:46	2026-08-05 21:13:46
203	371	expedientes/12/371/6a73a78a25f30_AE-13 I3C-017-24.pdf	AE-13 I3C-017-24.pdf	2998328	C-DGOP-DOP-026-24/e) Invitación a Cuando Menos 3/e3 Propuesta Ganadora I3C-017-24/2 Prop Economica I3C-017-24/AE-13 I3C-017-24.pdf	2026-08-05 21:13:46	2026-08-05 21:13:46
204	371	expedientes/12/371/6a73a78a2f89b_ANEXO AT-07.pdf	ANEXO AT-07.pdf	4006759	C-DGOP-DOP-026-24/e) Invitación a Cuando Menos 3/Participantes I3c-017-24/1. I3C-017-24 EPP ERROS/PROPUESTA TECNICA/ANEXO AT-07.pdf	2026-08-05 21:13:46	2026-08-05 21:13:46
205	371	expedientes/12/371/6a73a78a3e3a0_ANEXO AE-03.pdf	ANEXO AE-03.pdf	4297572	C-DGOP-DOP-026-24/e) Invitación a Cuando Menos 3/Participantes I3c-017-24/2. I3C-017-24 URBIS/PROPUESTA ECONOMICA/ANEXO AE-03.pdf	2026-08-05 21:13:46	2026-08-05 21:13:46
206	371	expedientes/12/371/6a73a78a4dc3b_e5 Dictamen de Adj I3C-017-24.pdf	e5 Dictamen de Adj I3C-017-24.pdf	5214087	C-DGOP-DOP-026-24/e) Invitación a Cuando Menos 3/e5 Dictamen de Adj I3C-017-24.pdf	2026-08-05 21:13:46	2026-08-05 21:13:46
207	371	expedientes/12/371/6a73a78a5c5bd_AT-03 I3C-017-24.pdf	AT-03 I3C-017-24.pdf	2977747	C-DGOP-DOP-026-24/e) Invitación a Cuando Menos 3/e3 Propuesta Ganadora I3C-017-24/1 Prop Tecnica i3C-017-24/AT-03 I3C-017-24.pdf	2026-08-05 21:13:46	2026-08-05 21:13:46
208	371	expedientes/12/371/6a73a78a64256_ANEXO AE-13.pdf	ANEXO AE-13.pdf	2844477	C-DGOP-DOP-026-24/e) Invitación a Cuando Menos 3/Participantes I3c-017-24/2. I3C-017-24 URBIS/PROPUESTA ECONOMICA/ANEXO AE-13.pdf	2026-08-05 21:13:46	2026-08-05 21:13:46
209	371	expedientes/12/371/6a73a78a6bd9d_ANEXO AT-06.pdf	ANEXO AT-06.pdf	4492036	C-DGOP-DOP-026-24/e) Invitación a Cuando Menos 3/Participantes I3c-017-24/1. I3C-017-24 EPP ERROS/PROPUESTA TECNICA/ANEXO AT-06.pdf	2026-08-05 21:13:46	2026-08-05 21:13:46
210	371	expedientes/12/371/6a73a78a7431a_ANEXO AE-10.pdf	ANEXO AE-10.pdf	564110	C-DGOP-DOP-026-24/e) Invitación a Cuando Menos 3/Participantes I3c-017-24/2. I3C-017-24 URBIS/PROPUESTA ECONOMICA/ANEXO AE-10.pdf	2026-08-05 21:13:46	2026-08-05 21:13:46
211	371	expedientes/12/371/6a73a78a7509d_AT-04 I3C-017-24.pdf	AT-04 I3C-017-24.pdf	3357407	C-DGOP-DOP-026-24/e) Invitación a Cuando Menos 3/e3 Propuesta Ganadora I3C-017-24/1 Prop Tecnica i3C-017-24/AT-04 I3C-017-24.pdf	2026-08-05 21:13:46	2026-08-05 21:13:46
212	371	expedientes/12/371/6a73a78a7dfa0_AE-03 I3C-017-24.pdf	AE-03 I3C-017-24.pdf	4832188	C-DGOP-DOP-026-24/e) Invitación a Cuando Menos 3/e3 Propuesta Ganadora I3C-017-24/2 Prop Economica I3C-017-24/AE-03 I3C-017-24.pdf	2026-08-05 21:13:46	2026-08-05 21:13:46
213	371	expedientes/12/371/6a73a78a8a017_AE-05 I3C-017-24.pdf	AE-05 I3C-017-24.pdf	2638342	C-DGOP-DOP-026-24/e) Invitación a Cuando Menos 3/e3 Propuesta Ganadora I3C-017-24/2 Prop Economica I3C-017-24/AE-05 I3C-017-24.pdf	2026-08-05 21:13:46	2026-08-05 21:13:46
214	371	expedientes/12/371/6a73a78a9088c_ANEXO AT-04.pdf	ANEXO AT-04.pdf	6343681	C-DGOP-DOP-026-24/e) Invitación a Cuando Menos 3/Participantes I3c-017-24/2. I3C-017-24 URBIS/PROPUESTA TECNICA/ANEXO AT-04.pdf	2026-08-05 21:13:46	2026-08-05 21:13:46
215	371	expedientes/12/371/6a73a78aa9bc0_AT-07 I3C-017-24.pdf	AT-07 I3C-017-24.pdf	4222015	C-DGOP-DOP-026-24/e) Invitación a Cuando Menos 3/e3 Propuesta Ganadora I3C-017-24/1 Prop Tecnica i3C-017-24/AT-07 I3C-017-24.pdf	2026-08-05 21:13:46	2026-08-05 21:13:46
216	371	expedientes/12/371/6a73a78abce95_ANEXO AT-02.1 Modelo de Contrato I3C-Estatal 2024.pdf	ANEXO AT-02.1 Modelo de Contrato I3C-Estatal 2024.pdf	589164	C-DGOP-DOP-026-24/e) Invitación a Cuando Menos 3/e2 Bases I3C-017 ESTATAL/TECNICA/ANEXO AT-02.1 Modelo de Contrato I3C-Estatal 2024.pdf	2026-08-05 21:13:46	2026-08-05 21:13:46
217	371	expedientes/12/371/6a73a78ac3646_ANEXO AT-05.pdf	ANEXO AT-05.pdf	3015590	C-DGOP-DOP-026-24/e) Invitación a Cuando Menos 3/Participantes I3c-017-24/1. I3C-017-24 EPP ERROS/PROPUESTA TECNICA/ANEXO AT-05.pdf	2026-08-05 21:13:46	2026-08-05 21:13:46
218	371	expedientes/12/371/6a73a78acaf24_ANEXO AE-13.pdf	ANEXO AE-13.pdf	2923807	C-DGOP-DOP-026-24/e) Invitación a Cuando Menos 3/Participantes I3c-017-24/1. I3C-017-24 EPP ERROS/PROPUESTA ECONOMICA/ANEXO AE-13.pdf	2026-08-05 21:13:46	2026-08-05 21:13:46
219	371	expedientes/12/371/6a73a78ad1f2c_ANEXO AE-03.pdf	ANEXO AE-03.pdf	4438635	C-DGOP-DOP-026-24/e) Invitación a Cuando Menos 3/Participantes I3c-017-24/1. I3C-017-24 EPP ERROS/PROPUESTA ECONOMICA/ANEXO AE-03.pdf	2026-08-05 21:13:46	2026-08-05 21:13:46
220	371	expedientes/12/371/6a73a78adfe3c_AT-06 I3C-017-24.pdf	AT-06 I3C-017-24.pdf	10697992	C-DGOP-DOP-026-24/e) Invitación a Cuando Menos 3/e3 Propuesta Ganadora I3C-017-24/1 Prop Tecnica i3C-017-24/AT-06 I3C-017-24.pdf	2026-08-05 21:13:47	2026-08-05 21:13:47
221	371	expedientes/12/371/6a73a78b0c6ce_AT-01 I3C-017-24.pdf	AT-01 I3C-017-24.pdf	13371867	C-DGOP-DOP-026-24/e) Invitación a Cuando Menos 3/e3 Propuesta Ganadora I3C-017-24/1 Prop Tecnica i3C-017-24/AT-01 I3C-017-24.pdf	2026-08-05 21:13:47	2026-08-05 21:13:47
222	371	expedientes/12/371/6a73a78b40d1a_DOC. DISTINTA.pdf	DOC. DISTINTA.pdf	49065139	C-DGOP-DOP-026-24/e) Invitación a Cuando Menos 3/Participantes I3c-017-24/2. I3C-017-24 URBIS/DOC. DISTINTA/DOC. DISTINTA.pdf	2026-08-05 21:13:47	2026-08-05 21:13:47
223	371	expedientes/12/371/6a73a78bd6d74_AT-05 I3C-017-24.pdf	AT-05 I3C-017-24.pdf	8714175	C-DGOP-DOP-026-24/e) Invitación a Cuando Menos 3/e3 Propuesta Ganadora I3C-017-24/1 Prop Tecnica i3C-017-24/AT-05 I3C-017-24.pdf	2026-08-05 21:13:47	2026-08-05 21:13:47
224	371	expedientes/12/371/6a73a78bdf5b8_ANEXO AT-04.pdf	ANEXO AT-04.pdf	9241272	C-DGOP-DOP-026-24/e) Invitación a Cuando Menos 3/Participantes I3c-017-24/1. I3C-017-24 EPP ERROS/PROPUESTA TECNICA/ANEXO AT-04.pdf	2026-08-05 21:13:47	2026-08-05 21:13:47
225	371	expedientes/12/371/6a73a78bf0c11_AE-09 I3C-017-24.pdf	AE-09 I3C-017-24.pdf	898189	C-DGOP-DOP-026-24/e) Invitación a Cuando Menos 3/e3 Propuesta Ganadora I3C-017-24/2 Prop Economica I3C-017-24/AE-09 I3C-017-24.pdf	2026-08-05 21:13:47	2026-08-05 21:13:47
226	371	expedientes/12/371/6a73a78c00224_ANEXO AT-01.pdf	ANEXO AT-01.pdf	12895692	C-DGOP-DOP-026-24/e) Invitación a Cuando Menos 3/Participantes I3c-017-24/1. I3C-017-24 EPP ERROS/PROPUESTA TECNICA/ANEXO AT-01.pdf	2026-08-05 21:13:48	2026-08-05 21:13:48
227	371	expedientes/12/371/6a73a78c23c30_DOC. DISTINTA.pdf	DOC. DISTINTA.pdf	17514203	C-DGOP-DOP-026-24/e) Invitación a Cuando Menos 3/Participantes I3c-017-24/1. I3C-017-24 EPP ERROS/DOC. DISTINTA/DOC. DISTINTA.pdf	2026-08-05 21:13:48	2026-08-05 21:13:48
228	371	expedientes/12/371/6a73a78c5b054_ANEXO AT-01.pdf	ANEXO AT-01.pdf	12389002	C-DGOP-DOP-026-24/e) Invitación a Cuando Menos 3/Participantes I3c-017-24/2. I3C-017-24 URBIS/PROPUESTA TECNICA/ANEXO AT-01.pdf	2026-08-05 21:13:48	2026-08-05 21:13:48
229	371	expedientes/12/371/6a73a78c7d2cd_ANEXO AT-03.pdf	ANEXO AT-03.pdf	9712671	C-DGOP-DOP-026-24/e) Invitación a Cuando Menos 3/Participantes I3c-017-24/2. I3C-017-24 URBIS/PROPUESTA TECNICA/ANEXO AT-03.pdf	2026-08-05 21:13:48	2026-08-05 21:13:48
230	371	expedientes/12/371/6a73a78c9d30a_ANEXO AE-08.pdf	ANEXO AE-08.pdf	1000373	C-DGOP-DOP-026-24/e) Invitación a Cuando Menos 3/Participantes I3c-017-24/1. I3C-017-24 EPP ERROS/PROPUESTA ECONOMICA/ANEXO AE-08.pdf	2026-08-05 21:13:48	2026-08-05 21:13:48
231	371	expedientes/12/371/6a73a78ca2933_ANEXO AT-02.pdf	ANEXO AT-02.pdf	17836675	C-DGOP-DOP-026-24/e) Invitación a Cuando Menos 3/Participantes I3c-017-24/1. I3C-017-24 EPP ERROS/PROPUESTA TECNICA/ANEXO AT-02.pdf	2026-08-05 21:13:48	2026-08-05 21:13:48
232	371	expedientes/12/371/6a73a78cd9999_AT-02 I3C-017-24.pdf	AT-02 I3C-017-24.pdf	18254387	C-DGOP-DOP-026-24/e) Invitación a Cuando Menos 3/e3 Propuesta Ganadora I3C-017-24/1 Prop Tecnica i3C-017-24/AT-02 I3C-017-24.pdf	2026-08-05 21:13:49	2026-08-05 21:13:49
233	371	expedientes/12/371/6a73a78d14d3e_ANEXO AT-02.pdf	ANEXO AT-02.pdf	17920466	C-DGOP-DOP-026-24/e) Invitación a Cuando Menos 3/Participantes I3c-017-24/2. I3C-017-24 URBIS/PROPUESTA TECNICA/ANEXO AT-02.pdf	2026-08-05 21:13:49	2026-08-05 21:13:49
234	371	expedientes/12/371/6a73a78d45d94_AE-02 I3C-017-24 URBIS.pdf	AE-02 I3C-017-24 URBIS.pdf	1612802	C-DGOP-DOP-026-24/e) Invitación a Cuando Menos 3/Participantes I3c-017-24/2. I3C-017-24 URBIS/PROPUESTA ECONOMICA/AE-02 I3C-017-24 URBIS.pdf	2026-08-05 21:13:49	2026-08-05 21:13:49
235	371	expedientes/12/371/6a73a78d4ba25_0 Doc. Compl I3C-017-24.pdf	0 Doc. Compl I3C-017-24.pdf	27763620	C-DGOP-DOP-026-24/e) Invitación a Cuando Menos 3/e3 Propuesta Ganadora I3C-017-24/0 Doc. Compl I3C-017-24.pdf	2026-08-05 21:13:49	2026-08-05 21:13:49
236	371	expedientes/12/371/6a73a78d9979f_ANEXO AT-09.pdf	ANEXO AT-09.pdf	855142	C-DGOP-DOP-026-24/e) Invitación a Cuando Menos 3/Participantes I3c-017-24/2. I3C-017-24 URBIS/PROPUESTA TECNICA/ANEXO AT-09.pdf	2026-08-05 21:13:49	2026-08-05 21:13:49
237	371	expedientes/12/371/6a73a78d9d188_ANEXO AT-05.pdf	ANEXO AT-05.pdf	27082398	C-DGOP-DOP-026-24/e) Invitación a Cuando Menos 3/Participantes I3c-017-24/2. I3C-017-24 URBIS/PROPUESTA TECNICA/ANEXO AT-05.pdf	2026-08-05 21:13:49	2026-08-05 21:13:49
238	372	expedientes/12/372/6a73a78df036d_Dictamen Imp Amb I3C-017-24.pdf	Dictamen Imp Amb I3C-017-24.pdf	285043	C-DGOP-DOP-026-24/c) Permisos - Licencias/Dictamen Imp Amb I3C-017-24.pdf	2026-08-05 21:13:49	2026-08-05 21:13:49
239	372	expedientes/12/372/6a73a78df12c0_Permisos de Construccion I3C-017-24.pdf	Permisos de Construccion I3C-017-24.pdf	858225	C-DGOP-DOP-026-24/c) Permisos - Licencias/Permisos de Construccion I3C-017-24.pdf	2026-08-05 21:13:49	2026-08-05 21:13:49
240	373	expedientes/12/373/6a73a78df3c77_Art. 49 LOPSRMpET.pdf	Art. 49 LOPSRMpET.pdf	21292	C-DGOP-DOP-026-24/F) Dictamenes fundados/Art. 49 LOPSRMpET.pdf	2026-08-05 21:13:50	2026-08-05 21:13:50
241	374	expedientes/12/374/6a73a78e00cb9_Of Desig Supervisor al C-026-24.pdf	Of Desig Supervisor al C-026-24.pdf	273250	C-DGOP-DOP-026-24/n) Of Designación de Supervisor/Of Desig Supervisor al C-026-24.pdf	2026-08-05 21:13:50	2026-08-05 21:13:50
242	375	expedientes/12/375/6a73a78e0230c_o) Rep Fotográfico C-026-24.pdf	o) Rep Fotográfico C-026-24.pdf	199816	C-DGOP-DOP-026-24/p) Rep Fotográfico/o) Rep Fotográfico C-026-24.pdf	2026-08-05 21:13:50	2026-08-05 21:13:50
243	376	expedientes/12/376/6a73a78e039e4_Finiq de Obra C-026-24.pdf	Finiq de Obra C-026-24.pdf	746181	C-DGOP-DOP-026-24/v) Finiquito de Obra/Finiq de Obra C-026-24.pdf	2026-08-05 21:13:50	2026-08-05 21:13:50
244	377	expedientes/12/377/6a73a78e068fe_Presup. Base I3C-017-24.pdf	Presup. Base I3C-017-24.pdf	477038	C-DGOP-DOP-026-24/b) Presupuesto Base/Presup. Base I3C-017-24.pdf	2026-08-05 21:13:50	2026-08-05 21:13:50
245	379	expedientes/12/379/6a73a78e07cae_AE-02 I3C-017-24 EPP ERROS.pdf	AE-02 I3C-017-24 EPP ERROS.pdf	1578374	C-DGOP-DOP-026-24/i) Cat de Concepts Participantes/AE-02 I3C-017-24 EPP ERROS.pdf	2026-08-05 21:13:50	2026-08-05 21:13:50
246	379	expedientes/12/379/6a73a78e0ede1_AE-02 I3C-017-24 URBIS.pdf	AE-02 I3C-017-24 URBIS.pdf	1612802	C-DGOP-DOP-026-24/i) Cat de Concepts Participantes/AE-02 I3C-017-24 URBIS.pdf	2026-08-05 21:13:50	2026-08-05 21:13:50
247	380	expedientes/12/380/6a73a78e17726_A. Recep de Obra C-026-24.pdf	A. Recep de Obra C-026-24.pdf	2287912	C-DGOP-DOP-026-24/t) Acta Recep de Obra/A. Recep de Obra C-026-24.pdf	2026-08-05 21:13:50	2026-08-05 21:13:50
248	381	expedientes/12/381/6a73a78e1f747_Acta Ext de Derechos C-026-24.pdf	Acta Ext de Derechos C-026-24.pdf	1363569	C-DGOP-DOP-026-24/w) Acta Admitiva. Ext de Derechos y Obligaciones/Acta Ext de Derechos C-026-24.pdf	2026-08-05 21:13:50	2026-08-05 21:13:50
249	382	expedientes/12/382/6a73a78e271e4_F. Vicios Ocultos C-026-24.pdf	F. Vicios Ocultos C-026-24.pdf	4508443	C-DGOP-DOP-026-24/k) Garantías/F. Vicios Ocultos C-026-24.pdf	2026-08-05 21:13:50	2026-08-05 21:13:50
250	382	expedientes/12/382/6a73a78e375a0_F. Cumplimiento C-026-24.pdf	F. Cumplimiento C-026-24.pdf	1929713	C-DGOP-DOP-026-24/k) Garantías/F. Cumplimiento C-026-24.pdf	2026-08-05 21:13:50	2026-08-05 21:13:50
251	383	expedientes/12/383/6a73a78e4085a_AE-03 I3C-017-24.pdf	AE-03 I3C-017-24.pdf	4832188	C-DGOP-DOP-026-24/j) Tarjetas de P.U. Ganador/AE-03 I3C-017-24.pdf	2026-08-05 21:13:50	2026-08-05 21:13:50
252	384	expedientes/12/384/6a73a78e52eb6_C-DGOP-DOP-026-24.pdf	C-DGOP-DOP-026-24.pdf	11428628	C-DGOP-DOP-026-24/h) Contrato/C-DGOP-DOP-026-24.pdf	2026-08-05 21:13:50	2026-08-05 21:13:50
253	385	expedientes/12/385/6a73a78e69d21_C-026-24 Est. ÚNICA.pdf	C-026-24 Est. ÚNICA.pdf	34165323	C-DGOP-DOP-026-24/o) Estimaciones - Pruebas de Laboratorio/C-026-24 Est. ÚNICA.pdf	2026-08-05 21:13:50	2026-08-05 21:13:50
254	391	expedientes/13/391/6a74db6cab37a_PAdrón de Contratistas CONSERCA.pdf	PAdrón de Contratistas CONSERCA.pdf	39807	C-DGOP-DOP-026-24/G) Reg Vigente al Padrón de Contratistas/PAdrón de Contratistas CONSERCA.pdf	2026-08-06 19:07:24	2026-08-06 19:07:24
255	392	expedientes/13/392/6a74db6cb5756_Of de Terminacion C-026-24.pdf	Of de Terminacion C-026-24.pdf	235141	C-DGOP-DOP-026-24/m) Ofs de Inicio, Diponibilidad y Término/Of de Terminacion C-026-24.pdf	2026-08-06 19:07:24	2026-08-06 19:07:24
256	392	expedientes/13/392/6a74db6cb6788_Of INICIO de los Trabjs C-026-24.pdf	Of INICIO de los Trabjs C-026-24.pdf	239447	C-DGOP-DOP-026-24/m) Ofs de Inicio, Diponibilidad y Término/Of INICIO de los Trabjs C-026-24.pdf	2026-08-06 19:07:24	2026-08-06 19:07:24
257	392	expedientes/13/392/6a74db6cb70c1_Of Disp del Inmueble C-026-24.pdf	Of Disp del Inmueble C-026-24.pdf	233852	C-DGOP-DOP-026-24/m) Ofs de Inicio, Diponibilidad y Término/Of Disp del Inmueble C-026-24.pdf	2026-08-06 19:07:24	2026-08-06 19:07:24
258	393	expedientes/13/393/6a74db6cb843a_CAT DE CONCEPTOS I3C-017.pdf	CAT DE CONCEPTOS I3C-017.pdf	94264	C-DGOP-DOP-026-24/a) Proyecto Ejecutivo/CAT DE CONCEPTOS I3C-017.pdf	2026-08-06 19:07:24	2026-08-06 19:07:24
259	393	expedientes/13/393/6a74db6cb9663_Macro y Micro EscPrim Melchor Ocampo.pdf	Macro y Micro EscPrim Melchor Ocampo.pdf	298399	C-DGOP-DOP-026-24/a) Proyecto Ejecutivo/Macro y Micro EscPrim Melchor Ocampo.pdf	2026-08-06 19:07:24	2026-08-06 19:07:24
260	393	expedientes/13/393/6a74db6cba440_Mantto Pintura Esc. Prim.Melchor Ocampo-CONJUNTO-2025.pdf	Mantto Pintura Esc. Prim.Melchor Ocampo-CONJUNTO-2025.pdf	743577	C-DGOP-DOP-026-24/a) Proyecto Ejecutivo/Mantto Pintura Esc. Prim.Melchor Ocampo-CONJUNTO-2025.pdf	2026-08-06 19:07:24	2026-08-06 19:07:24
261	393	expedientes/13/393/6a74db6cbc43c_Mantto Pintura Esc. Prim.Melchor OcampoCORTES-ALZADOS-2025.pdf	Mantto Pintura Esc. Prim.Melchor OcampoCORTES-ALZADOS-2025.pdf	613211	C-DGOP-DOP-026-24/a) Proyecto Ejecutivo/Mantto Pintura Esc. Prim.Melchor OcampoCORTES-ALZADOS-2025.pdf	2026-08-06 19:07:24	2026-08-06 19:07:24
262	394	expedientes/13/394/6a74db6cbebff_InvI3C-017-24 Edifs Pavs y Proys.pdf	InvI3C-017-24 Edifs Pavs y Proys.pdf	582631	C-DGOP-DOP-026-24/e) Invitación a Cuando Menos 3/e1 Invitaciones/InvI3C-017-24 Edifs Pavs y Proys.pdf	2026-08-06 19:07:24	2026-08-06 19:07:24
263	394	expedientes/13/394/6a74db6cc05e7_InvI3C-017-24 Conserca.pdf	InvI3C-017-24 Conserca.pdf	602549	C-DGOP-DOP-026-24/e) Invitación a Cuando Menos 3/e1 Invitaciones/InvI3C-017-24 Conserca.pdf	2026-08-06 19:07:24	2026-08-06 19:07:24
264	394	expedientes/13/394/6a74db6cc141d_ANEXO AE-10.pdf	ANEXO AE-10.pdf	729949	C-DGOP-DOP-026-24/e) Invitación a Cuando Menos 3/Participantes I3c-017-24/1. I3C-017-24 EPP ERROS/PROPUESTA ECONOMICA/ANEXO AE-10.pdf	2026-08-06 19:07:24	2026-08-06 19:07:24
265	394	expedientes/13/394/6a74db6cc2b2a_ANEXO AE-11.pdf	ANEXO AE-11.pdf	696665	C-DGOP-DOP-026-24/e) Invitación a Cuando Menos 3/Participantes I3c-017-24/1. I3C-017-24 EPP ERROS/PROPUESTA ECONOMICA/ANEXO AE-11.pdf	2026-08-06 19:07:24	2026-08-06 19:07:24
266	394	expedientes/13/394/6a74db6cc48b6_InvI3C-017-24 Urbis FG .pdf	InvI3C-017-24 Urbis FG .pdf	606987	C-DGOP-DOP-026-24/e) Invitación a Cuando Menos 3/e1 Invitaciones/InvI3C-017-24 Urbis FG .pdf	2026-08-06 19:07:24	2026-08-06 19:07:24
267	394	expedientes/13/394/6a74db6cc59a7_ANEXO AE-08.pdf	ANEXO AE-08.pdf	887300	C-DGOP-DOP-026-24/e) Invitación a Cuando Menos 3/Participantes I3c-017-24/2. I3C-017-24 URBIS/PROPUESTA ECONOMICA/ANEXO AE-08.pdf	2026-08-06 19:07:24	2026-08-06 19:07:24
268	394	expedientes/13/394/6a74db6cc79e3_ANEXO AT-01 INSTRUCCIONES A LOS LICITANTES estatal IR 13C OK.pdf	ANEXO AT-01 INSTRUCCIONES A LOS LICITANTES estatal IR 13C OK.pdf	305738	C-DGOP-DOP-026-24/e) Invitación a Cuando Menos 3/e2 Bases I3C-017 ESTATAL/TECNICA/ANEXO AT-01 INSTRUCCIONES A LOS LICITANTES estatal IR 13C OK.pdf	2026-08-06 19:07:24	2026-08-06 19:07:24
269	394	expedientes/13/394/6a74db6cdea9e_e6 Acta Fallo I3C-017-24.pdf	e6 Acta Fallo I3C-017-24.pdf	1268885	C-DGOP-DOP-026-24/e) Invitación a Cuando Menos 3/e6 Acta Fallo I3C-017-24.pdf	2026-08-06 19:07:24	2026-08-06 19:07:24
270	394	expedientes/13/394/6a74db6ce1a21_ANEXO AE-09.pdf	ANEXO AE-09.pdf	532697	C-DGOP-DOP-026-24/e) Invitación a Cuando Menos 3/Participantes I3c-017-24/2. I3C-017-24 URBIS/PROPUESTA ECONOMICA/ANEXO AE-09.pdf	2026-08-06 19:07:24	2026-08-06 19:07:24
271	394	expedientes/13/394/6a74db6ce31a9_AT-08 I3C-017-24.pdf	AT-08 I3C-017-24.pdf	1037000	C-DGOP-DOP-026-24/e) Invitación a Cuando Menos 3/e3 Propuesta Ganadora I3C-017-24/1 Prop Tecnica i3C-017-24/AT-08 I3C-017-24.pdf	2026-08-06 19:07:24	2026-08-06 19:07:24
272	394	expedientes/13/394/6a74db6ce7eb9_ANEXO AE-09.pdf	ANEXO AE-09.pdf	932644	C-DGOP-DOP-026-24/e) Invitación a Cuando Menos 3/Participantes I3c-017-24/1. I3C-017-24 EPP ERROS/PROPUESTA ECONOMICA/ANEXO AE-09.pdf	2026-08-06 19:07:25	2026-08-06 19:07:25
273	394	expedientes/13/394/6a74db6d087bf_ANEXO.pdf	ANEXO.pdf	734226	C-DGOP-DOP-026-24/e) Invitación a Cuando Menos 3/Participantes I3c-017-24/1. I3C-017-24 EPP ERROS/DOC. DISTINTA/ANEXO.pdf	2026-08-06 19:07:25	2026-08-06 19:07:25
274	394	expedientes/13/394/6a74db6d0b141_ANEXO AE-07.pdf	ANEXO AE-07.pdf	1419761	C-DGOP-DOP-026-24/e) Invitación a Cuando Menos 3/Participantes I3c-017-24/1. I3C-017-24 EPP ERROS/PROPUESTA ECONOMICA/ANEXO AE-07.pdf	2026-08-06 19:07:25	2026-08-06 19:07:25
275	394	expedientes/13/394/6a74db6d0e5e4_AT-10 I3C-017-24.pdf	AT-10 I3C-017-24.pdf	976268	C-DGOP-DOP-026-24/e) Invitación a Cuando Menos 3/e3 Propuesta Ganadora I3C-017-24/1 Prop Tecnica i3C-017-24/AT-10 I3C-017-24.pdf	2026-08-06 19:07:25	2026-08-06 19:07:25
276	394	expedientes/13/394/6a74db6d1039e_ANEXO AT-10.pdf	ANEXO AT-10.pdf	1394870	C-DGOP-DOP-026-24/e) Invitación a Cuando Menos 3/Participantes I3c-017-24/2. I3C-017-24 URBIS/PROPUESTA TECNICA/ANEXO AT-10.pdf	2026-08-06 19:07:25	2026-08-06 19:07:25
277	394	expedientes/13/394/6a74db6d132d9_ANEXO AT-03.pdf	ANEXO AT-03.pdf	971862	C-DGOP-DOP-026-24/e) Invitación a Cuando Menos 3/Participantes I3c-017-24/1. I3C-017-24 EPP ERROS/PROPUESTA TECNICA/ANEXO AT-03.pdf	2026-08-06 19:07:25	2026-08-06 19:07:25
278	394	expedientes/13/394/6a74db6d167b1_ANEXO AE-04.pdf	ANEXO AE-04.pdf	1158380	C-DGOP-DOP-026-24/e) Invitación a Cuando Menos 3/Participantes I3c-017-24/1. I3C-017-24 EPP ERROS/PROPUESTA ECONOMICA/ANEXO AE-04.pdf	2026-08-06 19:07:25	2026-08-06 19:07:25
279	394	expedientes/13/394/6a74db6d1815c_ANEXO AE-04.pdf	ANEXO AE-04.pdf	1091022	C-DGOP-DOP-026-24/e) Invitación a Cuando Menos 3/Participantes I3c-017-24/2. I3C-017-24 URBIS/PROPUESTA ECONOMICA/ANEXO AE-04.pdf	2026-08-06 19:07:25	2026-08-06 19:07:25
280	394	expedientes/13/394/6a74db6d1abcf_AT-09 I3C-017-24.pdf	AT-09 I3C-017-24.pdf	1331049	C-DGOP-DOP-026-24/e) Invitación a Cuando Menos 3/e3 Propuesta Ganadora I3C-017-24/1 Prop Tecnica i3C-017-24/AT-09 I3C-017-24.pdf	2026-08-06 19:07:25	2026-08-06 19:07:25
281	394	expedientes/13/394/6a74db6d1cadb_ae_01 I3C017-24.pdf	ae_01 I3C017-24.pdf	1303883	C-DGOP-DOP-026-24/e) Invitación a Cuando Menos 3/e3 Propuesta Ganadora I3C-017-24/2 Prop Economica I3C-017-24/ae_01 I3C017-24.pdf	2026-08-06 19:07:25	2026-08-06 19:07:25
282	394	expedientes/13/394/6a74db6d1ea4c_AE-12 I3C-017-24 EPP ERROS.pdf	AE-12 I3C-017-24 EPP ERROS.pdf	966360	C-DGOP-DOP-026-24/e) Invitación a Cuando Menos 3/Participantes I3c-017-24/1. I3C-017-24 EPP ERROS/PROPUESTA ECONOMICA/AE-12 I3C-017-24 EPP ERROS.pdf	2026-08-06 19:07:25	2026-08-06 19:07:25
283	394	expedientes/13/394/6a74db6d203bd_AT-11 I3C-017-24 EPP ERROS.pdf	AT-11 I3C-017-24 EPP ERROS.pdf	942844	C-DGOP-DOP-026-24/e) Invitación a Cuando Menos 3/Participantes I3c-017-24/1. I3C-017-24 EPP ERROS/PROPUESTA TECNICA/AT-11 I3C-017-24 EPP ERROS.pdf	2026-08-06 19:07:25	2026-08-06 19:07:25
284	394	expedientes/13/394/6a74db6d21edd_AE-10 I3C-017-24.pdf	AE-10 I3C-017-24.pdf	745245	C-DGOP-DOP-026-24/e) Invitación a Cuando Menos 3/e3 Propuesta Ganadora I3C-017-24/2 Prop Economica I3C-017-24/AE-10 I3C-017-24.pdf	2026-08-06 19:07:25	2026-08-06 19:07:25
285	394	expedientes/13/394/6a74db6d22f10_ANEXO AT-08.pdf	ANEXO AT-08.pdf	708424	C-DGOP-DOP-026-24/e) Invitación a Cuando Menos 3/Participantes I3c-017-24/2. I3C-017-24 URBIS/PROPUESTA TECNICA/ANEXO AT-08.pdf	2026-08-06 19:07:25	2026-08-06 19:07:25
286	394	expedientes/13/394/6a74db6d250b1_ANEXO AE-07.pdf	ANEXO AE-07.pdf	1347620	C-DGOP-DOP-026-24/e) Invitación a Cuando Menos 3/Participantes I3c-017-24/2. I3C-017-24 URBIS/PROPUESTA ECONOMICA/ANEXO AE-07.pdf	2026-08-06 19:07:25	2026-08-06 19:07:25
287	394	expedientes/13/394/6a74db6d3d68e_AE-12 I3C-017-24 URBIS.pdf	AE-12 I3C-017-24 URBIS.pdf	1010408	C-DGOP-DOP-026-24/e) Invitación a Cuando Menos 3/Participantes I3c-017-24/2. I3C-017-24 URBIS/PROPUESTA ECONOMICA/AE-12 I3C-017-24 URBIS.pdf	2026-08-06 19:07:25	2026-08-06 19:07:25
288	394	expedientes/13/394/6a74db6d4150a_ae-12 I3C017-24.pdf	ae-12 I3C017-24.pdf	954360	C-DGOP-DOP-026-24/e) Invitación a Cuando Menos 3/e3 Propuesta Ganadora I3C-017-24/2 Prop Economica I3C-017-24/ae-12 I3C017-24.pdf	2026-08-06 19:07:25	2026-08-06 19:07:25
289	394	expedientes/13/394/6a74db6d44014_ANEXO AT-08.pdf	ANEXO AT-08.pdf	981040	C-DGOP-DOP-026-24/e) Invitación a Cuando Menos 3/Participantes I3c-017-24/1. I3C-017-24 EPP ERROS/PROPUESTA TECNICA/ANEXO AT-08.pdf	2026-08-06 19:07:25	2026-08-06 19:07:25
290	394	expedientes/13/394/6a74db6d465e7_AE-08 I3C-017-24.pdf	AE-08 I3C-017-24.pdf	1017888	C-DGOP-DOP-026-24/e) Invitación a Cuando Menos 3/e3 Propuesta Ganadora I3C-017-24/2 Prop Economica I3C-017-24/AE-08 I3C-017-24.pdf	2026-08-06 19:07:25	2026-08-06 19:07:25
291	394	expedientes/13/394/6a74db6d48086_ANEXO AE-05.pdf	ANEXO AE-05.pdf	1539380	C-DGOP-DOP-026-24/e) Invitación a Cuando Menos 3/Participantes I3c-017-24/2. I3C-017-24 URBIS/PROPUESTA ECONOMICA/ANEXO AE-05.pdf	2026-08-06 19:07:25	2026-08-06 19:07:25
292	394	expedientes/13/394/6a74db6d4aac2_ANEXO AT-01 A.pdf	ANEXO AT-01 A.pdf	791188	C-DGOP-DOP-026-24/e) Invitación a Cuando Menos 3/Participantes I3c-017-24/2. I3C-017-24 URBIS/PROPUESTA TECNICA/ANEXO AT-01 A.pdf	2026-08-06 19:07:25	2026-08-06 19:07:25
293	394	expedientes/13/394/6a74db6d4cdf8_AE-01 I3C-017-24 URBIS.pdf	AE-01 I3C-017-24 URBIS.pdf	1068647	C-DGOP-DOP-026-24/e) Invitación a Cuando Menos 3/Participantes I3c-017-24/2. I3C-017-24 URBIS/PROPUESTA ECONOMICA/AE-01 I3C-017-24 URBIS.pdf	2026-08-06 19:07:25	2026-08-06 19:07:25
294	394	expedientes/13/394/6a74db6d50ce9_AE-04 I3C-017-24.pdf	AE-04 I3C-017-24.pdf	1209674	C-DGOP-DOP-026-24/e) Invitación a Cuando Menos 3/e3 Propuesta Ganadora I3C-017-24/2 Prop Economica I3C-017-24/AE-04 I3C-017-24.pdf	2026-08-06 19:07:25	2026-08-06 19:07:25
295	394	expedientes/13/394/6a74db6d53489_ANEXO AT-09.pdf	ANEXO AT-09.pdf	974116	C-DGOP-DOP-026-24/e) Invitación a Cuando Menos 3/Participantes I3c-017-24/1. I3C-017-24 EPP ERROS/PROPUESTA TECNICA/ANEXO AT-09.pdf	2026-08-06 19:07:25	2026-08-06 19:07:25
296	394	expedientes/13/394/6a74db6d55188_ANEXO AE-06.pdf	ANEXO AE-06.pdf	1935320	C-DGOP-DOP-026-24/e) Invitación a Cuando Menos 3/Participantes I3c-017-24/2. I3C-017-24 URBIS/PROPUESTA ECONOMICA/ANEXO AE-06.pdf	2026-08-06 19:07:25	2026-08-06 19:07:25
297	394	expedientes/13/394/6a74db6d6e2b2_AE-06 I3C-017-24.pdf	AE-06 I3C-017-24.pdf	2322629	C-DGOP-DOP-026-24/e) Invitación a Cuando Menos 3/e3 Propuesta Ganadora I3C-017-24/2 Prop Economica I3C-017-24/AE-06 I3C-017-24.pdf	2026-08-06 19:07:25	2026-08-06 19:07:25
298	394	expedientes/13/394/6a74db6d76197_AE-07 I3C-017-24.pdf	AE-07 I3C-017-24.pdf	1459683	C-DGOP-DOP-026-24/e) Invitación a Cuando Menos 3/e3 Propuesta Ganadora I3C-017-24/2 Prop Economica I3C-017-24/AE-07 I3C-017-24.pdf	2026-08-06 19:07:25	2026-08-06 19:07:25
299	394	expedientes/13/394/6a74db6d78b87_ANEXO AE-06.pdf	ANEXO AE-06.pdf	2271089	C-DGOP-DOP-026-24/e) Invitación a Cuando Menos 3/Participantes I3c-017-24/1. I3C-017-24 EPP ERROS/PROPUESTA ECONOMICA/ANEXO AE-06.pdf	2026-08-06 19:07:25	2026-08-06 19:07:25
300	394	expedientes/13/394/6a74db6d7becf_at-11 I3C017-24.pdf	at-11 I3C017-24.pdf	909144	C-DGOP-DOP-026-24/e) Invitación a Cuando Menos 3/e3 Propuesta Ganadora I3C-017-24/1 Prop Tecnica i3C-017-24/at-11 I3C017-24.pdf	2026-08-06 19:07:25	2026-08-06 19:07:25
301	394	expedientes/13/394/6a74db6d7eab6_ANEXO AT-06.pdf	ANEXO AT-06.pdf	1901926	C-DGOP-DOP-026-24/e) Invitación a Cuando Menos 3/Participantes I3c-017-24/2. I3C-017-24 URBIS/PROPUESTA TECNICA/ANEXO AT-06.pdf	2026-08-06 19:07:25	2026-08-06 19:07:25
302	394	expedientes/13/394/6a74db6d812f5_ANEXO AT-10.pdf	ANEXO AT-10.pdf	964974	C-DGOP-DOP-026-24/e) Invitación a Cuando Menos 3/Participantes I3c-017-24/1. I3C-017-24 EPP ERROS/PROPUESTA TECNICA/ANEXO AT-10.pdf	2026-08-06 19:07:25	2026-08-06 19:07:25
303	394	expedientes/13/394/6a74db6d83a4f_ANEXO AE-11.pdf	ANEXO AE-11.pdf	624557	C-DGOP-DOP-026-24/e) Invitación a Cuando Menos 3/Participantes I3c-017-24/2. I3C-017-24 URBIS/PROPUESTA ECONOMICA/ANEXO AE-11.pdf	2026-08-06 19:07:25	2026-08-06 19:07:25
304	394	expedientes/13/394/6a74db6d84c80_e4 Acta de Apertura I3C-017-24.pdf	e4 Acta de Apertura I3C-017-24.pdf	3110548	C-DGOP-DOP-026-24/e) Invitación a Cuando Menos 3/e4 Acta de Apertura I3C-017-24.pdf	2026-08-06 19:07:25	2026-08-06 19:07:25
305	394	expedientes/13/394/6a74db6d89877_AT-11 I3C-017-24 URBIS.pdf	AT-11 I3C-017-24 URBIS.pdf	975016	C-DGOP-DOP-026-24/e) Invitación a Cuando Menos 3/Participantes I3c-017-24/2. I3C-017-24 URBIS/PROPUESTA TECNICA/AT-11 I3C-017-24 URBIS.pdf	2026-08-06 19:07:25	2026-08-06 19:07:25
306	394	expedientes/13/394/6a74db6da539a_ae_02 I3C017-24.pdf	ae_02 I3C017-24.pdf	1636676	C-DGOP-DOP-026-24/e) Invitación a Cuando Menos 3/e3 Propuesta Ganadora I3C-017-24/2 Prop Economica I3C-017-24/ae_02 I3C017-24.pdf	2026-08-06 19:07:25	2026-08-06 19:07:25
307	394	expedientes/13/394/6a74db6dabbd5_AE-01 I3C-017-24 EPP ERROS.pdf	AE-01 I3C-017-24 EPP ERROS.pdf	2369450	C-DGOP-DOP-026-24/e) Invitación a Cuando Menos 3/Participantes I3c-017-24/1. I3C-017-24 EPP ERROS/PROPUESTA ECONOMICA/AE-01 I3C-017-24 EPP ERROS.pdf	2026-08-06 19:07:25	2026-08-06 19:07:25
308	394	expedientes/13/394/6a74db6db3216_ANEXO AE-05.pdf	ANEXO AE-05.pdf	2679395	C-DGOP-DOP-026-24/e) Invitación a Cuando Menos 3/Participantes I3c-017-24/1. I3C-017-24 EPP ERROS/PROPUESTA ECONOMICA/ANEXO AE-05.pdf	2026-08-06 19:07:25	2026-08-06 19:07:25
309	394	expedientes/13/394/6a74db6dd4e8b_AE-11 I3C-017-24.pdf	AE-11 I3C-017-24.pdf	719551	C-DGOP-DOP-026-24/e) Invitación a Cuando Menos 3/e3 Propuesta Ganadora I3C-017-24/2 Prop Economica I3C-017-24/AE-11 I3C-017-24.pdf	2026-08-06 19:07:25	2026-08-06 19:07:25
310	394	expedientes/13/394/6a74db6dd607a_ANEXO AT-07.pdf	ANEXO AT-07.pdf	4035734	C-DGOP-DOP-026-24/e) Invitación a Cuando Menos 3/Participantes I3c-017-24/2. I3C-017-24 URBIS/PROPUESTA TECNICA/ANEXO AT-07.pdf	2026-08-06 19:07:26	2026-08-06 19:07:26
311	394	expedientes/13/394/6a74db6e08b58_AE-02 I3C-017-24 EPP ERROS.pdf	AE-02 I3C-017-24 EPP ERROS.pdf	1578374	C-DGOP-DOP-026-24/e) Invitación a Cuando Menos 3/Participantes I3c-017-24/1. I3C-017-24 EPP ERROS/PROPUESTA ECONOMICA/AE-02 I3C-017-24 EPP ERROS.pdf	2026-08-06 19:07:26	2026-08-06 19:07:26
312	394	expedientes/13/394/6a74db6e239c4_AE-13 I3C-017-24.pdf	AE-13 I3C-017-24.pdf	2998328	C-DGOP-DOP-026-24/e) Invitación a Cuando Menos 3/e3 Propuesta Ganadora I3C-017-24/2 Prop Economica I3C-017-24/AE-13 I3C-017-24.pdf	2026-08-06 19:07:26	2026-08-06 19:07:26
313	394	expedientes/13/394/6a74db6e2d7af_ANEXO AT-07.pdf	ANEXO AT-07.pdf	4006759	C-DGOP-DOP-026-24/e) Invitación a Cuando Menos 3/Participantes I3c-017-24/1. I3C-017-24 EPP ERROS/PROPUESTA TECNICA/ANEXO AT-07.pdf	2026-08-06 19:07:26	2026-08-06 19:07:26
314	394	expedientes/13/394/6a74db6e36084_ANEXO AE-03.pdf	ANEXO AE-03.pdf	4297572	C-DGOP-DOP-026-24/e) Invitación a Cuando Menos 3/Participantes I3c-017-24/2. I3C-017-24 URBIS/PROPUESTA ECONOMICA/ANEXO AE-03.pdf	2026-08-06 19:07:26	2026-08-06 19:07:26
315	394	expedientes/13/394/6a74db6e5b2d2_e5 Dictamen de Adj I3C-017-24.pdf	e5 Dictamen de Adj I3C-017-24.pdf	5214087	C-DGOP-DOP-026-24/e) Invitación a Cuando Menos 3/e5 Dictamen de Adj I3C-017-24.pdf	2026-08-06 19:07:26	2026-08-06 19:07:26
316	394	expedientes/13/394/6a74db6e7ea7b_AT-03 I3C-017-24.pdf	AT-03 I3C-017-24.pdf	2977747	C-DGOP-DOP-026-24/e) Invitación a Cuando Menos 3/e3 Propuesta Ganadora I3C-017-24/1 Prop Tecnica i3C-017-24/AT-03 I3C-017-24.pdf	2026-08-06 19:07:26	2026-08-06 19:07:26
317	394	expedientes/13/394/6a74db6e861f3_ANEXO AE-13.pdf	ANEXO AE-13.pdf	2844477	C-DGOP-DOP-026-24/e) Invitación a Cuando Menos 3/Participantes I3c-017-24/2. I3C-017-24 URBIS/PROPUESTA ECONOMICA/ANEXO AE-13.pdf	2026-08-06 19:07:26	2026-08-06 19:07:26
318	394	expedientes/13/394/6a74db6e8c019_ANEXO AT-06.pdf	ANEXO AT-06.pdf	4492036	C-DGOP-DOP-026-24/e) Invitación a Cuando Menos 3/Participantes I3c-017-24/1. I3C-017-24 EPP ERROS/PROPUESTA TECNICA/ANEXO AT-06.pdf	2026-08-06 19:07:26	2026-08-06 19:07:26
319	394	expedientes/13/394/6a74db6eb2a5d_ANEXO AE-10.pdf	ANEXO AE-10.pdf	564110	C-DGOP-DOP-026-24/e) Invitación a Cuando Menos 3/Participantes I3c-017-24/2. I3C-017-24 URBIS/PROPUESTA ECONOMICA/ANEXO AE-10.pdf	2026-08-06 19:07:26	2026-08-06 19:07:26
320	394	expedientes/13/394/6a74db6eb3a78_AT-04 I3C-017-24.pdf	AT-04 I3C-017-24.pdf	3357407	C-DGOP-DOP-026-24/e) Invitación a Cuando Menos 3/e3 Propuesta Ganadora I3C-017-24/1 Prop Tecnica i3C-017-24/AT-04 I3C-017-24.pdf	2026-08-06 19:07:26	2026-08-06 19:07:26
321	394	expedientes/13/394/6a74db6edb88f_AE-03 I3C-017-24.pdf	AE-03 I3C-017-24.pdf	4832188	C-DGOP-DOP-026-24/e) Invitación a Cuando Menos 3/e3 Propuesta Ganadora I3C-017-24/2 Prop Economica I3C-017-24/AE-03 I3C-017-24.pdf	2026-08-06 19:07:27	2026-08-06 19:07:27
322	394	expedientes/13/394/6a74db6f13129_AE-05 I3C-017-24.pdf	AE-05 I3C-017-24.pdf	2638342	C-DGOP-DOP-026-24/e) Invitación a Cuando Menos 3/e3 Propuesta Ganadora I3C-017-24/2 Prop Economica I3C-017-24/AE-05 I3C-017-24.pdf	2026-08-06 19:07:27	2026-08-06 19:07:27
323	394	expedientes/13/394/6a74db6f1cb64_ANEXO AT-04.pdf	ANEXO AT-04.pdf	6343681	C-DGOP-DOP-026-24/e) Invitación a Cuando Menos 3/Participantes I3c-017-24/2. I3C-017-24 URBIS/PROPUESTA TECNICA/ANEXO AT-04.pdf	2026-08-06 19:07:27	2026-08-06 19:07:27
324	394	expedientes/13/394/6a74db6f3b133_AT-07 I3C-017-24.pdf	AT-07 I3C-017-24.pdf	4222015	C-DGOP-DOP-026-24/e) Invitación a Cuando Menos 3/e3 Propuesta Ganadora I3C-017-24/1 Prop Tecnica i3C-017-24/AT-07 I3C-017-24.pdf	2026-08-06 19:07:27	2026-08-06 19:07:27
325	394	expedientes/13/394/6a74db6f6184e_ANEXO AT-02.1 Modelo de Contrato I3C-Estatal 2024.pdf	ANEXO AT-02.1 Modelo de Contrato I3C-Estatal 2024.pdf	589164	C-DGOP-DOP-026-24/e) Invitación a Cuando Menos 3/e2 Bases I3C-017 ESTATAL/TECNICA/ANEXO AT-02.1 Modelo de Contrato I3C-Estatal 2024.pdf	2026-08-06 19:07:27	2026-08-06 19:07:27
326	394	expedientes/13/394/6a74db6f64fc4_ANEXO AT-05.pdf	ANEXO AT-05.pdf	3015590	C-DGOP-DOP-026-24/e) Invitación a Cuando Menos 3/Participantes I3c-017-24/1. I3C-017-24 EPP ERROS/PROPUESTA TECNICA/ANEXO AT-05.pdf	2026-08-06 19:07:27	2026-08-06 19:07:27
327	394	expedientes/13/394/6a74db6f80fe3_ANEXO AE-13.pdf	ANEXO AE-13.pdf	2923807	C-DGOP-DOP-026-24/e) Invitación a Cuando Menos 3/Participantes I3c-017-24/1. I3C-017-24 EPP ERROS/PROPUESTA ECONOMICA/ANEXO AE-13.pdf	2026-08-06 19:07:27	2026-08-06 19:07:27
328	394	expedientes/13/394/6a74db6f88a3f_ANEXO AE-03.pdf	ANEXO AE-03.pdf	4438635	C-DGOP-DOP-026-24/e) Invitación a Cuando Menos 3/Participantes I3c-017-24/1. I3C-017-24 EPP ERROS/PROPUESTA ECONOMICA/ANEXO AE-03.pdf	2026-08-06 19:07:27	2026-08-06 19:07:27
329	394	expedientes/13/394/6a74db6f8ea1a_AT-06 I3C-017-24.pdf	AT-06 I3C-017-24.pdf	10697992	C-DGOP-DOP-026-24/e) Invitación a Cuando Menos 3/e3 Propuesta Ganadora I3C-017-24/1 Prop Tecnica i3C-017-24/AT-06 I3C-017-24.pdf	2026-08-06 19:07:27	2026-08-06 19:07:27
330	394	expedientes/13/394/6a74db6fb5957_AT-01 I3C-017-24.pdf	AT-01 I3C-017-24.pdf	13371867	C-DGOP-DOP-026-24/e) Invitación a Cuando Menos 3/e3 Propuesta Ganadora I3C-017-24/1 Prop Tecnica i3C-017-24/AT-01 I3C-017-24.pdf	2026-08-06 19:07:28	2026-08-06 19:07:28
331	394	expedientes/13/394/6a74db700ae94_DOC. DISTINTA.pdf	DOC. DISTINTA.pdf	49065139	C-DGOP-DOP-026-24/e) Invitación a Cuando Menos 3/Participantes I3c-017-24/2. I3C-017-24 URBIS/DOC. DISTINTA/DOC. DISTINTA.pdf	2026-08-06 19:07:29	2026-08-06 19:07:29
332	394	expedientes/13/394/6a74db712a5c7_AT-05 I3C-017-24.pdf	AT-05 I3C-017-24.pdf	8714175	C-DGOP-DOP-026-24/e) Invitación a Cuando Menos 3/e3 Propuesta Ganadora I3C-017-24/1 Prop Tecnica i3C-017-24/AT-05 I3C-017-24.pdf	2026-08-06 19:07:29	2026-08-06 19:07:29
333	394	expedientes/13/394/6a74db7154928_ANEXO AT-04.pdf	ANEXO AT-04.pdf	9241272	C-DGOP-DOP-026-24/e) Invitación a Cuando Menos 3/Participantes I3c-017-24/1. I3C-017-24 EPP ERROS/PROPUESTA TECNICA/ANEXO AT-04.pdf	2026-08-06 19:07:29	2026-08-06 19:07:29
334	394	expedientes/13/394/6a74db717b788_AE-09 I3C-017-24.pdf	AE-09 I3C-017-24.pdf	898189	C-DGOP-DOP-026-24/e) Invitación a Cuando Menos 3/e3 Propuesta Ganadora I3C-017-24/2 Prop Economica I3C-017-24/AE-09 I3C-017-24.pdf	2026-08-06 19:07:29	2026-08-06 19:07:29
335	394	expedientes/13/394/6a74db717d8dc_ANEXO AT-01.pdf	ANEXO AT-01.pdf	12895692	C-DGOP-DOP-026-24/e) Invitación a Cuando Menos 3/Participantes I3c-017-24/1. I3C-017-24 EPP ERROS/PROPUESTA TECNICA/ANEXO AT-01.pdf	2026-08-06 19:07:29	2026-08-06 19:07:29
336	394	expedientes/13/394/6a74db71ab7c9_DOC. DISTINTA.pdf	DOC. DISTINTA.pdf	17514203	C-DGOP-DOP-026-24/e) Invitación a Cuando Menos 3/Participantes I3c-017-24/1. I3C-017-24 EPP ERROS/DOC. DISTINTA/DOC. DISTINTA.pdf	2026-08-06 19:07:30	2026-08-06 19:07:30
337	394	expedientes/13/394/6a74db7231b89_ANEXO AT-01.pdf	ANEXO AT-01.pdf	12389002	C-DGOP-DOP-026-24/e) Invitación a Cuando Menos 3/Participantes I3c-017-24/2. I3C-017-24 URBIS/PROPUESTA TECNICA/ANEXO AT-01.pdf	2026-08-06 19:07:30	2026-08-06 19:07:30
338	394	expedientes/13/394/6a74db724c84e_ANEXO AT-03.pdf	ANEXO AT-03.pdf	9712671	C-DGOP-DOP-026-24/e) Invitación a Cuando Menos 3/Participantes I3c-017-24/2. I3C-017-24 URBIS/PROPUESTA TECNICA/ANEXO AT-03.pdf	2026-08-06 19:07:30	2026-08-06 19:07:30
339	394	expedientes/13/394/6a74db729b701_ANEXO AE-08.pdf	ANEXO AE-08.pdf	1000373	C-DGOP-DOP-026-24/e) Invitación a Cuando Menos 3/Participantes I3c-017-24/1. I3C-017-24 EPP ERROS/PROPUESTA ECONOMICA/ANEXO AE-08.pdf	2026-08-06 19:07:30	2026-08-06 19:07:30
340	394	expedientes/13/394/6a74db72a4286_ANEXO AT-02.pdf	ANEXO AT-02.pdf	17836675	C-DGOP-DOP-026-24/e) Invitación a Cuando Menos 3/Participantes I3c-017-24/1. I3C-017-24 EPP ERROS/PROPUESTA TECNICA/ANEXO AT-02.pdf	2026-08-06 19:07:31	2026-08-06 19:07:31
341	394	expedientes/13/394/6a74db7340e69_AT-02 I3C-017-24.pdf	AT-02 I3C-017-24.pdf	18254387	C-DGOP-DOP-026-24/e) Invitación a Cuando Menos 3/e3 Propuesta Ganadora I3C-017-24/1 Prop Tecnica i3C-017-24/AT-02 I3C-017-24.pdf	2026-08-06 19:07:31	2026-08-06 19:07:31
342	394	expedientes/13/394/6a74db73c7885_ANEXO AT-02.pdf	ANEXO AT-02.pdf	17920466	C-DGOP-DOP-026-24/e) Invitación a Cuando Menos 3/Participantes I3c-017-24/2. I3C-017-24 URBIS/PROPUESTA TECNICA/ANEXO AT-02.pdf	2026-08-06 19:07:32	2026-08-06 19:07:32
343	394	expedientes/13/394/6a74db741bf1c_AE-02 I3C-017-24 URBIS.pdf	AE-02 I3C-017-24 URBIS.pdf	1612802	C-DGOP-DOP-026-24/e) Invitación a Cuando Menos 3/Participantes I3c-017-24/2. I3C-017-24 URBIS/PROPUESTA ECONOMICA/AE-02 I3C-017-24 URBIS.pdf	2026-08-06 19:07:32	2026-08-06 19:07:32
344	394	expedientes/13/394/6a74db741e900_0 Doc. Compl I3C-017-24.pdf	0 Doc. Compl I3C-017-24.pdf	27763620	C-DGOP-DOP-026-24/e) Invitación a Cuando Menos 3/e3 Propuesta Ganadora I3C-017-24/0 Doc. Compl I3C-017-24.pdf	2026-08-06 19:07:32	2026-08-06 19:07:32
345	394	expedientes/13/394/6a74db7468059_ANEXO AT-09.pdf	ANEXO AT-09.pdf	855142	C-DGOP-DOP-026-24/e) Invitación a Cuando Menos 3/Participantes I3c-017-24/2. I3C-017-24 URBIS/PROPUESTA TECNICA/ANEXO AT-09.pdf	2026-08-06 19:07:32	2026-08-06 19:07:32
346	394	expedientes/13/394/6a74db746a982_ANEXO AT-05.pdf	ANEXO AT-05.pdf	27082398	C-DGOP-DOP-026-24/e) Invitación a Cuando Menos 3/Participantes I3c-017-24/2. I3C-017-24 URBIS/PROPUESTA TECNICA/ANEXO AT-05.pdf	2026-08-06 19:07:32	2026-08-06 19:07:32
347	395	expedientes/13/395/6a74db74d8759_Dictamen Imp Amb I3C-017-24.pdf	Dictamen Imp Amb I3C-017-24.pdf	285043	C-DGOP-DOP-026-24/c) Permisos - Licencias/Dictamen Imp Amb I3C-017-24.pdf	2026-08-06 19:07:32	2026-08-06 19:07:32
348	395	expedientes/13/395/6a74db74d9166_Permisos de Construccion I3C-017-24.pdf	Permisos de Construccion I3C-017-24.pdf	858225	C-DGOP-DOP-026-24/c) Permisos - Licencias/Permisos de Construccion I3C-017-24.pdf	2026-08-06 19:07:32	2026-08-06 19:07:32
349	396	expedientes/13/396/6a74db74da638_Art. 49 LOPSRMpET.pdf	Art. 49 LOPSRMpET.pdf	21292	C-DGOP-DOP-026-24/F) Dictamenes fundados/Art. 49 LOPSRMpET.pdf	2026-08-06 19:07:32	2026-08-06 19:07:32
350	397	expedientes/13/397/6a74db74e2ea0_Of Desig Supervisor al C-026-24.pdf	Of Desig Supervisor al C-026-24.pdf	273250	C-DGOP-DOP-026-24/n) Of Designación de Supervisor/Of Desig Supervisor al C-026-24.pdf	2026-08-06 19:07:33	2026-08-06 19:07:33
351	398	expedientes/13/398/6a74db7502df9_o) Rep Fotográfico C-026-24.pdf	o) Rep Fotográfico C-026-24.pdf	199816	C-DGOP-DOP-026-24/p) Rep Fotográfico/o) Rep Fotográfico C-026-24.pdf	2026-08-06 19:07:33	2026-08-06 19:07:33
352	399	expedientes/13/399/6a74db75067bf_Finiq de Obra C-026-24.pdf	Finiq de Obra C-026-24.pdf	746181	C-DGOP-DOP-026-24/v) Finiquito de Obra/Finiq de Obra C-026-24.pdf	2026-08-06 19:07:33	2026-08-06 19:07:33
353	400	expedientes/13/400/6a74db7508a4a_Presup. Base I3C-017-24.pdf	Presup. Base I3C-017-24.pdf	477038	C-DGOP-DOP-026-24/b) Presupuesto Base/Presup. Base I3C-017-24.pdf	2026-08-06 19:07:33	2026-08-06 19:07:33
354	402	expedientes/13/402/6a74db752134c_AE-02 I3C-017-24 EPP ERROS.pdf	AE-02 I3C-017-24 EPP ERROS.pdf	1578374	C-DGOP-DOP-026-24/i) Cat de Concepts Participantes/AE-02 I3C-017-24 EPP ERROS.pdf	2026-08-06 19:07:33	2026-08-06 19:07:33
355	402	expedientes/13/402/6a74db752a155_AE-02 I3C-017-24 URBIS.pdf	AE-02 I3C-017-24 URBIS.pdf	1612802	C-DGOP-DOP-026-24/i) Cat de Concepts Participantes/AE-02 I3C-017-24 URBIS.pdf	2026-08-06 19:07:33	2026-08-06 19:07:33
357	404	expedientes/13/404/6a74db754d6a3_Acta Ext de Derechos C-026-24.pdf	Acta Ext de Derechos C-026-24.pdf	1363569	C-DGOP-DOP-026-24/w) Acta Admitiva. Ext de Derechos y Obligaciones/Acta Ext de Derechos C-026-24.pdf	2026-08-06 19:07:33	2026-08-06 19:07:33
358	405	expedientes/13/405/6a74db7552db8_F. Vicios Ocultos C-026-24.pdf	F. Vicios Ocultos C-026-24.pdf	4508443	C-DGOP-DOP-026-24/k) Garantías/F. Vicios Ocultos C-026-24.pdf	2026-08-06 19:07:33	2026-08-06 19:07:33
359	405	expedientes/13/405/6a74db75726a1_F. Cumplimiento C-026-24.pdf	F. Cumplimiento C-026-24.pdf	1929713	C-DGOP-DOP-026-24/k) Garantías/F. Cumplimiento C-026-24.pdf	2026-08-06 19:07:33	2026-08-06 19:07:33
360	406	expedientes/13/406/6a74db75759b6_AE-03 I3C-017-24.pdf	AE-03 I3C-017-24.pdf	4832188	C-DGOP-DOP-026-24/j) Tarjetas de P.U. Ganador/AE-03 I3C-017-24.pdf	2026-08-06 19:07:33	2026-08-06 19:07:33
361	407	expedientes/13/407/6a74db7592fe1_C-DGOP-DOP-026-24.pdf	C-DGOP-DOP-026-24.pdf	11428628	C-DGOP-DOP-026-24/h) Contrato/C-DGOP-DOP-026-24.pdf	2026-08-06 19:07:33	2026-08-06 19:07:33
362	408	expedientes/13/408/6a74db75e0976_C-026-24 Est. ÚNICA.pdf	C-026-24 Est. ÚNICA.pdf	34165323	C-DGOP-DOP-026-24/o) Estimaciones - Pruebas de Laboratorio/C-026-24 Est. ÚNICA.pdf	2026-08-06 19:07:34	2026-08-06 19:07:34
\.


--
-- Data for Name: documentos_expediente; Type: TABLE DATA; Schema: public; Owner: proatam
--

COPY public.documentos_expediente (id, expediente_id, codigo_documento, nombre_documento, categoria, es_obligatorio, estado, observaciones_auditor, validado_at, validado_por_user_id, created_at, updated_at, requisito_plantilla_id, cumplimiento, observacion, confirmado_at, confirmado_por_user_id, es_manual) FROM stdin;
316	10	DOC-01	u) Acta de entrega (CFE-COMAPA	general	t	pendiente	\N	\N	\N	2026-08-03 20:29:55	2026-08-03 20:29:55	\N	no_aplica	Requisito marcado como No Aplica para este proyecto según la documentación proporcionada.	\N	\N	f
317	10	DOC-02	r) Convenio Modificatorio	general	t	pendiente	\N	\N	\N	2026-08-03 20:29:55	2026-08-03 20:29:55	\N	no_aplica	Requisito marcado como No Aplica para este proyecto según la documentación proporcionada.	\N	\N	f
318	10	DOC-03	q) Bitácoras de Obra (en Estimaciones)	general	t	pendiente	\N	\N	\N	2026-08-03 20:29:55	2026-08-03 20:29:55	\N	no_cumple	Carpeta sin documento PDF válido.	\N	\N	f
319	10	DOC-04	s) Aut. Concep Extraords	general	t	pendiente	\N	\N	\N	2026-08-03 20:29:55	2026-08-03 20:29:55	\N	no_aplica	Requisito marcado como No Aplica para este proyecto según la documentación proporcionada.	\N	\N	f
320	10	DOC-05	d) Licitación Pública	general	t	pendiente	\N	\N	\N	2026-08-03 20:29:55	2026-08-03 20:29:55	\N	no_aplica	Requisito marcado como No Aplica para este proyecto según la documentación proporcionada.	\N	\N	f
321	10	DOC-06	G) Reg Vigente al Padrón de Contratistas	general	t	recibido	\N	\N	\N	2026-08-03 20:29:55	2026-08-03 20:29:55	\N	cumple	Se integra documento en versión digital y se validan los requisitos mínimos.	\N	\N	f
322	10	DOC-07	m) Ofs de Inicio, Diponibilidad y Término	general	t	recibido	\N	\N	\N	2026-08-03 20:29:55	2026-08-03 20:29:55	\N	cumple	Se integra documento en versión digital y se validan los requisitos mínimos.	\N	\N	f
323	10	DOC-08	a) Proyecto Ejecutivo	general	t	recibido	\N	\N	\N	2026-08-03 20:29:55	2026-08-03 20:29:55	\N	cumple	Se integra documento en versión digital y se validan los requisitos mínimos.	\N	\N	f
324	10	DOC-09	e) Invitación a Cuando Menos 3	general	t	recibido	\N	\N	\N	2026-08-03 20:29:55	2026-08-03 20:29:55	\N	cumple	Se integra documento en versión digital y se validan los requisitos mínimos.	\N	\N	f
325	10	DOC-10	c) Permisos - Licencias	general	t	recibido	\N	\N	\N	2026-08-03 20:29:55	2026-08-03 20:29:55	\N	cumple	Se integra documento en versión digital y se validan los requisitos mínimos.	\N	\N	f
326	10	DOC-11	F) Dictamenes fundados	general	t	recibido	\N	\N	\N	2026-08-03 20:29:55	2026-08-03 20:29:55	\N	cumple	Se integra documento en versión digital y se validan los requisitos mínimos.	\N	\N	f
327	10	DOC-12	n) Of Designación de Supervisor	general	t	recibido	\N	\N	\N	2026-08-03 20:29:55	2026-08-03 20:29:55	\N	cumple	Se integra documento en versión digital y se validan los requisitos mínimos.	\N	\N	f
328	10	DOC-13	p) Rep Fotográfico	general	t	recibido	\N	\N	\N	2026-08-03 20:29:55	2026-08-03 20:29:55	\N	cumple	Se integra documento en versión digital y se validan los requisitos mínimos.	\N	\N	f
329	10	DOC-14	v) Finiquito de Obra	general	t	recibido	\N	\N	\N	2026-08-03 20:29:55	2026-08-03 20:29:55	\N	cumple	Se integra documento en versión digital y se validan los requisitos mínimos.	\N	\N	f
330	10	DOC-15	b) Presupuesto Base	general	t	recibido	\N	\N	\N	2026-08-03 20:29:55	2026-08-03 20:29:55	\N	cumple	Se integra documento en versión digital y se validan los requisitos mínimos.	\N	\N	f
331	10	DOC-16	l) Factura de Anticipo	general	t	pendiente	\N	\N	\N	2026-08-03 20:29:55	2026-08-03 20:29:55	\N	no_aplica	Requisito marcado como No Aplica para este proyecto según la documentación proporcionada.	\N	\N	f
332	10	DOC-17	i) Cat de Concepts Participantes	general	t	recibido	\N	\N	\N	2026-08-03 20:29:55	2026-08-03 20:29:55	\N	cumple	Se integra documento en versión digital y se validan los requisitos mínimos.	\N	\N	f
333	10	DOC-18	t) Acta Recep de Obra	general	t	recibido	\N	\N	\N	2026-08-03 20:29:55	2026-08-03 20:29:55	\N	cumple	Se integra documento en versión digital y se validan los requisitos mínimos.	\N	\N	f
334	10	DOC-19	w) Acta Admitiva. Ext de Derechos y Obligaciones	general	t	recibido	\N	\N	\N	2026-08-03 20:29:55	2026-08-03 20:29:55	\N	cumple	Se integra documento en versión digital y se validan los requisitos mínimos.	\N	\N	f
335	10	DOC-20	k) Garantías	general	t	recibido	\N	\N	\N	2026-08-03 20:29:55	2026-08-03 20:29:55	\N	cumple	Se integra documento en versión digital y se validan los requisitos mínimos.	\N	\N	f
336	10	DOC-21	j) Tarjetas de P.U. Ganador	general	t	recibido	\N	\N	\N	2026-08-03 20:29:55	2026-08-03 20:29:55	\N	cumple	Se integra documento en versión digital y se validan los requisitos mínimos.	\N	\N	f
337	10	DOC-22	h) Contrato	general	t	recibido	\N	\N	\N	2026-08-03 20:29:55	2026-08-03 20:29:55	\N	cumple	Se integra documento en versión digital y se validan los requisitos mínimos.	\N	\N	f
338	10	DOC-23	o) Estimaciones - Pruebas de Laboratorio	general	t	recibido	\N	\N	\N	2026-08-03 20:29:55	2026-08-03 20:29:56	\N	cumple	Se integra documento en versión digital y se validan los requisitos mínimos.	\N	\N	f
364	12	DOC-02	r) Convenio Modificatorio	general	t	pendiente	\N	\N	\N	2026-08-05 21:13:45	2026-08-05 21:13:45	\N	no_aplica	Requisito marcado como No Aplica para este proyecto según la documentación proporcionada.	\N	\N	f
365	12	DOC-03	q) Bitácoras de Obra (en Estimaciones)	general	t	pendiente	\N	\N	\N	2026-08-05 21:13:45	2026-08-05 21:13:45	\N	no_cumple	Carpeta sin documento PDF válido.	\N	\N	f
363	12	DOC-01	u) Acta de entrega (CFE-COMAPA	general	t	pendiente	\N	\N	\N	2026-08-05 21:13:45	2026-08-05 21:13:45	\N	no_aplica	Requisito marcado como No Aplica para este proyecto según la documentación proporcionada.	\N	\N	f
366	12	DOC-04	s) Aut. Concep Extraords	general	t	pendiente	\N	\N	\N	2026-08-05 21:13:45	2026-08-05 21:13:45	\N	no_aplica	Requisito marcado como No Aplica para este proyecto según la documentación proporcionada.	\N	\N	f
367	12	DOC-05	d) Licitación Pública	general	t	pendiente	\N	\N	\N	2026-08-05 21:13:45	2026-08-05 21:13:45	\N	no_aplica	Requisito marcado como No Aplica para este proyecto según la documentación proporcionada.	\N	\N	f
368	12	DOC-06	G) Reg Vigente al Padrón de Contratistas	general	t	recibido	\N	\N	\N	2026-08-05 21:13:45	2026-08-05 21:13:45	\N	cumple	Se integra documento(s) en versión digital y se validan los requisitos mínimos.	\N	\N	f
369	12	DOC-07	m) Ofs de Inicio, Diponibilidad y Término	general	t	recibido	\N	\N	\N	2026-08-05 21:13:45	2026-08-05 21:13:45	\N	cumple	Se integra documento(s) en versión digital y se validan los requisitos mínimos.	\N	\N	f
370	12	DOC-08	a) Proyecto Ejecutivo	general	t	recibido	\N	\N	\N	2026-08-05 21:13:45	2026-08-05 21:13:45	\N	cumple	Se integra documento(s) en versión digital y se validan los requisitos mínimos.	\N	\N	f
371	12	DOC-09	e) Invitación a Cuando Menos 3	general	t	recibido	\N	\N	\N	2026-08-05 21:13:45	2026-08-05 21:13:49	\N	cumple	Se integra documento(s) en versión digital y se validan los requisitos mínimos.	\N	\N	f
372	12	DOC-10	c) Permisos - Licencias	general	t	recibido	\N	\N	\N	2026-08-05 21:13:49	2026-08-05 21:13:49	\N	cumple	Se integra documento(s) en versión digital y se validan los requisitos mínimos.	\N	\N	f
373	12	DOC-11	F) Dictamenes fundados	general	t	recibido	\N	\N	\N	2026-08-05 21:13:49	2026-08-05 21:13:50	\N	cumple	Se integra documento(s) en versión digital y se validan los requisitos mínimos.	\N	\N	f
374	12	DOC-12	n) Of Designación de Supervisor	general	t	recibido	\N	\N	\N	2026-08-05 21:13:50	2026-08-05 21:13:50	\N	cumple	Se integra documento(s) en versión digital y se validan los requisitos mínimos.	\N	\N	f
375	12	DOC-13	p) Rep Fotográfico	general	t	recibido	\N	\N	\N	2026-08-05 21:13:50	2026-08-05 21:13:50	\N	cumple	Se integra documento(s) en versión digital y se validan los requisitos mínimos.	\N	\N	f
376	12	DOC-14	v) Finiquito de Obra	general	t	recibido	\N	\N	\N	2026-08-05 21:13:50	2026-08-05 21:13:50	\N	cumple	Se integra documento(s) en versión digital y se validan los requisitos mínimos.	\N	\N	f
377	12	DOC-15	b) Presupuesto Base	general	t	recibido	\N	\N	\N	2026-08-05 21:13:50	2026-08-05 21:13:50	\N	cumple	Se integra documento(s) en versión digital y se validan los requisitos mínimos.	\N	\N	f
378	12	DOC-16	l) Factura de Anticipo	general	t	pendiente	\N	\N	\N	2026-08-05 21:13:50	2026-08-05 21:13:50	\N	no_aplica	Requisito marcado como No Aplica para este proyecto según la documentación proporcionada.	\N	\N	f
379	12	DOC-17	i) Cat de Concepts Participantes	general	t	recibido	\N	\N	\N	2026-08-05 21:13:50	2026-08-05 21:13:50	\N	cumple	Se integra documento(s) en versión digital y se validan los requisitos mínimos.	\N	\N	f
380	12	DOC-18	t) Acta Recep de Obra	general	t	recibido	\N	\N	\N	2026-08-05 21:13:50	2026-08-05 21:13:50	\N	cumple	Se integra documento(s) en versión digital y se validan los requisitos mínimos.	\N	\N	f
381	12	DOC-19	w) Acta Admitiva. Ext de Derechos y Obligaciones	general	t	recibido	\N	\N	\N	2026-08-05 21:13:50	2026-08-05 21:13:50	\N	cumple	Se integra documento(s) en versión digital y se validan los requisitos mínimos.	\N	\N	f
382	12	DOC-20	k) Garantías	general	t	recibido	\N	\N	\N	2026-08-05 21:13:50	2026-08-05 21:13:50	\N	cumple	Se integra documento(s) en versión digital y se validan los requisitos mínimos.	\N	\N	f
383	12	DOC-21	j) Tarjetas de P.U. Ganador	general	t	recibido	\N	\N	\N	2026-08-05 21:13:50	2026-08-05 21:13:50	\N	cumple	Se integra documento(s) en versión digital y se validan los requisitos mínimos.	\N	\N	f
384	12	DOC-22	h) Contrato	general	t	recibido	\N	\N	\N	2026-08-05 21:13:50	2026-08-05 21:13:50	\N	cumple	Se integra documento(s) en versión digital y se validan los requisitos mínimos.	\N	\N	f
385	12	DOC-23	o) Estimaciones - Pruebas de Laboratorio	general	t	recibido	\N	\N	\N	2026-08-05 21:13:50	2026-08-05 21:13:50	\N	cumple	Se integra documento(s) en versión digital y se validan los requisitos mínimos.	\N	\N	f
386	13	DOC-01	u) Acta de entrega (CFE-COMAPA	general	t	pendiente	\N	\N	\N	2026-08-06 19:07:24	2026-08-06 19:07:24	\N	no_aplica	Requisito marcado como No Aplica para este proyecto según la documentación proporcionada.	\N	\N	f
387	13	DOC-02	r) Convenio Modificatorio	general	t	pendiente	\N	\N	\N	2026-08-06 19:07:24	2026-08-06 19:07:24	\N	no_aplica	Requisito marcado como No Aplica para este proyecto según la documentación proporcionada.	\N	\N	f
395	13	DOC-10	c) Permisos - Licencias	general	t	recibido	\N	\N	\N	2026-08-06 19:07:32	2026-08-06 19:07:32	\N	cumple	Se integra documento(s) en versión digital y se validan los requisitos mínimos.	\N	\N	f
388	13	DOC-03	q) Bitácoras de Obra (en Estimaciones)	general	t	pendiente	\N	\N	\N	2026-08-06 19:07:24	2026-08-06 19:07:24	\N	no_cumple	Carpeta sin documento PDF válido.	\N	\N	f
389	13	DOC-04	s) Aut. Concep Extraords	general	t	pendiente	\N	\N	\N	2026-08-06 19:07:24	2026-08-06 19:07:24	\N	no_aplica	Requisito marcado como No Aplica para este proyecto según la documentación proporcionada.	\N	\N	f
390	13	DOC-05	d) Licitación Pública	general	t	pendiente	\N	\N	\N	2026-08-06 19:07:24	2026-08-06 19:07:24	\N	no_aplica	Requisito marcado como No Aplica para este proyecto según la documentación proporcionada.	\N	\N	f
391	13	DOC-06	G) Reg Vigente al Padrón de Contratistas	general	t	recibido	\N	\N	\N	2026-08-06 19:07:24	2026-08-06 19:07:24	\N	cumple	Se integra documento(s) en versión digital y se validan los requisitos mínimos.	\N	\N	f
392	13	DOC-07	m) Ofs de Inicio, Diponibilidad y Término	general	t	recibido	\N	\N	\N	2026-08-06 19:07:24	2026-08-06 19:07:24	\N	cumple	Se integra documento(s) en versión digital y se validan los requisitos mínimos.	\N	\N	f
393	13	DOC-08	a) Proyecto Ejecutivo	general	t	recibido	\N	\N	\N	2026-08-06 19:07:24	2026-08-06 19:07:24	\N	cumple	Se integra documento(s) en versión digital y se validan los requisitos mínimos.	\N	\N	f
394	13	DOC-09	e) Invitación a Cuando Menos 3	general	t	recibido	\N	\N	\N	2026-08-06 19:07:24	2026-08-06 19:07:32	\N	cumple	Se integra documento(s) en versión digital y se validan los requisitos mínimos.	\N	\N	f
396	13	DOC-11	F) Dictamenes fundados	general	t	recibido	\N	\N	\N	2026-08-06 19:07:32	2026-08-06 19:07:32	\N	cumple	Se integra documento(s) en versión digital y se validan los requisitos mínimos.	\N	\N	f
397	13	DOC-12	n) Of Designación de Supervisor	general	t	recibido	\N	\N	\N	2026-08-06 19:07:32	2026-08-06 19:07:33	\N	cumple	Se integra documento(s) en versión digital y se validan los requisitos mínimos.	\N	\N	f
398	13	DOC-13	p) Rep Fotográfico	general	t	recibido	\N	\N	\N	2026-08-06 19:07:33	2026-08-06 19:07:33	\N	cumple	Se integra documento(s) en versión digital y se validan los requisitos mínimos.	\N	\N	f
399	13	DOC-14	v) Finiquito de Obra	general	t	recibido	\N	\N	\N	2026-08-06 19:07:33	2026-08-06 19:07:33	\N	cumple	Se integra documento(s) en versión digital y se validan los requisitos mínimos.	\N	\N	f
400	13	DOC-15	b) Presupuesto Base	general	t	recibido	\N	\N	\N	2026-08-06 19:07:33	2026-08-06 19:07:33	\N	cumple	Se integra documento(s) en versión digital y se validan los requisitos mínimos.	\N	\N	f
401	13	DOC-16	l) Factura de Anticipo	general	t	pendiente	\N	\N	\N	2026-08-06 19:07:33	2026-08-06 19:07:33	\N	no_aplica	Requisito marcado como No Aplica para este proyecto según la documentación proporcionada.	\N	\N	f
402	13	DOC-17	i) Cat de Concepts Participantes	general	t	recibido	\N	\N	\N	2026-08-06 19:07:33	2026-08-06 19:07:33	\N	cumple	Se integra documento(s) en versión digital y se validan los requisitos mínimos.	\N	\N	f
403	13	DOC-18	t) Acta Recep de Obra	general	t	recibido	\N	\N	\N	2026-08-06 19:07:33	2026-08-06 19:07:33	\N	cumple	Se integra documento(s) en versión digital y se validan los requisitos mínimos.	\N	\N	f
404	13	DOC-19	w) Acta Admitiva. Ext de Derechos y Obligaciones	general	t	recibido	\N	\N	\N	2026-08-06 19:07:33	2026-08-06 19:07:33	\N	cumple	Se integra documento(s) en versión digital y se validan los requisitos mínimos.	\N	\N	f
405	13	DOC-20	k) Garantías	general	t	recibido	\N	\N	\N	2026-08-06 19:07:33	2026-08-06 19:07:33	\N	cumple	Se integra documento(s) en versión digital y se validan los requisitos mínimos.	\N	\N	f
406	13	DOC-21	j) Tarjetas de P.U. Ganador	general	t	recibido	\N	\N	\N	2026-08-06 19:07:33	2026-08-06 19:07:33	\N	cumple	Se integra documento(s) en versión digital y se validan los requisitos mínimos.	\N	\N	f
407	13	DOC-22	h) Contrato	general	t	recibido	\N	\N	\N	2026-08-06 19:07:33	2026-08-06 19:07:33	\N	cumple	Se integra documento(s) en versión digital y se validan los requisitos mínimos.	\N	\N	f
408	13	DOC-23	o) Estimaciones - Pruebas de Laboratorio	general	t	recibido	\N	\N	\N	2026-08-06 19:07:33	2026-08-06 19:07:34	\N	cumple	Se integra documento(s) en versión digital y se validan los requisitos mínimos.	\N	\N	f
415	11	oficio-1	Oficio 1	general	t	pendiente	\N	\N	\N	2026-08-07 17:40:04	2026-08-07 17:40:04	24	pendiente	\N	\N	\N	f
416	11	oficio-2	Oficio 2	general	t	pendiente	\N	\N	\N	2026-08-07 17:40:04	2026-08-07 17:40:04	25	pendiente	\N	\N	\N	f
417	11	oficio-2	Oficio 3	general	t	pendiente	\N	\N	\N	2026-08-07 17:40:04	2026-08-07 17:40:04	26	pendiente	\N	\N	\N	f
\.


--
-- Data for Name: expedientes; Type: TABLE DATA; Schema: public; Owner: proatam
--

COPY public.expedientes (id, muestra_id, estado, fecha_recepcion, recibido_por, observaciones, porcentaje_completitud, created_by, created_at, updated_at, plantilla_id) FROM stdin;
10	37	incompleto	\N	\N	\N	96	\N	2026-08-03 20:28:27	2026-08-03 20:29:56	\N
12	36	incompleto	\N	\N	\N	96	\N	2026-08-05 21:13:34	2026-08-05 21:13:50	\N
13	39	incompleto	\N	\N	\N	96	8	2026-08-06 19:05:26	2026-08-06 19:07:34	\N
11	35	completo	\N	\N	\N	0	\N	2026-08-04 18:42:14	2026-08-07 17:40:04	2
\.


--
-- Data for Name: failed_jobs; Type: TABLE DATA; Schema: public; Owner: proatam
--

COPY public.failed_jobs (id, uuid, connection, queue, payload, exception, failed_at) FROM stdin;
1	28ef968b-445e-4c7b-885a-668ed3221256	database	default	{"uuid":"28ef968b-445e-4c7b-885a-668ed3221256","displayName":"App\\\\Jobs\\\\GenerarInformeWordJob","job":"Illuminate\\\\Queue\\\\CallQueuedHandler@call","maxTries":1,"maxExceptions":null,"failOnTimeout":false,"backoff":null,"timeout":null,"retryUntil":null,"data":{"commandName":"App\\\\Jobs\\\\GenerarInformeWordJob","command":"O:30:\\"App\\\\Jobs\\\\GenerarInformeWordJob\\":1:{s:7:\\"muestra\\";O:45:\\"Illuminate\\\\Contracts\\\\Database\\\\ModelIdentifier\\":5:{s:5:\\"class\\";s:18:\\"App\\\\Models\\\\Muestra\\";s:2:\\"id\\";i:31;s:9:\\"relations\\";a:3:{i:0;s:9:\\"municipio\\";i:1;s:6:\\"cedula\\";i:2;s:12:\\"anoEjercicio\\";}s:10:\\"connection\\";s:5:\\"pgsql\\";s:15:\\"collectionClass\\";N;}}","batchId":null},"createdAt":1785527833,"delay":null}	Exception: Job is incomplete class: {"__PHP_Incomplete_Class_Name":"App\\\\Jobs\\\\GenerarInformeWordJob","muestra":{"class":"App\\\\Models\\\\Muestra","id":31,"relations":["municipio","cedula","anoEjercicio"],"connection":"pgsql","collectionClass":null}} in C:\\xampp\\htdocs\\GECO-Auditor\\vendor\\laravel\\framework\\src\\Illuminate\\Queue\\CallQueuedHandler.php:117\nStack trace:\n#0 C:\\xampp\\htdocs\\GECO-Auditor\\vendor\\laravel\\framework\\src\\Illuminate\\Queue\\CallQueuedHandler.php(70): Illuminate\\Queue\\CallQueuedHandler->dispatchThroughMiddleware(Object(Illuminate\\Queue\\Jobs\\DatabaseJob), Object(__PHP_Incomplete_Class))\n#1 C:\\xampp\\htdocs\\GECO-Auditor\\vendor\\laravel\\framework\\src\\Illuminate\\Queue\\Jobs\\Job.php(102): Illuminate\\Queue\\CallQueuedHandler->call(Object(Illuminate\\Queue\\Jobs\\DatabaseJob), Array)\n#2 C:\\xampp\\htdocs\\GECO-Auditor\\vendor\\laravel\\framework\\src\\Illuminate\\Queue\\Worker.php(504): Illuminate\\Queue\\Jobs\\Job->fire()\n#3 C:\\xampp\\htdocs\\GECO-Auditor\\vendor\\laravel\\framework\\src\\Illuminate\\Queue\\Worker.php(454): Illuminate\\Queue\\Worker->process('database', Object(Illuminate\\Queue\\Jobs\\DatabaseJob), Object(Illuminate\\Queue\\WorkerOptions))\n#4 C:\\xampp\\htdocs\\GECO-Auditor\\vendor\\laravel\\framework\\src\\Illuminate\\Queue\\Worker.php(212): Illuminate\\Queue\\Worker->runJob(Object(Illuminate\\Queue\\Jobs\\DatabaseJob), 'database', Object(Illuminate\\Queue\\WorkerOptions))\n#5 C:\\xampp\\htdocs\\GECO-Auditor\\vendor\\laravel\\framework\\src\\Illuminate\\Queue\\Console\\WorkCommand.php(149): Illuminate\\Queue\\Worker->daemon('database', 'default', Object(Illuminate\\Queue\\WorkerOptions))\n#6 C:\\xampp\\htdocs\\GECO-Auditor\\vendor\\laravel\\framework\\src\\Illuminate\\Queue\\Console\\WorkCommand.php(132): Illuminate\\Queue\\Console\\WorkCommand->runWorker('database', 'default')\n#7 C:\\xampp\\htdocs\\GECO-Auditor\\vendor\\laravel\\framework\\src\\Illuminate\\Container\\BoundMethod.php(36): Illuminate\\Queue\\Console\\WorkCommand->handle()\n#8 C:\\xampp\\htdocs\\GECO-Auditor\\vendor\\laravel\\framework\\src\\Illuminate\\Container\\Util.php(43): Illuminate\\Container\\BoundMethod::Illuminate\\Container\\{closure}()\n#9 C:\\xampp\\htdocs\\GECO-Auditor\\vendor\\laravel\\framework\\src\\Illuminate\\Container\\BoundMethod.php(96): Illuminate\\Container\\Util::unwrapIfClosure(Object(Closure))\n#10 C:\\xampp\\htdocs\\GECO-Auditor\\vendor\\laravel\\framework\\src\\Illuminate\\Container\\BoundMethod.php(35): Illuminate\\Container\\BoundMethod::callBoundMethod(Object(Illuminate\\Foundation\\Application), Array, Object(Closure))\n#11 C:\\xampp\\htdocs\\GECO-Auditor\\vendor\\laravel\\framework\\src\\Illuminate\\Container\\Container.php(799): Illuminate\\Container\\BoundMethod::call(Object(Illuminate\\Foundation\\Application), Array, Array, NULL)\n#12 C:\\xampp\\htdocs\\GECO-Auditor\\vendor\\laravel\\framework\\src\\Illuminate\\Console\\Command.php(211): Illuminate\\Container\\Container->call(Array)\n#13 C:\\xampp\\htdocs\\GECO-Auditor\\vendor\\symfony\\console\\Command\\Command.php(341): Illuminate\\Console\\Command->execute(Object(Symfony\\Component\\Console\\Input\\ArgvInput), Object(Illuminate\\Console\\OutputStyle))\n#14 C:\\xampp\\htdocs\\GECO-Auditor\\vendor\\laravel\\framework\\src\\Illuminate\\Console\\Command.php(180): Symfony\\Component\\Console\\Command\\Command->run(Object(Symfony\\Component\\Console\\Input\\ArgvInput), Object(Illuminate\\Console\\OutputStyle))\n#15 C:\\xampp\\htdocs\\GECO-Auditor\\vendor\\symfony\\console\\Application.php(1117): Illuminate\\Console\\Command->run(Object(Symfony\\Component\\Console\\Input\\ArgvInput), Object(Symfony\\Component\\Console\\Output\\ConsoleOutput))\n#16 C:\\xampp\\htdocs\\GECO-Auditor\\vendor\\symfony\\console\\Application.php(356): Symfony\\Component\\Console\\Application->doRunCommand(Object(Illuminate\\Queue\\Console\\WorkCommand), Object(Symfony\\Component\\Console\\Input\\ArgvInput), Object(Symfony\\Component\\Console\\Output\\ConsoleOutput))\n#17 C:\\xampp\\htdocs\\GECO-Auditor\\vendor\\symfony\\console\\Application.php(195): Symfony\\Component\\Console\\Application->doRun(Object(Symfony\\Component\\Console\\Input\\ArgvInput), Object(Symfony\\Component\\Console\\Output\\ConsoleOutput))\n#18 C:\\xampp\\htdocs\\GECO-Auditor\\vendor\\laravel\\framework\\src\\Illuminate\\Foundation\\Console\\Kernel.php(198): Symfony\\Component\\Console\\Application->run(Object(Symfony\\Component\\Console\\Input\\ArgvInput), Object(Symfony\\Component\\Console\\Output\\ConsoleOutput))\n#19 C:\\xampp\\htdocs\\GECO-Auditor\\vendor\\laravel\\framework\\src\\Illuminate\\Foundation\\Application.php(1235): Illuminate\\Foundation\\Console\\Kernel->handle(Object(Symfony\\Component\\Console\\Input\\ArgvInput), Object(Symfony\\Component\\Console\\Output\\ConsoleOutput))\n#20 C:\\xampp\\htdocs\\GECO-Auditor\\artisan(16): Illuminate\\Foundation\\Application->handleCommand(Object(Symfony\\Component\\Console\\Input\\ArgvInput))\n#21 {main}	2026-07-31 19:57:15
\.


--
-- Data for Name: importaciones; Type: TABLE DATA; Schema: public; Owner: proatam
--

COPY public.importaciones (id, tipo, archivo_nombre, plantilla_importacion_id, municipio_id, ano_ejercicio_id, total_filas, filas_importadas, filas_con_error, estado, log_errores, importado_por_id, created_at, updated_at) FROM stdin;
\.


--
-- Data for Name: job_batches; Type: TABLE DATA; Schema: public; Owner: proatam
--

COPY public.job_batches (id, name, total_jobs, pending_jobs, failed_jobs, failed_job_ids, options, cancelled_at, created_at, finished_at) FROM stdin;
\.


--
-- Data for Name: jobs; Type: TABLE DATA; Schema: public; Owner: proatam
--

COPY public.jobs (id, queue, payload, attempts, reserved_at, available_at, created_at) FROM stdin;
\.


--
-- Data for Name: migrations; Type: TABLE DATA; Schema: public; Owner: proatam
--

COPY public.migrations (id, migration, batch) FROM stdin;
1	0001_01_01_000000_create_users_table	1
2	0001_01_01_000001_create_cache_table	1
3	0001_01_01_000002_create_jobs_table	1
4	2026_07_27_193129_add_two_factor_columns_to_users_table	1
5	2026_07_27_193130_create_passkeys_table	1
6	2026_07_27_193149_create_personal_access_tokens_table	1
7	2026_07_28_143618_create_activity_log_table	1
8	2026_07_28_143619_add_event_column_to_activity_log_table	1
9	2026_07_28_143620_add_batch_uuid_column_to_activity_log_table	1
10	2026_07_28_144344_add_geco_fields_to_users_table	1
11	2026_07_28_144344_create_anos_ejercicio_table	1
12	2026_07_28_144344_create_municipios_table	1
13	2026_07_28_144345_create_catalogo_tipos_obra_table	1
14	2026_07_28_144345_create_muestras_table	1
15	2026_07_28_144345_create_plantillas_importacion_table	1
16	2026_07_28_144346_create_importaciones_table	1
17	2026_07_28_150053_create_expedientes_table	1
18	2026_07_28_150054_create_documentos_expediente_table	1
19	2026_07_28_150054_create_revisiones_fisicas_table	1
20	2026_07_28_150535_create_cedulas_table	1
21	2026_07_28_150536_create_cedula_renglones_table	1
22	2026_07_28_172650_add_excel_fields_to_muestras_table	2
23	2026_07_28_200116_add_extra_excel_fields_to_muestras_table	3
24	2026_07_28_200849_split_coordenadas_in_muestras_table	4
25	2026_07_29_184900_create_plantillas_expediente_table	5
26	2026_07_29_184901_create_requisitos_plantilla_table	5
27	2026_07_29_184902_alter_expedientes_add_plantilla_id	5
28	2026_07_29_184903_alter_documentos_expediente_add_cumplimiento	5
29	2026_07_30_173212_add_archivos_excel_to_cedulas_table	6
30	2026_07_30_201924_add_informe_fields_to_cedulas_table	7
31	2026_07_31_184401_add_hallazgo_fields_to_cedula_renglones_table	8
32	2026_07_31_192538_fix_cedula_renglones_resultado_check_constraint	9
33	2026_07_31_204420_add_archivo_adjunto_to_cedulas_table	10
34	2026_08_03_175933_add_zona_to_muestras_table	11
35	2026_08_04_185430_add_is_manual_to_documentos_expediente	12
36	2026_08_04_190343_create_documento_expediente_archivos_table	13
37	2026_08_04_211349_add_plantilla_campos_to_revisiones_fisicas_table	14
38	2026_08_05_212000_add_estado_to_municipios_table	15
39	2026_08_07_205410_create_muestra_archivos_table	16
\.


--
-- Data for Name: muestra_archivos; Type: TABLE DATA; Schema: public; Owner: proatam
--

COPY public.muestra_archivos (id, muestra_id, subido_por, nombre_original, path, tipo_mime, tamanio, created_at, updated_at) FROM stdin;
\.


--
-- Data for Name: muestras; Type: TABLE DATA; Schema: public; Owner: proatam
--

COPY public.muestras (id, municipio_id, ano_ejercicio_id, folio, nombre_obra, tipo_entidad, tipo_obra, etapa_actual, porcentaje_avance, zona_informe_override, responsable_id, ultima_modificacion_user_id, ultima_modificacion_at, notas, created_by, created_at, updated_at, numero_contrato, ubicacion, contratista, modalidad_adjudicacion, inversion_autorizada, inversion_ejercida, avance_fisico, avance_financiero, situacion_obra, fecha_inicio, fecha_termino, coordenadas_inicio, coordenadas_fin, zona) FROM stdin;
37	3	3	\N	TRABAJOS DE REHABILITACION DE LA ESCUELA PRIMARIA MELCHOR OCAMPO UBICADA EN LA CALLE SALVADOR DIAZ MIRON, Y CALLE AGUAS CALIENTES. EN LA COL. FERROCARRILERA, EN CD. MADERO, TAMAULIPAS (1ER ETAPA).	gobierno	\N	informe_final	100	\N	\N	\N	2026-08-03 20:40:26	\N	\N	2026-08-03 20:26:22	2026-08-03 20:40:26	C-DGOP-DOP-026/24	EN CD. MADERO,TAM	CONSERCA, S.A DE C.V.	INVITACION A CUANDO MENOS TRES CONTRATISTAS	1266959.67	1266959.67	0.00	100.00	terminada	y	L	22° 14' 41.64" N 97° 49' 51.24" W	22° 14' 41.64" N 97° 49' 51.24" W	norte
36	16	3	\N	TRABAJOS DE REHABILITACION EN EL COMPLEJO DEPORTIVO DE PLAYA (POLIDEPORTIVO), UBICADO EN EL BOULEVARD COSTERO DE PLAYA MIRAMAR EN CD. MADERO, TAM. (1RA ETAPA).	ayuntamiento	\N	cedulas_vaciadas	67	\N	\N	\N	2026-08-04 21:35:20	\N	\N	2026-08-03 20:07:24	2026-08-05 14:04:29	C-DGOP-DOP-027/24	EN CD. MADERO,TAM	SANEDU CONSTRUCCIONES, S.A DE C.V.	INVITACION A CUANDO MENOS TRES CONTRATISTAS	2398328.05	2398233.44	0.00	100.00	terminada	y	L	22° 17' 0.24" N;   97° 47' 58.56" W	22° 17' 0.24" N;   97° 47' 58.56" W	centro
35	16	3	\N	TRABAJOS DE REHABILITACION DE LA ESCUELA PRIMARIA MELCHOR OCAMPO UBICADA EN LA CALLE SALVADOR DIAZ MIRON, Y CALLE AGUAS CALIENTES. EN LA COL. FERROCARRILERA, EN CD. MADERO, TAMAULIPAS (1ER ETAPA).	ayuntamiento	\N	informe_expediente	83	\N	\N	\N	\N	\N	\N	2026-08-03 20:07:24	2026-08-05 15:03:43	C-DGOP-DOP-026/24	EN CD. MADERO,TAM	CONSERCA, S.A DE C.V.	INVITACION A CUANDO MENOS TRES CONTRATISTAS	1266959.67	1266959.67	0.00	100.00	terminada	y	L	22° 14' 41.64" N 97° 49' 51.24" W	22° 14' 41.64" N 97° 49' 51.24" W	centro
38	3	3	\N	TRABAJOS DE REHABILITACION EN EL COMPLEJO DEPORTIVO DE PLAYA (POLIDEPORTIVO), UBICADO EN EL BOULEVARD COSTERO DE PLAYA MIRAMAR EN CD. MADERO, TAM. (1RA ETAPA).	gobierno	\N	muestra_registrada	17	\N	\N	\N	\N	\N	\N	2026-08-03 20:26:22	2026-08-03 20:26:22	C-DGOP-DOP-027/24	EN CD. MADERO,TAM	SANEDU CONSTRUCCIONES, S.A DE C.V.	INVITACION A CUANDO MENOS TRES CONTRATISTAS	2398328.05	2398233.44	0.00	100.00	terminada	y	L	22° 17' 0.24" N;   97° 47' 58.56" W	22° 17' 0.24" N;   97° 47' 58.56" W	norte
39	19	3	\N	REHABILITACION DE TERRENO (HUNDIMIENTO) Y BACHEO PROFUNDO, CRUCERO DE CALLE GRAL. EMILIANO ZAPATA Y NICARAGUA, Y CRUCERO DE CALLE EMILIANO ZAPATA Y AARON SÁENZ EN LA COL. UNIÓN BUROCRATICA SECTOR 1 EN CD. MANTE.	ayuntamiento	\N	revision_fisica	50	\N	8	\N	\N	\N	8	2026-08-06 19:04:06	2026-08-06 19:11:26	RP2025/021/001	COL. UNIÓN BUROCRATICA SECTOR 1 EN CD. MANTE.	ANDREA CASTILLEJA GONZÁLEZ	ADJUDICACIÓN DIRECTA	592030.38	592030.38	100.00	100.00	terminada	L	y	22°44'06.5"N 98°57'16.5"W	22°44'02.6"N 98°57'17.0"W	sur
\.


--
-- Data for Name: municipios; Type: TABLE DATA; Schema: public; Owner: proatam
--

COPY public.municipios (id, nombre, clave, zona_primaria, zona_secundaria, es_zona_mixta, activo, created_at, updated_at, estado) FROM stdin;
1	Altamira	ALT	norte	\N	f	t	2026-07-28 15:24:15	2026-07-28 15:24:15	Tamaulipas
2	Ciudad Madero	CDM	norte	\N	f	t	2026-07-28 15:24:15	2026-07-28 15:24:15	Tamaulipas
3	González	GON	norte	\N	f	t	2026-07-28 15:24:15	2026-07-28 15:24:15	Tamaulipas
4	Tampico	TAM	norte	\N	f	t	2026-07-28 15:24:15	2026-07-28 15:24:15	Tamaulipas
5	Tampico Alto	TAA	norte	\N	f	t	2026-07-28 15:24:15	2026-07-28 15:24:15	Tamaulipas
6	Pánuco	PAN	norte	\N	f	t	2026-07-28 15:24:15	2026-07-28 15:24:15	Tamaulipas
7	Ébano	EBA	norte	\N	f	t	2026-07-28 15:24:15	2026-07-28 15:24:15	Tamaulipas
8	Antiguo Morelos	ANM	sur	\N	f	t	2026-07-28 15:24:15	2026-07-28 15:24:15	Tamaulipas
9	Bustamante	BUS	sur	\N	f	t	2026-07-28 15:24:15	2026-07-28 15:24:15	Tamaulipas
10	Gómez Farías	GFA	sur	\N	f	t	2026-07-28 15:24:15	2026-07-28 15:24:15	Tamaulipas
11	Llera	LLE	sur	\N	f	t	2026-07-28 15:24:15	2026-07-28 15:24:15	Tamaulipas
12	Mante	MAN	sur	\N	f	t	2026-07-28 15:24:15	2026-07-28 15:24:15	Tamaulipas
13	Nuevo Morelos	NMO	sur	\N	f	t	2026-07-28 15:24:15	2026-07-28 15:24:15	Tamaulipas
14	Ocampo	OCA	sur	\N	f	t	2026-07-28 15:24:15	2026-07-28 15:24:15	Tamaulipas
15	Xicoténcatl	XIC	sur	\N	f	t	2026-07-28 15:24:15	2026-07-28 15:24:15	Tamaulipas
16	Abasolo	ABA	centro	\N	f	t	2026-07-28 15:24:15	2026-07-28 15:24:15	Tamaulipas
17	Aldama	ALD	centro	\N	f	t	2026-07-28 15:24:15	2026-07-28 15:24:15	Tamaulipas
18	Casas	CAS	centro	\N	f	t	2026-07-28 15:24:15	2026-07-28 15:24:15	Tamaulipas
19	El Mante	ELM	centro	\N	f	t	2026-07-28 15:24:15	2026-07-28 15:24:15	Tamaulipas
20	Güémez	GUE	centro	\N	f	t	2026-07-28 15:24:15	2026-07-28 15:24:15	Tamaulipas
21	Hidalgo	HID	centro	\N	f	t	2026-07-28 15:24:15	2026-07-28 15:24:15	Tamaulipas
22	Jaumave	JAU	centro	\N	f	t	2026-07-28 15:24:15	2026-07-28 15:24:15	Tamaulipas
23	Jiménez	JIM	centro	\N	f	t	2026-07-28 15:24:15	2026-07-28 15:24:15	Tamaulipas
24	Mainero	MAI	centro	\N	f	t	2026-07-28 15:24:15	2026-07-28 15:24:15	Tamaulipas
25	Méndez	MEN	centro	\N	f	t	2026-07-28 15:24:15	2026-07-28 15:24:15	Tamaulipas
26	Mier	MIE	centro	\N	f	t	2026-07-28 15:24:15	2026-07-28 15:24:15	Tamaulipas
27	Miguel Alemán	MIA	centro	\N	f	t	2026-07-28 15:24:15	2026-07-28 15:24:15	Tamaulipas
28	Padilla	PAD	centro	\N	f	t	2026-07-28 15:24:15	2026-07-28 15:24:15	Tamaulipas
29	Palmillas	PAL	centro	\N	f	t	2026-07-28 15:24:15	2026-07-28 15:24:15	Tamaulipas
30	San Carlos	SCA	centro	\N	f	t	2026-07-28 15:24:15	2026-07-28 15:24:15	Tamaulipas
31	San Fernando	SFE	centro	\N	f	t	2026-07-28 15:24:15	2026-07-28 15:24:15	Tamaulipas
32	San Nicolás	SNI	centro	\N	f	t	2026-07-28 15:24:15	2026-07-28 15:24:15	Tamaulipas
33	Soto la Marina	SOT	centro	\N	f	t	2026-07-28 15:24:15	2026-07-28 15:24:15	Tamaulipas
34	Victoria	VIC	centro	\N	f	t	2026-07-28 15:24:15	2026-07-28 15:24:15	Tamaulipas
35	Villagrán	VIL	centro	\N	f	t	2026-07-28 15:24:15	2026-07-28 15:24:15	Tamaulipas
36	El Limón	ELI	norte	centro	t	t	2026-07-28 15:24:15	2026-07-28 15:24:15	Tamaulipas
37	Burgos	\N	centro	\N	f	t	2026-08-05 21:20:44	2026-08-05 21:20:44	Tamaulipas
38	Camargo	\N	centro	\N	f	t	2026-08-05 21:20:44	2026-08-05 21:20:44	Tamaulipas
39	Cruillas	\N	centro	\N	f	t	2026-08-05 21:20:44	2026-08-05 21:20:44	Tamaulipas
40	Guerrero	\N	centro	\N	f	t	2026-08-05 21:20:44	2026-08-05 21:20:44	Tamaulipas
41	Gustavo Díaz Ordaz	\N	centro	\N	f	t	2026-08-05 21:20:44	2026-08-05 21:20:44	Tamaulipas
42	Matamoros	\N	centro	\N	f	t	2026-08-05 21:20:44	2026-08-05 21:20:44	Tamaulipas
43	Miquihuana	\N	centro	\N	f	t	2026-08-05 21:20:44	2026-08-05 21:20:44	Tamaulipas
44	Nuevo Laredo	\N	centro	\N	f	t	2026-08-05 21:20:44	2026-08-05 21:20:44	Tamaulipas
45	Reynosa	\N	centro	\N	f	t	2026-08-05 21:20:44	2026-08-05 21:20:44	Tamaulipas
46	Río Bravo	\N	centro	\N	f	t	2026-08-05 21:20:44	2026-08-05 21:20:44	Tamaulipas
47	Tula	\N	centro	\N	f	t	2026-08-05 21:20:44	2026-08-05 21:20:44	Tamaulipas
48	Valle Hermoso	\N	centro	\N	f	t	2026-08-05 21:20:44	2026-08-05 21:20:44	Tamaulipas
\.


--
-- Data for Name: plantillas_expediente; Type: TABLE DATA; Schema: public; Owner: proatam
--

COPY public.plantillas_expediente (id, municipio_id, ano_ejercicio_id, nombre, descripcion, clonado_de_id, created_by, created_at, updated_at) FROM stdin;
2	16	3	ayuntamiento 2025	\N	\N	\N	2026-08-03 20:04:40	2026-08-03 20:04:40
\.


--
-- Data for Name: plantillas_importacion; Type: TABLE DATA; Schema: public; Owner: proatam
--

COPY public.plantillas_importacion (id, nombre, tipo, municipio_id, ano_ejercicio_id, mapeo_columnas, descripcion, created_by, created_at, updated_at) FROM stdin;
\.


--
-- Data for Name: requisitos_plantilla; Type: TABLE DATA; Schema: public; Owner: proatam
--

COPY public.requisitos_plantilla (id, plantilla_id, codigo, nombre, descripcion, es_obligatorio, orden, created_at, updated_at) FROM stdin;
24	2	oficio-1	Oficio 1	\N	t	1	2026-08-03 20:04:40	2026-08-03 20:04:47
25	2	oficio-2	Oficio 2	\N	t	2	2026-08-03 20:04:40	2026-08-03 20:04:47
26	2	oficio-2	Oficio 3	\N	t	3	2026-08-03 20:04:40	2026-08-03 20:04:47
\.


--
-- Data for Name: revisiones_fisicas; Type: TABLE DATA; Schema: public; Owner: proatam
--

COPY public.revisiones_fisicas (id, muestra_id, fecha_inspeccion, inspector_nombre, estado_obra, porcentaje_avance_fisico_real, porcentaje_avance_financiero, dictamen_inspector, fotografias_paths, auditor_id, created_at, updated_at, tipo_plantilla_sin_fotos, descripcion_sin_fotos, nombre_plantilla_personalizada) FROM stdin;
8	37	2026-08-03	jaja	en_proceso	9	3	\N	["revisiones_fisicas\\/3m5xwo4wSXyCy2E7LTkZHtam2X9gvVHyWmJTWNYO.jpg","revisiones_fisicas\\/MQSuWYjUboI8duzOrAxxrofe3jgdZHWkIBkw6NoW.png","revisiones_fisicas\\/n9IxlUO76XQBwl8RJIslGGmNfMh4SywPiUmsQrty.png","revisiones_fisicas\\/TojN4HsTAqdbezszYikgJwI0o1g7fsdTr9zAWMw1.png"]	\N	2026-08-03 20:38:23	2026-08-03 20:38:23	\N	\N	\N
10	35	2026-08-05	edgar	terminada	100	100	\N	["revisiones_fisicas\\/odZi4wEmUMwIJgJTmLfm68fLjLBWCWzwczKSFP8i.png","revisiones_fisicas\\/LY2BfyYrtaN5idAioeCqbXdYn3hOwEyHc1TTTMWc.png","revisiones_fisicas\\/VjTu4WObEmVTmxUJpRStFcs14WEJ22jf5QgaHQvP.png","revisiones_fisicas\\/Y6LYbglyI6iisecH5VXRMCie2W5OvLTP7qLwi2wH.jpg"]	\N	2026-08-05 15:03:36	2026-08-05 15:03:36	\N	\N	\N
11	36	2026-08-05	edgar	terminada	100	100	\N	["revisiones_fisicas\\/ptoi3hm7ArOhbk9wQZZ89bYDzyw7eL3KccroBVGO.png","revisiones_fisicas\\/4mAm5oN9XslPRlnpbZagCoyQnjae1edPphRLxB3h.jpg","revisiones_fisicas\\/W69ziTASYrMyy809Zgb2zd57Z1upR7JURKZ2wSvh.jpg","revisiones_fisicas\\/s8BroUjWvIG3NdfYAMBQ2ND1cMk3QKTFfWkYaLjD.jpg"]	\N	2026-08-05 20:59:30	2026-08-05 20:59:30	\N	\N	\N
\.


--
-- Data for Name: sessions; Type: TABLE DATA; Schema: public; Owner: proatam
--

COPY public.sessions (id, user_id, ip_address, user_agent, payload, last_activity) FROM stdin;
SqbQ2TbN4xzMjbMljQqrC1YbjrcDRKmYt9oZyKXp	\N	::1	Mozilla/5.0 (Windows NT 10.0; Win64; x64) AppleWebKit/537.36 (KHTML, like Gecko) Chrome/151.0.0.0 Safari/537.36	YTozOntzOjY6Il90b2tlbiI7czo0MDoiTm5acGVENVRBVlc4Sk5mYU5kTkdua0R3MVd6bmN3OFp4Mmk1ZlVnWiI7czo2OiJfZmxhc2giO2E6Mjp7czozOiJvbGQiO2E6MDp7fXM6MzoibmV3IjthOjA6e319czozOiJ1cmwiO2E6MTp7czo4OiJpbnRlbmRlZCI7czo1MToiaHR0cDovL2xvY2FsaG9zdDo4MDgwL0dFQ08tQXVkaXRvci9wdWJsaWMvZGFzaGJvYXJkIjt9fQ==	1786204011
\.



--
-- Name: activity_log activity_log_pkey; Type: CONSTRAINT; Schema: public; Owner: proatam
--

ALTER TABLE ONLY public.activity_log
    ADD CONSTRAINT activity_log_pkey PRIMARY KEY (id);


--
-- Name: anos_ejercicio anos_ejercicio_anio_unique; Type: CONSTRAINT; Schema: public; Owner: proatam
--

ALTER TABLE ONLY public.anos_ejercicio
    ADD CONSTRAINT anos_ejercicio_anio_unique UNIQUE (anio);


--
-- Name: anos_ejercicio anos_ejercicio_pkey; Type: CONSTRAINT; Schema: public; Owner: proatam
--

ALTER TABLE ONLY public.anos_ejercicio
    ADD CONSTRAINT anos_ejercicio_pkey PRIMARY KEY (id);


--
-- Name: catalogo_tipos_obra catalogo_tipos_obra_nombre_unique; Type: CONSTRAINT; Schema: public; Owner: proatam
--

ALTER TABLE ONLY public.catalogo_tipos_obra
    ADD CONSTRAINT catalogo_tipos_obra_nombre_unique UNIQUE (nombre);


--
-- Name: catalogo_tipos_obra catalogo_tipos_obra_pkey; Type: CONSTRAINT; Schema: public; Owner: proatam
--

ALTER TABLE ONLY public.catalogo_tipos_obra
    ADD CONSTRAINT catalogo_tipos_obra_pkey PRIMARY KEY (id);


--
-- Name: cedula_renglones cedula_renglones_pkey; Type: CONSTRAINT; Schema: public; Owner: proatam
--

ALTER TABLE ONLY public.cedula_renglones
    ADD CONSTRAINT cedula_renglones_pkey PRIMARY KEY (id);


--
-- Name: cedulas cedulas_folio_cedula_unique; Type: CONSTRAINT; Schema: public; Owner: proatam
--

ALTER TABLE ONLY public.cedulas
    ADD CONSTRAINT cedulas_folio_cedula_unique UNIQUE (folio_cedula);


--
-- Name: cedulas cedulas_pkey; Type: CONSTRAINT; Schema: public; Owner: proatam
--

ALTER TABLE ONLY public.cedulas
    ADD CONSTRAINT cedulas_pkey PRIMARY KEY (id);


--
-- Name: documento_expediente_archivos documento_expediente_archivos_pkey; Type: CONSTRAINT; Schema: public; Owner: proatam
--

ALTER TABLE ONLY public.documento_expediente_archivos
    ADD CONSTRAINT documento_expediente_archivos_pkey PRIMARY KEY (id);


--
-- Name: documentos_expediente documentos_expediente_pkey; Type: CONSTRAINT; Schema: public; Owner: proatam
--

ALTER TABLE ONLY public.documentos_expediente
    ADD CONSTRAINT documentos_expediente_pkey PRIMARY KEY (id);


--
-- Name: expedientes expedientes_pkey; Type: CONSTRAINT; Schema: public; Owner: proatam
--

ALTER TABLE ONLY public.expedientes
    ADD CONSTRAINT expedientes_pkey PRIMARY KEY (id);


--
-- Name: failed_jobs failed_jobs_pkey; Type: CONSTRAINT; Schema: public; Owner: proatam
--

ALTER TABLE ONLY public.failed_jobs
    ADD CONSTRAINT failed_jobs_pkey PRIMARY KEY (id);


--
-- Name: failed_jobs failed_jobs_uuid_unique; Type: CONSTRAINT; Schema: public; Owner: proatam
--

ALTER TABLE ONLY public.failed_jobs
    ADD CONSTRAINT failed_jobs_uuid_unique UNIQUE (uuid);


--
-- Name: importaciones importaciones_pkey; Type: CONSTRAINT; Schema: public; Owner: proatam
--

ALTER TABLE ONLY public.importaciones
    ADD CONSTRAINT importaciones_pkey PRIMARY KEY (id);


--
-- Name: job_batches job_batches_pkey; Type: CONSTRAINT; Schema: public; Owner: proatam
--

ALTER TABLE ONLY public.job_batches
    ADD CONSTRAINT job_batches_pkey PRIMARY KEY (id);


--
-- Name: jobs jobs_pkey; Type: CONSTRAINT; Schema: public; Owner: proatam
--

ALTER TABLE ONLY public.jobs
    ADD CONSTRAINT jobs_pkey PRIMARY KEY (id);


--
-- Name: migrations migrations_pkey; Type: CONSTRAINT; Schema: public; Owner: proatam
--

ALTER TABLE ONLY public.migrations
    ADD CONSTRAINT migrations_pkey PRIMARY KEY (id);


--
-- Name: muestra_archivos muestra_archivos_pkey; Type: CONSTRAINT; Schema: public; Owner: proatam
--

ALTER TABLE ONLY public.muestra_archivos
    ADD CONSTRAINT muestra_archivos_pkey PRIMARY KEY (id);


--
-- Name: muestras muestras_pkey; Type: CONSTRAINT; Schema: public; Owner: proatam
--

ALTER TABLE ONLY public.muestras
    ADD CONSTRAINT muestras_pkey PRIMARY KEY (id);


--
-- Name: municipios municipios_clave_unique; Type: CONSTRAINT; Schema: public; Owner: proatam
--

ALTER TABLE ONLY public.municipios
    ADD CONSTRAINT municipios_clave_unique UNIQUE (clave);


--
-- Name: municipios municipios_pkey; Type: CONSTRAINT; Schema: public; Owner: proatam
--

ALTER TABLE ONLY public.municipios
    ADD CONSTRAINT municipios_pkey PRIMARY KEY (id);


--
-- Name: plantillas_expediente plantillas_expediente_pkey; Type: CONSTRAINT; Schema: public; Owner: proatam
--

ALTER TABLE ONLY public.plantillas_expediente
    ADD CONSTRAINT plantillas_expediente_pkey PRIMARY KEY (id);


--
-- Name: plantillas_importacion plantillas_importacion_pkey; Type: CONSTRAINT; Schema: public; Owner: proatam
--

ALTER TABLE ONLY public.plantillas_importacion
    ADD CONSTRAINT plantillas_importacion_pkey PRIMARY KEY (id);


--
-- Name: requisitos_plantilla requisitos_plantilla_pkey; Type: CONSTRAINT; Schema: public; Owner: proatam
--

ALTER TABLE ONLY public.requisitos_plantilla
    ADD CONSTRAINT requisitos_plantilla_pkey PRIMARY KEY (id);


--
-- Name: revisiones_fisicas revisiones_fisicas_pkey; Type: CONSTRAINT; Schema: public; Owner: proatam
--

ALTER TABLE ONLY public.revisiones_fisicas
    ADD CONSTRAINT revisiones_fisicas_pkey PRIMARY KEY (id);


--
-- Name: sessions sessions_pkey; Type: CONSTRAINT; Schema: public; Owner: proatam
--

ALTER TABLE ONLY public.sessions
    ADD CONSTRAINT sessions_pkey PRIMARY KEY (id);


--
-- Name: activity_log_log_name_index; Type: INDEX; Schema: public; Owner: proatam
--

CREATE INDEX activity_log_log_name_index ON public.activity_log USING btree (log_name);


--
-- Name: causer; Type: INDEX; Schema: public; Owner: proatam
--

CREATE INDEX causer ON public.activity_log USING btree (causer_type, causer_id);


--
-- Name: jobs_queue_index; Type: INDEX; Schema: public; Owner: proatam
--

CREATE INDEX jobs_queue_index ON public.jobs USING btree (queue);


--
-- Name: sessions_last_activity_index; Type: INDEX; Schema: public; Owner: proatam
--

CREATE INDEX sessions_last_activity_index ON public.sessions USING btree (last_activity);


--
-- Name: sessions_user_id_index; Type: INDEX; Schema: public; Owner: proatam
--

CREATE INDEX sessions_user_id_index ON public.sessions USING btree (user_id);


--
-- Name: subject; Type: INDEX; Schema: public; Owner: proatam
--

CREATE INDEX subject ON public.activity_log USING btree (subject_type, subject_id);


--
-- Name: cedula_renglones cedula_renglones_cedula_id_foreign; Type: FK CONSTRAINT; Schema: public; Owner: proatam
--

ALTER TABLE ONLY public.cedula_renglones
    ADD CONSTRAINT cedula_renglones_cedula_id_foreign FOREIGN KEY (cedula_id) REFERENCES public.cedulas(id) ON DELETE CASCADE;


--
-- Name: cedula_renglones cedula_renglones_documento_expediente_id_foreign; Type: FK CONSTRAINT; Schema: public; Owner: proatam
--

ALTER TABLE ONLY public.cedula_renglones
    ADD CONSTRAINT cedula_renglones_documento_expediente_id_foreign FOREIGN KEY (documento_expediente_id) REFERENCES public.documentos_expediente(id) ON DELETE SET NULL;


--
-- Name: cedulas cedulas_auditor_id_foreign; Type: FK CONSTRAINT; Schema: public; Owner: proatam
--

ALTER TABLE ONLY public.cedulas
    ADD CONSTRAINT cedulas_auditor_id_foreign FOREIGN KEY (auditor_id) REFERENCES public.users(id) ON DELETE SET NULL;


--
-- Name: cedulas cedulas_muestra_id_foreign; Type: FK CONSTRAINT; Schema: public; Owner: proatam
--

ALTER TABLE ONLY public.cedulas
    ADD CONSTRAINT cedulas_muestra_id_foreign FOREIGN KEY (muestra_id) REFERENCES public.muestras(id) ON DELETE CASCADE;


--
-- Name: documento_expediente_archivos documento_expediente_archivos_documento_expediente_id_foreign; Type: FK CONSTRAINT; Schema: public; Owner: proatam
--

ALTER TABLE ONLY public.documento_expediente_archivos
    ADD CONSTRAINT documento_expediente_archivos_documento_expediente_id_foreign FOREIGN KEY (documento_expediente_id) REFERENCES public.documentos_expediente(id) ON DELETE CASCADE;


--
-- Name: documentos_expediente documentos_expediente_confirmado_por_user_id_foreign; Type: FK CONSTRAINT; Schema: public; Owner: proatam
--

ALTER TABLE ONLY public.documentos_expediente
    ADD CONSTRAINT documentos_expediente_confirmado_por_user_id_foreign FOREIGN KEY (confirmado_por_user_id) REFERENCES public.users(id) ON DELETE SET NULL;


--
-- Name: documentos_expediente documentos_expediente_expediente_id_foreign; Type: FK CONSTRAINT; Schema: public; Owner: proatam
--

ALTER TABLE ONLY public.documentos_expediente
    ADD CONSTRAINT documentos_expediente_expediente_id_foreign FOREIGN KEY (expediente_id) REFERENCES public.expedientes(id) ON DELETE CASCADE;


--
-- Name: documentos_expediente documentos_expediente_requisito_plantilla_id_foreign; Type: FK CONSTRAINT; Schema: public; Owner: proatam
--

ALTER TABLE ONLY public.documentos_expediente
    ADD CONSTRAINT documentos_expediente_requisito_plantilla_id_foreign FOREIGN KEY (requisito_plantilla_id) REFERENCES public.requisitos_plantilla(id) ON DELETE SET NULL;


--
-- Name: documentos_expediente documentos_expediente_validado_por_user_id_foreign; Type: FK CONSTRAINT; Schema: public; Owner: proatam
--

ALTER TABLE ONLY public.documentos_expediente
    ADD CONSTRAINT documentos_expediente_validado_por_user_id_foreign FOREIGN KEY (validado_por_user_id) REFERENCES public.users(id) ON DELETE SET NULL;


--
-- Name: expedientes expedientes_created_by_foreign; Type: FK CONSTRAINT; Schema: public; Owner: proatam
--

ALTER TABLE ONLY public.expedientes
    ADD CONSTRAINT expedientes_created_by_foreign FOREIGN KEY (created_by) REFERENCES public.users(id) ON DELETE SET NULL;


--
-- Name: expedientes expedientes_muestra_id_foreign; Type: FK CONSTRAINT; Schema: public; Owner: proatam
--

ALTER TABLE ONLY public.expedientes
    ADD CONSTRAINT expedientes_muestra_id_foreign FOREIGN KEY (muestra_id) REFERENCES public.muestras(id) ON DELETE CASCADE;


--
-- Name: expedientes expedientes_plantilla_id_foreign; Type: FK CONSTRAINT; Schema: public; Owner: proatam
--

ALTER TABLE ONLY public.expedientes
    ADD CONSTRAINT expedientes_plantilla_id_foreign FOREIGN KEY (plantilla_id) REFERENCES public.plantillas_expediente(id) ON DELETE SET NULL;


--
-- Name: importaciones importaciones_ano_ejercicio_id_foreign; Type: FK CONSTRAINT; Schema: public; Owner: proatam
--

ALTER TABLE ONLY public.importaciones
    ADD CONSTRAINT importaciones_ano_ejercicio_id_foreign FOREIGN KEY (ano_ejercicio_id) REFERENCES public.anos_ejercicio(id) ON DELETE SET NULL;


--
-- Name: importaciones importaciones_importado_por_id_foreign; Type: FK CONSTRAINT; Schema: public; Owner: proatam
--

ALTER TABLE ONLY public.importaciones
    ADD CONSTRAINT importaciones_importado_por_id_foreign FOREIGN KEY (importado_por_id) REFERENCES public.users(id) ON DELETE SET NULL;


--
-- Name: importaciones importaciones_municipio_id_foreign; Type: FK CONSTRAINT; Schema: public; Owner: proatam
--

ALTER TABLE ONLY public.importaciones
    ADD CONSTRAINT importaciones_municipio_id_foreign FOREIGN KEY (municipio_id) REFERENCES public.municipios(id) ON DELETE SET NULL;


--
-- Name: importaciones importaciones_plantilla_importacion_id_foreign; Type: FK CONSTRAINT; Schema: public; Owner: proatam
--

ALTER TABLE ONLY public.importaciones
    ADD CONSTRAINT importaciones_plantilla_importacion_id_foreign FOREIGN KEY (plantilla_importacion_id) REFERENCES public.plantillas_importacion(id) ON DELETE SET NULL;


--
-- Name: muestra_archivos muestra_archivos_muestra_id_foreign; Type: FK CONSTRAINT; Schema: public; Owner: proatam
--

ALTER TABLE ONLY public.muestra_archivos
    ADD CONSTRAINT muestra_archivos_muestra_id_foreign FOREIGN KEY (muestra_id) REFERENCES public.muestras(id) ON DELETE CASCADE;


--
-- Name: muestra_archivos muestra_archivos_subido_por_foreign; Type: FK CONSTRAINT; Schema: public; Owner: proatam
--

ALTER TABLE ONLY public.muestra_archivos
    ADD CONSTRAINT muestra_archivos_subido_por_foreign FOREIGN KEY (subido_por) REFERENCES public.users(id) ON DELETE SET NULL;


--
-- Name: muestras muestras_ano_ejercicio_id_foreign; Type: FK CONSTRAINT; Schema: public; Owner: proatam
--

ALTER TABLE ONLY public.muestras
    ADD CONSTRAINT muestras_ano_ejercicio_id_foreign FOREIGN KEY (ano_ejercicio_id) REFERENCES public.anos_ejercicio(id) ON DELETE RESTRICT;


--
-- Name: muestras muestras_created_by_foreign; Type: FK CONSTRAINT; Schema: public; Owner: proatam
--

ALTER TABLE ONLY public.muestras
    ADD CONSTRAINT muestras_created_by_foreign FOREIGN KEY (created_by) REFERENCES public.users(id) ON DELETE SET NULL;


--
-- Name: muestras muestras_municipio_id_foreign; Type: FK CONSTRAINT; Schema: public; Owner: proatam
--

ALTER TABLE ONLY public.muestras
    ADD CONSTRAINT muestras_municipio_id_foreign FOREIGN KEY (municipio_id) REFERENCES public.municipios(id) ON DELETE RESTRICT;


--
-- Name: muestras muestras_responsable_id_foreign; Type: FK CONSTRAINT; Schema: public; Owner: proatam
--

ALTER TABLE ONLY public.muestras
    ADD CONSTRAINT muestras_responsable_id_foreign FOREIGN KEY (responsable_id) REFERENCES public.users(id) ON DELETE SET NULL;


--
-- Name: muestras muestras_ultima_modificacion_user_id_foreign; Type: FK CONSTRAINT; Schema: public; Owner: proatam
--

ALTER TABLE ONLY public.muestras
    ADD CONSTRAINT muestras_ultima_modificacion_user_id_foreign FOREIGN KEY (ultima_modificacion_user_id) REFERENCES public.users(id) ON DELETE SET NULL;


--
-- Name: plantillas_expediente plantillas_expediente_ano_ejercicio_id_foreign; Type: FK CONSTRAINT; Schema: public; Owner: proatam
--

ALTER TABLE ONLY public.plantillas_expediente
    ADD CONSTRAINT plantillas_expediente_ano_ejercicio_id_foreign FOREIGN KEY (ano_ejercicio_id) REFERENCES public.anos_ejercicio(id) ON DELETE SET NULL;


--
-- Name: plantillas_expediente plantillas_expediente_clonado_de_id_foreign; Type: FK CONSTRAINT; Schema: public; Owner: proatam
--

ALTER TABLE ONLY public.plantillas_expediente
    ADD CONSTRAINT plantillas_expediente_clonado_de_id_foreign FOREIGN KEY (clonado_de_id) REFERENCES public.plantillas_expediente(id) ON DELETE SET NULL;


--
-- Name: plantillas_expediente plantillas_expediente_created_by_foreign; Type: FK CONSTRAINT; Schema: public; Owner: proatam
--

ALTER TABLE ONLY public.plantillas_expediente
    ADD CONSTRAINT plantillas_expediente_created_by_foreign FOREIGN KEY (created_by) REFERENCES public.users(id) ON DELETE SET NULL;


--
-- Name: plantillas_expediente plantillas_expediente_municipio_id_foreign; Type: FK CONSTRAINT; Schema: public; Owner: proatam
--

ALTER TABLE ONLY public.plantillas_expediente
    ADD CONSTRAINT plantillas_expediente_municipio_id_foreign FOREIGN KEY (municipio_id) REFERENCES public.municipios(id) ON DELETE SET NULL;


--
-- Name: plantillas_importacion plantillas_importacion_ano_ejercicio_id_foreign; Type: FK CONSTRAINT; Schema: public; Owner: proatam
--

ALTER TABLE ONLY public.plantillas_importacion
    ADD CONSTRAINT plantillas_importacion_ano_ejercicio_id_foreign FOREIGN KEY (ano_ejercicio_id) REFERENCES public.anos_ejercicio(id) ON DELETE SET NULL;


--
-- Name: plantillas_importacion plantillas_importacion_created_by_foreign; Type: FK CONSTRAINT; Schema: public; Owner: proatam
--

ALTER TABLE ONLY public.plantillas_importacion
    ADD CONSTRAINT plantillas_importacion_created_by_foreign FOREIGN KEY (created_by) REFERENCES public.users(id) ON DELETE SET NULL;


--
-- Name: plantillas_importacion plantillas_importacion_municipio_id_foreign; Type: FK CONSTRAINT; Schema: public; Owner: proatam
--

ALTER TABLE ONLY public.plantillas_importacion
    ADD CONSTRAINT plantillas_importacion_municipio_id_foreign FOREIGN KEY (municipio_id) REFERENCES public.municipios(id) ON DELETE SET NULL;


--
-- Name: requisitos_plantilla requisitos_plantilla_plantilla_id_foreign; Type: FK CONSTRAINT; Schema: public; Owner: proatam
--

ALTER TABLE ONLY public.requisitos_plantilla
    ADD CONSTRAINT requisitos_plantilla_plantilla_id_foreign FOREIGN KEY (plantilla_id) REFERENCES public.plantillas_expediente(id) ON DELETE CASCADE;


--
-- Name: revisiones_fisicas revisiones_fisicas_auditor_id_foreign; Type: FK CONSTRAINT; Schema: public; Owner: proatam
--

ALTER TABLE ONLY public.revisiones_fisicas
    ADD CONSTRAINT revisiones_fisicas_auditor_id_foreign FOREIGN KEY (auditor_id) REFERENCES public.users(id) ON DELETE SET NULL;


--
-- Name: revisiones_fisicas revisiones_fisicas_muestra_id_foreign; Type: FK CONSTRAINT; Schema: public; Owner: proatam
--

ALTER TABLE ONLY public.revisiones_fisicas
    ADD CONSTRAINT revisiones_fisicas_muestra_id_foreign FOREIGN KEY (muestra_id) REFERENCES public.muestras(id) ON DELETE CASCADE;